216.126.227.113 - - [30/Oct/2025:03:18:18 +0700] "GET /wp-content/upgrade/index.php HTTP/1.1" 302 208 "-" "Mozlila/5.0 (Linux; Android 7.0; SM-G892A Bulid/NRD90M; wv) AppleWebKit/537.36 (KHTML, like Gecko) Version/4.0 Chrome/60.0.3112.107 Moblie Safari/537.36"
216.126.227.113 - - [30/Oct/2025:03:18:19 +0700] "GET / HTTP/1.1" 200 35364 "-" "Mozlila/5.0 (Linux; Android 7.0; SM-G892A Bulid/NRD90M; wv) AppleWebKit/537.36 (KHTML, like Gecko) Version/4.0 Chrome/60.0.3112.107 Moblie Safari/537.36"
216.126.227.113 - - [30/Oct/2025:03:18:57 +0700] "GET /wp-content/IXR/index.php HTTP/1.1" 302 208 "-" "Mozlila/5.0 (Linux; Android 7.0; SM-G892A Bulid/NRD90M; wv) AppleWebKit/537.36 (KHTML, like Gecko) Version/4.0 Chrome/60.0.3112.107 Moblie Safari/537.36"
216.126.227.113 - - [30/Oct/2025:03:18:57 +0700] "GET / HTTP/1.1" 200 35364 "-" "Mozlila/5.0 (Linux; Android 7.0; SM-G892A Bulid/NRD90M; wv) AppleWebKit/537.36 (KHTML, like Gecko) Version/4.0 Chrome/60.0.3112.107 Moblie Safari/537.36"
216.126.227.113 - - [30/Oct/2025:03:19:01 +0700] "GET /wp-content/plugins/about.php HTTP/1.1" 302 208 "-" "Mozlila/5.0 (Linux; Android 7.0; SM-G892A Bulid/NRD90M; wv) AppleWebKit/537.36 (KHTML, like Gecko) Version/4.0 Chrome/60.0.3112.107 Moblie Safari/537.36"
216.126.227.113 - - [30/Oct/2025:03:19:01 +0700] "GET / HTTP/1.1" 200 35364 "-" "Mozlila/5.0 (Linux; Android 7.0; SM-G892A Bulid/NRD90M; wv) AppleWebKit/537.36 (KHTML, like Gecko) Version/4.0 Chrome/60.0.3112.107 Moblie Safari/537.36"
216.126.227.113 - - [30/Oct/2025:03:19:05 +0700] "GET /wp-content/plugins/about.php HTTP/1.1" 302 208 "-" "Mozlila/5.0 (Linux; Android 7.0; SM-G892A Bulid/NRD90M; wv) AppleWebKit/537.36 (KHTML, like Gecko) Version/4.0 Chrome/60.0.3112.107 Moblie Safari/537.36"
216.126.227.113 - - [30/Oct/2025:03:19:05 +0700] "GET / HTTP/1.1" 200 35364 "-" "Mozlila/5.0 (Linux; Android 7.0; SM-G892A Bulid/NRD90M; wv) AppleWebKit/537.36 (KHTML, like Gecko) Version/4.0 Chrome/60.0.3112.107 Moblie Safari/537.36"
114.119.134.12 - - [30/Oct/2025:03:19:08 +0700] "GET /voax/urun-kategori/fashion-boot?orderby=date&filter_renk=kirmizi,yesil HTTP/1.1" 302 208 "https://kryexthemes.com/voax/urun-kategori/fashion-boot/?orderby=date&=m%2Cxl&filter_renk=kirmizi%2Cturuncu%2Cyesil" "Mozilla/5.0 (Linux; Android 7.0;) AppleWebKit/537.36 (KHTML, like Gecko) Mobile Safari/537.36 (compatible; PetalBot;+https://webmaster.petalsearch.com/site/petalbot)"
114.119.134.12 - - [30/Oct/2025:03:19:09 +0700] "GET / HTTP/1.1" 200 35366 "https://kryexthemes.com/voax/urun-kategori/fashion-boot/?orderby=date&=m%2Cxl&filter_renk=kirmizi%2Cturuncu%2Cyesil" "Mozilla/5.0 (Linux; Android 7.0;) AppleWebKit/537.36 (KHTML, like Gecko) Mobile Safari/537.36 (compatible; PetalBot;+https://webmaster.petalsearch.com/site/petalbot)"
173.252.82.23 - - [30/Oct/2025:03:19:10 +0700] "GET /robots.txt HTTP/1.1" 206 71 "-" "facebookexternalhit/1.1 (+http://www.facebook.com/externalhit_uatext.php)"
216.126.227.113 - - [30/Oct/2025:03:19:11 +0700] "GET /geju.php HTTP/1.1" 404 47 "-" "Mozlila/5.0 (Linux; Android 7.0; SM-G892A Bulid/NRD90M; wv) AppleWebKit/537.36 (KHTML, like Gecko) Version/4.0 Chrome/60.0.3112.107 Moblie Safari/537.36"
216.126.227.113 - - [30/Oct/2025:03:19:15 +0700] "GET /geju.php HTTP/1.1" 404 47 "-" "Mozlila/5.0 (Linux; Android 7.0; SM-G892A Bulid/NRD90M; wv) AppleWebKit/537.36 (KHTML, like Gecko) Version/4.0 Chrome/60.0.3112.107 Moblie Safari/537.36"
216.126.227.113 - - [30/Oct/2025:03:19:31 +0700] "GET /wp.php HTTP/1.1" 404 47 "-" "Mozlila/5.0 (Linux; Android 7.0; SM-G892A Bulid/NRD90M; wv) AppleWebKit/537.36 (KHTML, like Gecko) Version/4.0 Chrome/60.0.3112.107 Moblie Safari/537.36"
216.126.227.113 - - [30/Oct/2025:03:19:41 +0700] "GET /wp.php HTTP/1.1" 404 47 "-" "Mozlila/5.0 (Linux; Android 7.0; SM-G892A Bulid/NRD90M; wv) AppleWebKit/537.36 (KHTML, like Gecko) Version/4.0 Chrome/60.0.3112.107 Moblie Safari/537.36"
95.54.86.246 - - [30/Oct/2025:03:19:45 +0700] "GET /blog/ HTTP/1.0" 200 126148 "https://kryexthemes.com/blog/" "Mozilla/5.0 (Windows NT 10.0; Win64; x64) AppleWebKit/537.36 (KHTML, like Gecko) Chrome/103.0.5060.134 Safari/537.36"
95.54.86.246 - - [30/Oct/2025:03:19:54 +0700] "GET /hhttps:/kryexthemes.com/blog/ HTTP/1.0" 302 208 "https://kryexthemes.com/hhttps:/kryexthemes.com/blog/" "Mozilla/5.0 (Windows NT 10.0; Win64; x64) AppleWebKit/537.36 (KHTML, like Gecko) Chrome/103.0.5060.134 Safari/537.36"
95.54.86.246 - - [30/Oct/2025:03:19:57 +0700] "GET / HTTP/1.0" 200 223272 "https://kryexthemes.com/" "Mozilla/5.0 (Windows NT 10.0; Win64; x64) AppleWebKit/537.36 (KHTML, like Gecko) Chrome/103.0.5060.134 Safari/537.36"
81.95.107.125 - - [30/Oct/2025:03:20:05 +0700] "GET /wp-login.php HTTP/1.1" 404 31 "https://www.google.com" "Mozilla/5.0 (X11; Linux x86_64) AppleWebKit/537.36 (KHTML, like Gecko) Chrome/140.0.0.0 Safari/537.36"
47.128.125.152 - - [30/Oct/2025:03:20:08 +0700] "GET / HTTP/1.1" 200 31184 "-" "Mozilla/5.0 (Linux; Android 5.0) AppleWebKit/537.36 (KHTML, like Gecko) Mobile Safari/537.36 (compatible; Bytespider; spider-feedback@bytedance.com)"
114.119.133.208 - - [30/Oct/2025:03:20:30 +0700] "GET /voax/urun-kategori/fashion-boot?filter_renk=mor&=l,s,xl HTTP/1.1" 302 208 "https://kryexthemes.com/voax/urun-kategori/fashion-boot/?filter_renk=mor&=l%2Cs%2Cxl" "Mozilla/5.0 (Linux; Android 7.0;) AppleWebKit/537.36 (KHTML, like Gecko) Mobile Safari/537.36 (compatible; PetalBot;+https://webmaster.petalsearch.com/site/petalbot)"
114.119.133.208 - - [30/Oct/2025:03:20:31 +0700] "GET / HTTP/1.1" 200 35366 "https://kryexthemes.com/voax/urun-kategori/fashion-boot/?filter_renk=mor&=l%2Cs%2Cxl" "Mozilla/5.0 (Linux; Android 7.0;) AppleWebKit/537.36 (KHTML, like Gecko) Mobile Safari/537.36 (compatible; PetalBot;+https://webmaster.petalsearch.com/site/petalbot)"
185.102.115.31 - - [30/Oct/2025:03:21:07 +0700] "GET /wp-admin/style.php HTTP/1.1" 302 208 "-" "Mozilla/4.0 (compatible; MSIE 6.0; Windows NT 5.1; SV1)"
185.102.115.31 - - [30/Oct/2025:03:21:08 +0700] "GET / HTTP/1.1" 200 31185 "-" "Mozilla/4.0 (compatible; MSIE 6.0; Windows NT 5.1; SV1)"
114.119.156.33 - - [30/Oct/2025:03:21:52 +0700] "GET /voax/urun-kategori/fashion-boot?filter_renk=mor&=l,m,s HTTP/1.1" 302 208 "https://kryexthemes.com/voax/urun-kategori/fashion-boot/?filter_beden=m%2Cs&filter_renk=mor" "Mozilla/5.0 (Linux; Android 7.0;) AppleWebKit/537.36 (KHTML, like Gecko) Mobile Safari/537.36 (compatible; PetalBot;+https://webmaster.petalsearch.com/site/petalbot)"
114.119.156.33 - - [30/Oct/2025:03:21:53 +0700] "GET / HTTP/1.1" 200 35366 "https://kryexthemes.com/voax/urun-kategori/fashion-boot/?filter_beden=m%2Cs&filter_renk=mor" "Mozilla/5.0 (Linux; Android 7.0;) AppleWebKit/537.36 (KHTML, like Gecko) Mobile Safari/537.36 (compatible; PetalBot;+https://webmaster.petalsearch.com/site/petalbot)"
173.244.42.173 - - [30/Oct/2025:03:23:03 +0700] "GET / HTTP/1.1" 200 35366 "-" "Mozilla/5.0 (Windows; U; Windows NT 6.1; en-US; rv:1.9.1.5) Gecko/20091102 Firefox/3.5.5 (.NET CLR 3.5.30729)"
173.244.42.173 - - [30/Oct/2025:03:23:08 +0700] "GET / HTTP/1.1" 200 35366 "-" "Mozilla/5.0 (Windows; U; Windows NT 6.1; en-US; rv:1.9.1.5) Gecko/20091102 Firefox/3.5.5 (.NET CLR 3.5.30729)"
182.9.36.100 - - [30/Oct/2025:03:23:16 +0700] "GET / HTTP/1.1" 200 31184 "https://www.google.com/" "Mozilla/5.0 (Linux; Android 10; K) AppleWebKit/537.36 (KHTML, like Gecko) Chrome/141.0.0.0 Mobile Safari/537.36"
182.9.36.100 - - [30/Oct/2025:03:23:16 +0700] "GET / HTTP/1.1" 200 31184 "https://www.google.com/" "Mozilla/5.0 (Linux; Android 10; K) AppleWebKit/537.36 (KHTML, like Gecko) Chrome/141.0.0.0 Mobile Safari/537.36"
114.119.133.208 - - [30/Oct/2025:03:23:16 +0700] "GET /voax/urun-kategori/fashion-boot?filter_renk=mor,turuncu&=l,m,s,xl HTTP/1.1" 302 208 "https://kryexthemes.com/voax/urun-kategori/fashion-boot/?filter_renk=mor%2Cturuncu&=l%2Cm%2Cs%2Cxl" "Mozilla/5.0 (Linux; Android 7.0;) AppleWebKit/537.36 (KHTML, like Gecko) Mobile Safari/537.36 (compatible; PetalBot;+https://webmaster.petalsearch.com/site/petalbot)"
182.9.36.100 - - [30/Oct/2025:03:23:17 +0700] "GET /bandar-mikitoto.webp HTTP/1.1" 200 79338 "https://kryexthemes.com/" "Mozilla/5.0 (Linux; Android 10; K) AppleWebKit/537.36 (KHTML, like Gecko) Chrome/141.0.0.0 Mobile Safari/537.36"
114.119.133.208 - - [30/Oct/2025:03:23:17 +0700] "GET / HTTP/1.1" 200 35366 "https://kryexthemes.com/voax/urun-kategori/fashion-boot/?filter_renk=mor%2Cturuncu&=l%2Cm%2Cs%2Cxl" "Mozilla/5.0 (Linux; Android 7.0;) AppleWebKit/537.36 (KHTML, like Gecko) Mobile Safari/537.36 (compatible; PetalBot;+https://webmaster.petalsearch.com/site/petalbot)"
182.9.36.100 - - [30/Oct/2025:03:23:18 +0700] "POST /cdn-cgi/rum? HTTP/1.1" 302 208 "https://kryexthemes.com/" "Mozilla/5.0 (Linux; Android 10; K) AppleWebKit/537.36 (KHTML, like Gecko) Chrome/141.0.0.0 Mobile Safari/537.36"
182.9.36.100 - - [30/Oct/2025:03:23:18 +0700] "POST /cdn-cgi/rum? HTTP/1.1" 302 208 "https://kryexthemes.com/" "Mozilla/5.0 (Linux; Android 10; K) AppleWebKit/537.36 (KHTML, like Gecko) Chrome/141.0.0.0 Mobile Safari/537.36"
182.9.36.100 - - [30/Oct/2025:03:23:18 +0700] "GET / HTTP/1.1" 200 31184 "https://kryexthemes.com/" "Mozilla/5.0 (Linux; Android 10; K) AppleWebKit/537.36 (KHTML, like Gecko) Chrome/141.0.0.0 Mobile Safari/537.36"
182.9.36.100 - - [30/Oct/2025:03:23:18 +0700] "GET / HTTP/1.1" 200 31184 "https://kryexthemes.com/" "Mozilla/5.0 (Linux; Android 10; K) AppleWebKit/537.36 (KHTML, like Gecko) Chrome/141.0.0.0 Mobile Safari/537.36"
47.128.115.103 - - [30/Oct/2025:03:24:12 +0700] "GET /search/label/TNI%20AD HTTP/1.1" 302 208 "-" "Mozilla/5.0 (Linux; Android 5.0) AppleWebKit/537.36 (KHTML, like Gecko) Mobile Safari/537.36 (compatible; Bytespider; spider-feedback@bytedance.com)"
47.128.115.103 - - [30/Oct/2025:03:24:12 +0700] "GET / HTTP/1.1" 200 31184 "-" "Mozilla/5.0 (Linux; Android 5.0) AppleWebKit/537.36 (KHTML, like Gecko) Mobile Safari/537.36 (compatible; Bytespider; spider-feedback@bytedance.com)"
89.184.3.98 - - [30/Oct/2025:03:24:16 +0700] "GET /wp-content/uploads/aHR0cHM6Ly9jZG4tMi50c3RhdGljLm5ldC9qYXRlbmcvZm90by9iYW5rL2ltYWdlcy9hbnktb3RoZXItZGF5LW5vcmFoLWpvbmVzLmpwZw.jpg HTTP/1.1" 302 208 "-" "Mozilla/5.0 (Macintosh; Intel Mac OS X 14_3_1) AppleWebKit/605.1.15 (KHTML, like Gecko) Version/17.2 Safari/605.1.15"
89.184.3.98 - - [30/Oct/2025:03:24:17 +0700] "GET / HTTP/1.1" 200 223333 "-" "Mozilla/5.0 (Macintosh; Intel Mac OS X 14_3_1) AppleWebKit/605.1.15 (KHTML, like Gecko) Version/17.2 Safari/605.1.15"
114.119.131.68 - - [30/Oct/2025:03:24:40 +0700] "GET /voax/urun-kategori/fashion-boot?filter_renk=mavi,turuncu&=m HTTP/1.1" 302 208 "https://kryexthemes.com/voax/urun-kategori/fashion-boot/?filter_renk=mavi%2Cturuncu&=l" "Mozilla/5.0 (Linux; Android 7.0;) AppleWebKit/537.36 (KHTML, like Gecko) Mobile Safari/537.36 (compatible; PetalBot;+https://webmaster.petalsearch.com/site/petalbot)"
114.119.131.68 - - [30/Oct/2025:03:24:40 +0700] "GET / HTTP/1.1" 200 35366 "https://kryexthemes.com/voax/urun-kategori/fashion-boot/?filter_renk=mavi%2Cturuncu&=l" "Mozilla/5.0 (Linux; Android 7.0;) AppleWebKit/537.36 (KHTML, like Gecko) Mobile Safari/537.36 (compatible; PetalBot;+https://webmaster.petalsearch.com/site/petalbot)"
47.128.22.169 - - [30/Oct/2025:03:24:50 +0700] "GET /wp-content/uploads/aHR0cHM6Ly90LTIudHN0YXRpYy5uZXQvamF0ZW5nL2ZvdG8vYmFuay9pbWFnZXMvTWVuZ2F0YXNpLVJhbWJ1dC1Sb250b2stZGktUnVtYWgtVGVybnlhdGEtU2VtdWRhaC1JbmkuanBn.jpg HTTP/1.1" 302 208 "https://pemulachordgitar.blogspot.com/" "Mozilla/5.0 (compatible; Bytespider; spider-feedback@bytedance.com) AppleWebKit/537.36 (KHTML, like Gecko) Chrome/70.0.0.0 Safari/537.36"
47.128.22.169 - - [30/Oct/2025:03:24:50 +0700] "GET / HTTP/1.1" 200 31184 "https://pemulachordgitar.blogspot.com/" "Mozilla/5.0 (compatible; Bytespider; spider-feedback@bytedance.com) AppleWebKit/537.36 (KHTML, like Gecko) Chrome/70.0.0.0 Safari/537.36"
81.95.107.125 - - [30/Oct/2025:03:25:04 +0700] "GET /wp/wp-login.php HTTP/1.1" 302 208 "https://www.google.com" "Mozilla/5.0 (X11; Linux x86_64) AppleWebKit/537.36 (KHTML, like Gecko) Chrome/140.0.0.0 Safari/537.36"
81.95.107.125 - - [30/Oct/2025:03:25:04 +0700] "GET / HTTP/1.1" 200 31185 "https://www.google.com" "Mozilla/5.0 (X11; Linux x86_64) AppleWebKit/537.36 (KHTML, like Gecko) Chrome/140.0.0.0 Safari/537.36"
57.141.6.17 - - [30/Oct/2025:03:25:24 +0700] "GET /?p=2915 HTTP/1.1" 200 223325 "-" "meta-externalagent/1.1 (+https://developers.facebook.com/docs/sharing/webmasters/crawler)"
114.119.130.116 - - [30/Oct/2025:03:26:07 +0700] "GET /voax/urun-kategori/fashion-boot?filter_renk=mavi,turuncu&=l,m,s,xl HTTP/1.1" 302 208 "https://kryexthemes.com/voax/urun-kategori/fashion-boot/?filter_beden=l%2Cm%2Cs&filter_renk=mavi%2Cturuncu" "Mozilla/5.0 (Linux; Android 7.0;) AppleWebKit/537.36 (KHTML, like Gecko) Mobile Safari/537.36 (compatible; PetalBot;+https://webmaster.petalsearch.com/site/petalbot)"
114.119.130.116 - - [30/Oct/2025:03:26:08 +0700] "GET / HTTP/1.1" 200 35366 "https://kryexthemes.com/voax/urun-kategori/fashion-boot/?filter_beden=l%2Cm%2Cs&filter_renk=mavi%2Cturuncu" "Mozilla/5.0 (Linux; Android 7.0;) AppleWebKit/537.36 (KHTML, like Gecko) Mobile Safari/537.36 (compatible; PetalBot;+https://webmaster.petalsearch.com/site/petalbot)"
66.249.93.38 - - [30/Oct/2025:03:27:05 +0700] "HEAD /rss/alliekatzgraphics.xml HTTP/1.1" 302 0 "-" "FeedBurner/1.0 (http://www.FeedBurner.com)"
66.249.93.37 - - [30/Oct/2025:03:27:05 +0700] "HEAD / HTTP/1.1" 200 0 "-" "FeedBurner/1.0 (http://www.FeedBurner.com)"
66.249.93.38 - - [30/Oct/2025:03:27:06 +0700] "GET /rss/alliekatzgraphics.xml HTTP/1.1" 302 208 "-" "FeedBurner/1.0 (http://www.FeedBurner.com)"
66.249.93.37 - - [30/Oct/2025:03:27:06 +0700] "GET / HTTP/1.1" 200 31184 "-" "FeedBurner/1.0 (http://www.FeedBurner.com)"
216.244.66.201 - - [30/Oct/2025:03:27:17 +0700] "GET /robots.txt HTTP/1.1" 200 71 "-" "Mozilla/5.0 (compatible; DotBot/1.2; +https://opensiteexplorer.org/dotbot; help@moz.com)"
114.119.134.12 - - [30/Oct/2025:03:27:27 +0700] "GET /z2ugame/followers HTTP/1.1" 302 208 "-" "Mozilla/5.0 (Linux; Android 7.0;) AppleWebKit/537.36 (KHTML, like Gecko) Mobile Safari/537.36 (compatible; PetalBot;+https://webmaster.petalsearch.com/site/petalbot)"
114.119.134.12 - - [30/Oct/2025:03:27:28 +0700] "GET / HTTP/1.1" 200 35366 "-" "Mozilla/5.0 (Linux; Android 7.0;) AppleWebKit/537.36 (KHTML, like Gecko) Mobile Safari/537.36 (compatible; PetalBot;+https://webmaster.petalsearch.com/site/petalbot)"
47.128.28.211 - - [30/Oct/2025:03:28:12 +0700] "GET /?m=1 HTTP/1.1" 200 31184 "-" "Mozilla/5.0 (Linux; Android 5.0) AppleWebKit/537.36 (KHTML, like Gecko) Mobile Safari/537.36 (compatible; Bytespider; spider-feedback@bytedance.com)"
180.101.81.155 - - [30/Oct/2025:03:28:16 +0700] "HEAD /bak.7z HTTP/1.1" 302 0 "-" "python-requests/2.27.1"
114.119.132.108 - - [30/Oct/2025:03:28:52 +0700] "GET /youtube-rewind-now-watch-me-2015-youtuberewind-xl-xf0gKK9bwTlAvgomn4t-vi.html HTTP/1.1" 302 208 "-" "Mozilla/5.0 (Linux; Android 7.0;) AppleWebKit/537.36 (KHTML, like Gecko) Mobile Safari/537.36 (compatible; PetalBot;+https://webmaster.petalsearch.com/site/petalbot)"
114.119.132.108 - - [30/Oct/2025:03:28:52 +0700] "GET / HTTP/1.1" 200 35366 "-" "Mozilla/5.0 (Linux; Android 7.0;) AppleWebKit/537.36 (KHTML, like Gecko) Mobile Safari/537.36 (compatible; PetalBot;+https://webmaster.petalsearch.com/site/petalbot)"
87.250.224.129 - - [30/Oct/2025:03:30:03 +0700] "GET /robots.txt HTTP/1.1" 200 71 "-" "Mozilla/5.0 (compatible; YandexBot/3.0; +http://yandex.com/bots)"
213.180.203.177 - - [30/Oct/2025:03:30:05 +0700] "GET /robots.txt HTTP/1.1" 200 71 "-" "Mozilla/5.0 (compatible; YandexBot/3.0; +http://yandex.com/bots)"
5.255.231.74 - - [30/Oct/2025:03:30:05 +0700] "GET /2020/10/06/mengkhawatirkan-intensitas-anak-menatap-layar-gadget-makin-sering-seiring-pembelajaran-daring.html HTTP/1.1" 302 208 "-" "Mozilla/5.0 (compatible; YandexBot/3.0; +http://yandex.com/bots)"
213.180.203.73 - - [30/Oct/2025:03:30:06 +0700] "GET / HTTP/1.1" 200 35364 "-" "Mozilla/5.0 (compatible; YandexBot/3.0; +http://yandex.com/bots)"
216.244.66.201 - - [30/Oct/2025:03:30:08 +0700] "GET /robots.txt HTTP/1.1" 200 71 "-" "Mozilla/5.0 (compatible; DotBot/1.2; +https://opensiteexplorer.org/dotbot; help@moz.com)"
114.119.133.208 - - [30/Oct/2025:03:30:14 +0700] "GET /youtube-rewind-2018-but-its-actually-good-xl-xf0gBy_Cn5ixYLgmn4t-vi.html HTTP/1.1" 302 208 "-" "Mozilla/5.0 (Linux; Android 7.0;) AppleWebKit/537.36 (KHTML, like Gecko) Mobile Safari/537.36 (compatible; PetalBot;+https://webmaster.petalsearch.com/site/petalbot)"
114.119.133.208 - - [30/Oct/2025:03:30:15 +0700] "GET / HTTP/1.1" 200 35366 "-" "Mozilla/5.0 (Linux; Android 7.0;) AppleWebKit/537.36 (KHTML, like Gecko) Mobile Safari/537.36 (compatible; PetalBot;+https://webmaster.petalsearch.com/site/petalbot)"
34.1.28.24 - - [30/Oct/2025:03:30:27 +0700] "GET / HTTP/1.1" 200 31184 "-" "Mozilla/5.0 (Windows NT 10.0; Win64; x64) AppleWebKit/537.36 (KHTML, like Gecko; compatible; BW/1.3; rb.gy/qyzae5) Chrome/124.0.0.0 Safari/537.36"
66.249.79.206 - - [30/Oct/2025:03:30:28 +0700] "GET /robots.txt HTTP/1.1" 200 71 "-" "Mozilla/5.0 (compatible; Googlebot/2.1; +http://www.google.com/bot.html)"
66.249.79.206 - - [30/Oct/2025:03:30:29 +0700] "GET /amp/ HTTP/1.1" 200 10252 "-" "Mozilla/5.0 (Linux; Android 6.0.1; Nexus 5X Build/MMB29P) AppleWebKit/537.36 (KHTML, like Gecko) Chrome/141.0.7390.122 Mobile Safari/537.36 (compatible; Googlebot/2.1; +http://www.google.com/bot.html)"
104.210.140.142 - - [30/Oct/2025:03:31:22 +0700] "GET /robots.txt HTTP/1.1" 200 71 "-" "Mozilla/5.0 (Macintosh; Intel Mac OS X 10_15_7) AppleWebKit/537.36 (KHTML, like Gecko) Chrome/131.0.0.0 Safari/537.36; compatible; OAI-SearchBot/1.0; +https://openai.com/searchbot"
114.119.129.179 - - [30/Oct/2025:03:31:38 +0700] "GET /youre-going-to-love-whats-inside-farmasi-makeup-haul-xl-xf0gqWdhw7EE6rkmn4t-vi.html HTTP/1.1" 302 208 "-" "Mozilla/5.0 (Linux; Android 7.0;) AppleWebKit/537.36 (KHTML, like Gecko) Mobile Safari/537.36 (compatible; PetalBot;+https://webmaster.petalsearch.com/site/petalbot)"
114.119.129.179 - - [30/Oct/2025:03:31:40 +0700] "GET / HTTP/1.1" 200 35366 "-" "Mozilla/5.0 (Linux; Android 7.0;) AppleWebKit/537.36 (KHTML, like Gecko) Mobile Safari/537.36 (compatible; PetalBot;+https://webmaster.petalsearch.com/site/petalbot)"
47.128.53.184 - - [30/Oct/2025:03:32:12 +0700] "GET /2023/02/?m=1 HTTP/1.1" 302 208 "-" "Mozilla/5.0 (Linux; Android 5.0) AppleWebKit/537.36 (KHTML, like Gecko) Mobile Safari/537.36 (compatible; Bytespider; spider-feedback@bytedance.com)"
47.128.53.184 - - [30/Oct/2025:03:32:13 +0700] "GET / HTTP/1.1" 200 31184 "-" "Mozilla/5.0 (Linux; Android 5.0) AppleWebKit/537.36 (KHTML, like Gecko) Mobile Safari/537.36 (compatible; Bytespider; spider-feedback@bytedance.com)"
217.182.92.119 - - [30/Oct/2025:03:32:16 +0700] "GET /robots.txt HTTP/1.1" 200 71 "-" "Mozilla/5.0 (compatible; HaloBot/1.0; +bot@haloscan.com; +https://www.haloscan.com/)"
87.250.224.83 - - [30/Oct/2025:03:32:57 +0700] "GET /2020/10/25/ini-nominal-gaji-jaksa-dan-tunjangan-kinerja-lengkap-kelas-jabatan-tertinggi-hingga-terendah.html HTTP/1.1" 302 208 "-" "Mozilla/5.0 (compatible; YandexBot/3.0; +http://yandex.com/bots)"
5.255.231.49 - - [30/Oct/2025:03:32:58 +0700] "GET / HTTP/1.1" 200 35364 "-" "Mozilla/5.0 (compatible; YandexBot/3.0; +http://yandex.com/bots)"
114.119.132.58 - - [30/Oct/2025:03:33:02 +0700] "GET /xl-hot-ramen-noodle-challenge-monster-ramen-noodle-soup-challenge-in-seattle-washington-xl-xf0gePbiy4qz5fcmn4t-vi.html HTTP/1.1" 302 208 "-" "Mozilla/5.0 (Linux; Android 7.0;) AppleWebKit/537.36 (KHTML, like Gecko) Mobile Safari/537.36 (compatible; PetalBot;+https://webmaster.petalsearch.com/site/petalbot)"
114.119.132.58 - - [30/Oct/2025:03:33:03 +0700] "GET / HTTP/1.1" 200 35366 "-" "Mozilla/5.0 (Linux; Android 7.0;) AppleWebKit/537.36 (KHTML, like Gecko) Mobile Safari/537.36 (compatible; PetalBot;+https://webmaster.petalsearch.com/site/petalbot)"
5.255.231.138 - - [30/Oct/2025:03:33:09 +0700] "GET /2020/04/20/kisah-gus-khayat-tenangkan-orang-gangguan-jiwa-bermodal-doa-nabi-yunus.html HTTP/1.1" 302 208 "-" "Mozilla/5.0 (compatible; YandexBot/3.0; +http://yandex.com/bots)"
5.255.231.137 - - [30/Oct/2025:03:33:10 +0700] "GET / HTTP/1.1" 200 35364 "-" "Mozilla/5.0 (compatible; YandexBot/3.0; +http://yandex.com/bots)"
31.40.198.102 - - [30/Oct/2025:03:33:26 +0700] "GET /grosir-kain-batik-santung-garansi-100-sesuai-permintaan HTTP/1.1" 302 208 "-" "-"
31.40.198.102 - - [30/Oct/2025:03:33:27 +0700] "GET / HTTP/1.1" 200 223341 "-" "-"
213.180.203.28 - - [30/Oct/2025:03:33:36 +0700] "GET /2020/10/25/ini-nominal-gaji-jaksa-dan-tunjangan-kinerja-lengkap-kelas-jabatan-tertinggi-hingga-terendah.html HTTP/1.1" 302 208 "-" "Mozilla/5.0 (compatible; YandexBot/3.0; +http://yandex.com/bots)"
5.255.231.2 - - [30/Oct/2025:03:33:36 +0700] "GET / HTTP/1.1" 200 35364 "-" "Mozilla/5.0 (compatible; YandexBot/3.0; +http://yandex.com/bots)"
114.10.79.130 - - [30/Oct/2025:03:33:37 +0700] "GET / HTTP/1.1" 200 31184 "https://www.google.com/" "Mozilla/5.0 (Linux; Android 10; K) AppleWebKit/537.36 (KHTML, like Gecko) Chrome/137.0.0.0 Mobile Safari/537.36"
114.10.79.130 - - [30/Oct/2025:03:33:38 +0700] "GET /bandar-mikitoto.webp HTTP/1.1" 200 79338 "https://kryexthemes.com/" "Mozilla/5.0 (Linux; Android 10; K) AppleWebKit/537.36 (KHTML, like Gecko) Chrome/137.0.0.0 Mobile Safari/537.36"
114.10.79.130 - - [30/Oct/2025:03:33:39 +0700] "POST /cdn-cgi/rum? HTTP/1.1" 302 208 "https://kryexthemes.com/" "Mozilla/5.0 (Linux; Android 10; K) AppleWebKit/537.36 (KHTML, like Gecko) Chrome/137.0.0.0 Mobile Safari/537.36"
114.10.76.130 - - [30/Oct/2025:03:33:41 +0700] "GET / HTTP/1.1" 200 31184 "https://www.google.com/" "Mozilla/5.0 (Linux; Android 10; K) AppleWebKit/537.36 (KHTML, like Gecko) Chrome/137.0.0.0 Mobile Safari/537.36"
114.10.76.130 - - [30/Oct/2025:03:33:43 +0700] "POST /cdn-cgi/rum? HTTP/1.1" 302 208 "https://kryexthemes.com/" "Mozilla/5.0 (Linux; Android 10; K) AppleWebKit/537.36 (KHTML, like Gecko) Chrome/137.0.0.0 Mobile Safari/537.36"
114.10.76.130 - - [30/Oct/2025:03:33:43 +0700] "POST /cdn-cgi/rum? HTTP/1.1" 302 208 "https://kryexthemes.com/" "Mozilla/5.0 (Linux; Android 10; K) AppleWebKit/537.36 (KHTML, like Gecko) Chrome/137.0.0.0 Mobile Safari/537.36"
114.10.76.130 - - [30/Oct/2025:03:33:43 +0700] "GET / HTTP/1.1" 200 31184 "https://kryexthemes.com/" "Mozilla/5.0 (Linux; Android 10; K) AppleWebKit/537.36 (KHTML, like Gecko) Chrome/137.0.0.0 Mobile Safari/537.36"
114.10.76.130 - - [30/Oct/2025:03:33:44 +0700] "GET / HTTP/1.1" 200 31184 "https://kryexthemes.com/" "Mozilla/5.0 (Linux; Android 10; K) AppleWebKit/537.36 (KHTML, like Gecko) Chrome/137.0.0.0 Mobile Safari/537.36"
52.45.9.143 - - [30/Oct/2025:03:33:46 +0700] "GET / HTTP/1.1" 200 31184 "-" "Mozilla/5.0 (Macintosh; Intel Mac OS X 10_15_7) AppleWebKit/537.36 (KHTML, like Gecko) Chrome/124.0.0.0 Safari/537.36"
114.119.156.33 - - [30/Oct/2025:03:34:26 +0700] "GET /voax/urun-kategori/fashion-boot?orderby=price-desc&filter_renk=mor,yesil&=l HTTP/1.1" 302 208 "https://kryexthemes.com/voax/urun-kategori/fashion-boot/?orderby=price-desc&filter_renk=mor%2Cyesil&=s" "Mozilla/5.0 (Linux; Android 7.0;) AppleWebKit/537.36 (KHTML, like Gecko) Mobile Safari/537.36 (compatible; PetalBot;+https://webmaster.petalsearch.com/site/petalbot)"
114.119.156.33 - - [30/Oct/2025:03:34:27 +0700] "GET / HTTP/1.1" 200 35366 "https://kryexthemes.com/voax/urun-kategori/fashion-boot/?orderby=price-desc&filter_renk=mor%2Cyesil&=s" "Mozilla/5.0 (Linux; Android 7.0;) AppleWebKit/537.36 (KHTML, like Gecko) Mobile Safari/537.36 (compatible; PetalBot;+https://webmaster.petalsearch.com/site/petalbot)"
154.213.163.197 - - [30/Oct/2025:03:34:47 +0700] "GET /grosir-kain-batik-solo-pasar-klewer HTTP/1.1" 302 208 "https://portalsidak.com/" "Mozilla/5.0 (X11; Fedora; Linux x86_64; rv:114.0) Gecko/20100101 Firefox/114.0"
154.213.163.197 - - [30/Oct/2025:03:34:48 +0700] "GET / HTTP/1.1" 200 31184 "https://kryexthemes.com/grosir-kain-batik-solo-pasar-klewer" "Mozilla/5.0 (X11; Fedora; Linux x86_64; rv:114.0) Gecko/20100101 Firefox/114.0"
154.213.163.197 - - [30/Oct/2025:03:34:49 +0700] "GET //licenses/standard HTTP/1.1" 302 208 "https://kryexthemes.com/" "Mozilla/5.0 (X11; Fedora; Linux x86_64; rv:114.0) Gecko/20100101 Firefox/114.0"
154.213.163.197 - - [30/Oct/2025:03:34:50 +0700] "GET / HTTP/1.1" 200 31184 "https://kryexthemes.com//licenses/standard" "Mozilla/5.0 (X11; Fedora; Linux x86_64; rv:114.0) Gecko/20100101 Firefox/114.0"
209.50.185.85 - - [30/Oct/2025:03:35:18 +0700] "GET /hhttps://seobests.com/ HTTP/1.1" 302 208 "-" "Mozilla/5.0 (Windows NT 10.0; WOW64; x64) AppleWebKit/537.36 (KHTML, like Gecko) Chrome/114.0.0.0 Safari/537.36 OPR/89.0.4447.51"
209.50.185.85 - - [30/Oct/2025:03:35:18 +0700] "GET / HTTP/1.1" 200 31184 "https://kryexthemes.com/hhttps://seobests.com/" "Mozilla/5.0 (Windows NT 10.0; WOW64; x64) AppleWebKit/537.36 (KHTML, like Gecko) Chrome/114.0.0.0 Safari/537.36 OPR/89.0.4447.51"
209.50.185.85 - - [30/Oct/2025:03:35:19 +0700] "GET /hhttps://seobests.com/ HTTP/1.1" 302 208 "https://kryexthemes.com/" "Mozilla/5.0 (Windows NT 10.0; WOW64; x64) AppleWebKit/537.36 (KHTML, like Gecko) Chrome/114.0.0.0 Safari/537.36 OPR/89.0.4447.51"
209.50.185.85 - - [30/Oct/2025:03:35:20 +0700] "GET / HTTP/1.1" 200 31184 "https://kryexthemes.com/hhttps://seobests.com/" "Mozilla/5.0 (Windows NT 10.0; WOW64; x64) AppleWebKit/537.36 (KHTML, like Gecko) Chrome/114.0.0.0 Safari/537.36 OPR/89.0.4447.51"
17.241.227.127 - - [30/Oct/2025:03:35:21 +0700] "GET /2020/12/bulan-kasih-koramil-1802-06beraur-karya.html HTTP/1.1" 302 208 "-" "Mozilla/5.0 (Macintosh; Intel Mac OS X 10_15_7) AppleWebKit/605.1.15 (KHTML, like Gecko) Version/17.4 Safari/605.1.15 (Applebot/0.1; +http://www.apple.com/go/applebot)"
196.247.205.29 - - [30/Oct/2025:03:35:21 +0700] "GET /sejarah-pabrik-batik-luwes-anti-luntur-termurah-terlengkap-100-kita-garansi HTTP/1.1" 302 208 "https://portalsidak.com/" "Mozilla/5.0 (Macintosh; Intel Mac OS X 12_5) AppleWebKit/537.36 (KHTML, like Gecko) Chrome/114.0.0.0 Safari/537.36 Edg/114.0.1264.71"
209.50.185.85 - - [30/Oct/2025:03:35:22 +0700] "GET //licenses/standard HTTP/1.1" 302 208 "https://kryexthemes.com/" "Mozilla/5.0 (Windows NT 10.0; WOW64; x64) AppleWebKit/537.36 (KHTML, like Gecko) Chrome/114.0.0.0 Safari/537.36 OPR/89.0.4447.51"
84.200.208.145 - - [30/Oct/2025:03:35:22 +0700] "GET / HTTP/1.1" 200 31184 "http://portalsidak.com/" "Mozilla/5.0 (X11; Linux x86_64) AppleWebKit/537.36 (KHTML, like Gecko) Chrome/114.0.0.0 Safari/537.36"
209.50.185.85 - - [30/Oct/2025:03:35:22 +0700] "GET / HTTP/1.1" 200 31184 "https://kryexthemes.com//licenses/standard" "Mozilla/5.0 (Windows NT 10.0; WOW64; x64) AppleWebKit/537.36 (KHTML, like Gecko) Chrome/114.0.0.0 Safari/537.36 OPR/89.0.4447.51"
196.247.205.29 - - [30/Oct/2025:03:35:22 +0700] "GET / HTTP/1.1" 200 31184 "https://kryexthemes.com/sejarah-pabrik-batik-luwes-anti-luntur-termurah-terlengkap-100-kita-garansi" "Mozilla/5.0 (Macintosh; Intel Mac OS X 12_5) AppleWebKit/537.36 (KHTML, like Gecko) Chrome/114.0.0.0 Safari/537.36 Edg/114.0.1264.71"
110.249.202.243 - - [30/Oct/2025:03:35:42 +0700] "GET /robots.txt HTTP/1.1" 200 71 "-" "Mozilla/5.0 (Linux; Android 5.0) AppleWebKit/537.36 (KHTML, like Gecko) Mobile Safari/537.36 (compatible; Bytespider; https://zhanzhang.toutiao.com/)"
114.119.132.108 - - [30/Oct/2025:03:35:50 +0700] "GET /voax/urun-kategori/fashion-boot?orderby=price&filter_renk=kirmizi,mor,turuncu&filter_beden=xl HTTP/1.1" 302 208 "https://kryexthemes.com/voax/urun-kategori/fashion-boot/?orderby=rating&filter_renk=kirmizi%2Cmor%2Cturuncu&filter_beden=xl" "Mozilla/5.0 (Linux; Android 7.0;) AppleWebKit/537.36 (KHTML, like Gecko) Mobile Safari/537.36 (compatible; PetalBot;+https://webmaster.petalsearch.com/site/petalbot)"
114.119.132.108 - - [30/Oct/2025:03:35:51 +0700] "GET / HTTP/1.1" 200 35366 "https://kryexthemes.com/voax/urun-kategori/fashion-boot/?orderby=rating&filter_renk=kirmizi%2Cmor%2Cturuncu&filter_beden=xl" "Mozilla/5.0 (Linux; Android 7.0;) AppleWebKit/537.36 (KHTML, like Gecko) Mobile Safari/537.36 (compatible; PetalBot;+https://webmaster.petalsearch.com/site/petalbot)"
47.128.46.6 - - [30/Oct/2025:03:36:13 +0700] "GET /search/label/TNI%20AD HTTP/1.1" 302 208 "-" "Mozilla/5.0 (Linux; Android 5.0) AppleWebKit/537.36 (KHTML, like Gecko) Mobile Safari/537.36 (compatible; Bytespider; spider-feedback@bytedance.com)"
47.128.46.6 - - [30/Oct/2025:03:36:13 +0700] "GET / HTTP/1.1" 200 31184 "-" "Mozilla/5.0 (Linux; Android 5.0) AppleWebKit/537.36 (KHTML, like Gecko) Mobile Safari/537.36 (compatible; Bytespider; spider-feedback@bytedance.com)"
176.226.178.181 - - [30/Oct/2025:03:36:31 +0700] "GET /grosir-kain-batik-garut-termurah-terlengkap?unapproved=679821&moderation-hash=cc6a92bdea61192ef80aa1dc226a9e12 HTTP/1.0" 302 208 "https://kryexthemes.com/grosir-kain-batik-garut-termurah-terlengkap?unapproved=679821&moderation-hash=cc6a92bdea61192ef80aa1dc226a9e12" "Mozilla/5.0 (Windows NT 10.0; Win64; x64) AppleWebKit/537.36 (KHTML, like Gecko) Chrome/131.0.0.0 Safari/537.36 Avast/131.0.0.0"
176.226.178.181 - - [30/Oct/2025:03:36:32 +0700] "GET / HTTP/1.0" 200 223272 "https://kryexthemes.com/" "Mozilla/5.0 (Windows NT 10.0; Win64; x64) AppleWebKit/537.36 (KHTML, like Gecko) Chrome/131.0.0.0 Safari/537.36 Avast/131.0.0.0"
176.226.178.181 - - [30/Oct/2025:03:36:33 +0700] "GET / HTTP/1.0" 200 223272 "https://kryexthemes.com/" "Mozilla/5.0 (Windows NT 10.0; Win64; x64) AppleWebKit/537.36 (KHTML, like Gecko) Chrome/131.0.0.0 Safari/537.36 Avast/131.0.0.0"
103.131.18.39 - - [30/Oct/2025:03:36:51 +0700] "GET / HTTP/1.1" 200 31184 "https://www.google.com/" "Mozilla/5.0 (Linux; Android 10; K) AppleWebKit/537.36 (KHTML, like Gecko) Chrome/138.0.0.0 Mobile Safari/537.36"
103.131.18.39 - - [30/Oct/2025:03:36:52 +0700] "GET /bandar-mikitoto.webp HTTP/1.1" 200 79338 "https://kryexthemes.com/" "Mozilla/5.0 (Linux; Android 10; K) AppleWebKit/537.36 (KHTML, like Gecko) Chrome/138.0.0.0 Mobile Safari/537.36"
17.241.227.70 - - [30/Oct/2025:03:36:53 +0700] "GET /tag/jual-baju-batik-murah-di-medan-di-garansi HTTP/1.1" 302 208 "-" "Mozilla/5.0 (Macintosh; Intel Mac OS X 10_15_7) AppleWebKit/605.1.15 (KHTML, like Gecko) Version/17.4 Safari/605.1.15 (Applebot/0.1; +http://www.apple.com/go/applebot)"
52.167.144.166 - - [30/Oct/2025:03:36:55 +0700] "GET /gtech/2023/06/13/apache-airflow-nedir/pastedGraphic_2.png HTTP/1.1" 302 208 "-" "Mozilla/5.0 AppleWebKit/537.36 (KHTML, like Gecko; compatible; bingbot/2.0; +http://www.bing.com/bingbot.htm) Chrome/116.0.1938.76 Safari/537.36"
52.167.144.166 - - [30/Oct/2025:03:36:56 +0700] "GET / HTTP/1.1" 200 31184 "-" "Mozilla/5.0 AppleWebKit/537.36 (KHTML, like Gecko; compatible; bingbot/2.0; +http://www.bing.com/bingbot.htm) Chrome/116.0.1938.76 Safari/537.36"
13.250.65.40 - - [30/Oct/2025:03:36:57 +0700] "GET /tag/jual-baju-batik-murah-di-medan-di-garansi HTTP/1.1" 302 208 "-" "Mozilla/5.0 (Macintosh; Intel Mac OS X 10_15_7) AppleWebKit/605.1.15 (KHTML, like Gecko) Version/14.1 Safari/605.1.15"
13.250.65.40 - - [30/Oct/2025:03:36:57 +0700] "GET / HTTP/1.1" 200 35366 "-" "Mozilla/5.0 (Macintosh; Intel Mac OS X 10_15_7) AppleWebKit/605.1.15 (KHTML, like Gecko) Version/14.1 Safari/605.1.15"
114.119.133.208 - - [30/Oct/2025:03:37:12 +0700] "GET /voax/urun-kategori/fashion-boot?orderby=popularity&filter_renk=kirmizi,mor&filter_beden=m,s,xl HTTP/1.1" 302 208 "https://kryexthemes.com/voax/urun-kategori/fashion-boot/?orderby=price&filter_renk=kirmizi%2Cmor&filter_beden=m%2Cs%2Cxl" "Mozilla/5.0 (Linux; Android 7.0;) AppleWebKit/537.36 (KHTML, like Gecko) Mobile Safari/537.36 (compatible; PetalBot;+https://webmaster.petalsearch.com/site/petalbot)"
114.119.133.208 - - [30/Oct/2025:03:37:13 +0700] "GET / HTTP/1.1" 200 35366 "https://kryexthemes.com/voax/urun-kategori/fashion-boot/?orderby=price&filter_renk=kirmizi%2Cmor&filter_beden=m%2Cs%2Cxl" "Mozilla/5.0 (Linux; Android 7.0;) AppleWebKit/537.36 (KHTML, like Gecko) Mobile Safari/537.36 (compatible; PetalBot;+https://webmaster.petalsearch.com/site/petalbot)"
212.132.125.106 - - [30/Oct/2025:03:37:31 +0700] "GET /administrator/index.php HTTP/1.1" 302 208 "-" "Mozilla/5.0 (Windows NT 10.0; Win64; x64) AppleWebKit/537.36 (KHTML, like Gecko) Chrome/124.0.0.0 Safari/537.36"
212.132.125.106 - - [30/Oct/2025:03:37:32 +0700] "GET / HTTP/1.1" 200 35366 "-" "Mozilla/5.0 (Windows NT 10.0; Win64; x64) AppleWebKit/537.36 (KHTML, like Gecko) Chrome/124.0.0.0 Safari/537.36"
176.234.29.79 - - [30/Oct/2025:03:37:35 +0700] "GET / HTTP/1.1" 200 35365 "http://aio.online" "Mozilla/5.0 (Windows NT 6.1; Win64; x64) AppleWebKit/537.36 (KHTML, like Gecko) Chrome/97.0.4692.71 Safari/537.36"
176.234.29.79 - - [30/Oct/2025:03:37:37 +0700] "GET /bandar-mikitoto.webp HTTP/1.1" 200 79338 "https://kryexthemes.com/" "Mozilla/5.0 (Windows NT 6.1; Win64; x64) AppleWebKit/537.36 (KHTML, like Gecko) Chrome/97.0.4692.71 Safari/537.36"
114.119.131.68 - - [30/Oct/2025:03:38:36 +0700] "GET /voax/urun-kategori/fashion-boot?orderby=popularity&filter_renk=kirmizi,mavi&=s HTTP/1.1" 302 208 "https://kryexthemes.com/voax/urun-kategori/fashion-boot/?filter_beden=l%2Cs&filter_renk=kirmizi%2Cmavi&orderby=popularity" "Mozilla/5.0 (Linux; Android 7.0;) AppleWebKit/537.36 (KHTML, like Gecko) Mobile Safari/537.36 (compatible; PetalBot;+https://webmaster.petalsearch.com/site/petalbot)"
114.119.131.68 - - [30/Oct/2025:03:38:37 +0700] "GET / HTTP/1.1" 200 35366 "https://kryexthemes.com/voax/urun-kategori/fashion-boot/?filter_beden=l%2Cs&filter_renk=kirmizi%2Cmavi&orderby=popularity" "Mozilla/5.0 (Linux; Android 7.0;) AppleWebKit/537.36 (KHTML, like Gecko) Mobile Safari/537.36 (compatible; PetalBot;+https://webmaster.petalsearch.com/site/petalbot)"
217.182.92.119 - - [30/Oct/2025:03:38:40 +0700] "GET /search?q=Chord+Kunci+Gitar+Dan+Lirik+Janji+Manis+Masdo+Benar+Kata+Orang+Dahulu+Kasih+Jangan+Keterlaluan HTTP/1.1" 302 208 "-" "Mozilla/5.0 (compatible; HaloBot/1.0; +bot@haloscan.com; +https://www.haloscan.com/)"
176.42.24.240 - - [30/Oct/2025:03:39:05 +0700] "GET /voax/wp-content/uploads/sites/26/2021/03/kapida-odeme.png HTTP/1.1" 302 208 "-" "Mozilla/5.0 (X11; Linux x86_64) AppleWebKit/537.36 (KHTML, like Gecko) Chrome/141.0.0.0 Safari/537.36"
176.42.24.240 - - [30/Oct/2025:03:39:05 +0700] "GET /voax/wp-content/uploads/sites/26/2021/03/hizli-teslimat.png HTTP/1.1" 302 208 "-" "Mozilla/5.0 (X11; Linux x86_64) AppleWebKit/537.36 (KHTML, like Gecko) Chrome/141.0.0.0 Safari/537.36"
176.42.24.240 - - [30/Oct/2025:03:39:05 +0700] "GET /voax/wp-content/uploads/sites/26/2021/03/guvenli-alisveris.png HTTP/1.1" 302 208 "-" "Mozilla/5.0 (X11; Linux x86_64) AppleWebKit/537.36 (KHTML, like Gecko) Chrome/141.0.0.0 Safari/537.36"
176.42.24.240 - - [30/Oct/2025:03:39:05 +0700] "GET /voax/wp-content/uploads/sites/26/2021/03/musteri-hizmetleri.png HTTP/1.1" 302 208 "-" "Mozilla/5.0 (X11; Linux x86_64) AppleWebKit/537.36 (KHTML, like Gecko) Chrome/141.0.0.0 Safari/537.36"
176.42.24.240 - - [30/Oct/2025:03:39:05 +0700] "GET / HTTP/1.1" 200 31184 "-" "Mozilla/5.0 (X11; Linux x86_64) AppleWebKit/537.36 (KHTML, like Gecko) Chrome/141.0.0.0 Safari/537.36"
176.42.24.240 - - [30/Oct/2025:03:39:05 +0700] "GET / HTTP/1.1" 200 31184 "-" "Mozilla/5.0 (X11; Linux x86_64) AppleWebKit/537.36 (KHTML, like Gecko) Chrome/141.0.0.0 Safari/537.36"
176.42.24.240 - - [30/Oct/2025:03:39:06 +0700] "GET / HTTP/1.1" 200 31184 "-" "Mozilla/5.0 (X11; Linux x86_64) AppleWebKit/537.36 (KHTML, like Gecko) Chrome/141.0.0.0 Safari/537.36"
176.42.24.240 - - [30/Oct/2025:03:39:06 +0700] "GET / HTTP/1.1" 200 31184 "-" "Mozilla/5.0 (X11; Linux x86_64) AppleWebKit/537.36 (KHTML, like Gecko) Chrome/141.0.0.0 Safari/537.36"
176.42.24.240 - - [30/Oct/2025:03:39:21 +0700] "GET /voax/wp-content/uploads/sites/26/2021/03/hizli-teslimat.png HTTP/1.1" 302 208 "-" "Mozilla/5.0 (X11; Linux x86_64) AppleWebKit/537.36 (KHTML, like Gecko) Chrome/141.0.0.0 Safari/537.36"
176.42.24.240 - - [30/Oct/2025:03:39:22 +0700] "GET /voax/wp-content/uploads/sites/26/2021/03/kapida-odeme.png HTTP/1.1" 302 208 "-" "Mozilla/5.0 (X11; Linux x86_64) AppleWebKit/537.36 (KHTML, like Gecko) Chrome/141.0.0.0 Safari/537.36"
176.42.24.240 - - [30/Oct/2025:03:39:22 +0700] "GET /voax/wp-content/uploads/sites/26/2021/03/guvenli-alisveris.png HTTP/1.1" 302 208 "-" "Mozilla/5.0 (X11; Linux x86_64) AppleWebKit/537.36 (KHTML, like Gecko) Chrome/141.0.0.0 Safari/537.36"
176.42.24.240 - - [30/Oct/2025:03:39:22 +0700] "GET /voax/wp-content/uploads/sites/26/2021/03/musteri-hizmetleri.png HTTP/1.1" 302 208 "-" "Mozilla/5.0 (X11; Linux x86_64) AppleWebKit/537.36 (KHTML, like Gecko) Chrome/141.0.0.0 Safari/537.36"
176.42.24.240 - - [30/Oct/2025:03:39:22 +0700] "GET / HTTP/1.1" 200 31184 "-" "Mozilla/5.0 (X11; Linux x86_64) AppleWebKit/537.36 (KHTML, like Gecko) Chrome/141.0.0.0 Safari/537.36"
176.42.24.240 - - [30/Oct/2025:03:39:22 +0700] "GET / HTTP/1.1" 200 31184 "-" "Mozilla/5.0 (X11; Linux x86_64) AppleWebKit/537.36 (KHTML, like Gecko) Chrome/141.0.0.0 Safari/537.36"
176.42.24.240 - - [30/Oct/2025:03:39:22 +0700] "GET / HTTP/1.1" 200 31184 "-" "Mozilla/5.0 (X11; Linux x86_64) AppleWebKit/537.36 (KHTML, like Gecko) Chrome/141.0.0.0 Safari/537.36"
176.42.24.240 - - [30/Oct/2025:03:39:23 +0700] "GET / HTTP/1.1" 200 31184 "-" "Mozilla/5.0 (X11; Linux x86_64) AppleWebKit/537.36 (KHTML, like Gecko) Chrome/141.0.0.0 Safari/537.36"
176.42.24.240 - - [30/Oct/2025:03:39:41 +0700] "GET /voax/wp-content/uploads/sites/26/2021/03/hizli-teslimat.png HTTP/1.1" 302 208 "-" "Mozilla/5.0 (X11; Linux x86_64) AppleWebKit/537.36 (KHTML, like Gecko) Chrome/141.0.0.0 Safari/537.36"
176.42.24.240 - - [30/Oct/2025:03:39:42 +0700] "GET /voax/wp-content/uploads/sites/26/2021/03/kapida-odeme.png HTTP/1.1" 302 208 "-" "Mozilla/5.0 (X11; Linux x86_64) AppleWebKit/537.36 (KHTML, like Gecko) Chrome/141.0.0.0 Safari/537.36"
176.42.24.240 - - [30/Oct/2025:03:39:42 +0700] "GET /voax/wp-content/uploads/sites/26/2021/03/guvenli-alisveris.png HTTP/1.1" 302 208 "-" "Mozilla/5.0 (X11; Linux x86_64) AppleWebKit/537.36 (KHTML, like Gecko) Chrome/141.0.0.0 Safari/537.36"
176.42.24.240 - - [30/Oct/2025:03:39:42 +0700] "GET / HTTP/1.1" 200 31184 "-" "Mozilla/5.0 (X11; Linux x86_64) AppleWebKit/537.36 (KHTML, like Gecko) Chrome/141.0.0.0 Safari/537.36"
176.42.24.240 - - [30/Oct/2025:03:39:42 +0700] "GET / HTTP/1.1" 200 31184 "-" "Mozilla/5.0 (X11; Linux x86_64) AppleWebKit/537.36 (KHTML, like Gecko) Chrome/141.0.0.0 Safari/537.36"
176.42.24.240 - - [30/Oct/2025:03:39:42 +0700] "GET / HTTP/1.1" 200 31184 "-" "Mozilla/5.0 (X11; Linux x86_64) AppleWebKit/537.36 (KHTML, like Gecko) Chrome/141.0.0.0 Safari/537.36"
176.42.24.240 - - [30/Oct/2025:03:39:43 +0700] "GET /voax/wp-content/uploads/sites/26/2021/03/musteri-hizmetleri.png HTTP/1.1" 302 208 "-" "Mozilla/5.0 (X11; Linux x86_64) AppleWebKit/537.36 (KHTML, like Gecko) Chrome/141.0.0.0 Safari/537.36"
176.42.24.240 - - [30/Oct/2025:03:39:43 +0700] "GET / HTTP/1.1" 200 31184 "-" "Mozilla/5.0 (X11; Linux x86_64) AppleWebKit/537.36 (KHTML, like Gecko) Chrome/141.0.0.0 Safari/537.36"
114.119.133.208 - - [30/Oct/2025:03:40:01 +0700] "GET /voax/urun-kategori/fashion-boot?filter_renk=mavi,mor,yesil&orderby=popularity HTTP/1.1" 302 208 "https://kryexthemes.com/voax/urun-kategori/fashion-boot/?filter_renk=mavi%2Cmor%2Cyesil&orderby=price-desc" "Mozilla/5.0 (Linux; Android 7.0;) AppleWebKit/537.36 (KHTML, like Gecko) Mobile Safari/537.36 (compatible; PetalBot;+https://webmaster.petalsearch.com/site/petalbot)"
114.119.133.208 - - [30/Oct/2025:03:40:04 +0700] "GET / HTTP/1.1" 200 35366 "https://kryexthemes.com/voax/urun-kategori/fashion-boot/?filter_renk=mavi%2Cmor%2Cyesil&orderby=price-desc" "Mozilla/5.0 (Linux; Android 7.0;) AppleWebKit/537.36 (KHTML, like Gecko) Mobile Safari/537.36 (compatible; PetalBot;+https://webmaster.petalsearch.com/site/petalbot)"
47.128.41.12 - - [30/Oct/2025:03:40:13 +0700] "GET / HTTP/1.1" 200 31184 "-" "Mozilla/5.0 (Linux; Android 5.0) AppleWebKit/537.36 (KHTML, like Gecko) Mobile Safari/537.36 (compatible; Bytespider; spider-feedback@bytedance.com)"
114.119.132.108 - - [30/Oct/2025:03:41:24 +0700] "GET /voax/urun-kategori/fashion-boot?filter_renk=mavi,mor,turuncu&=l,xl HTTP/1.1" 302 208 "https://kryexthemes.com/voax/urun-kategori/fashion-boot/?filter_beden=xl&filter_renk=mavi%2Cmor%2Cturuncu" "Mozilla/5.0 (Linux; Android 7.0;) AppleWebKit/537.36 (KHTML, like Gecko) Mobile Safari/537.36 (compatible; PetalBot;+https://webmaster.petalsearch.com/site/petalbot)"
114.119.132.108 - - [30/Oct/2025:03:41:25 +0700] "GET / HTTP/1.1" 200 35366 "https://kryexthemes.com/voax/urun-kategori/fashion-boot/?filter_beden=xl&filter_renk=mavi%2Cmor%2Cturuncu" "Mozilla/5.0 (Linux; Android 7.0;) AppleWebKit/537.36 (KHTML, like Gecko) Mobile Safari/537.36 (compatible; PetalBot;+https://webmaster.petalsearch.com/site/petalbot)"
31.142.92.51 - - [30/Oct/2025:03:42:26 +0700] "GET /voax/wp-content/uploads/sites/26/2021/03/hizli-teslimat.png HTTP/1.1" 302 208 "-" "Mozilla/5.0 (Linux; Android 10; K) AppleWebKit/537.36 (KHTML, like Gecko) Chrome/141.0.0.0 Mobile Safari/537.36"
31.142.92.51 - - [30/Oct/2025:03:42:26 +0700] "GET /voax/wp-content/uploads/sites/26/2021/03/kapida-odeme.png HTTP/1.1" 302 208 "-" "Mozilla/5.0 (Linux; Android 10; K) AppleWebKit/537.36 (KHTML, like Gecko) Chrome/141.0.0.0 Mobile Safari/537.36"
31.142.92.51 - - [30/Oct/2025:03:42:26 +0700] "GET / HTTP/1.1" 200 31184 "-" "Mozilla/5.0 (Linux; Android 10; K) AppleWebKit/537.36 (KHTML, like Gecko) Chrome/141.0.0.0 Mobile Safari/537.36"
31.142.92.51 - - [30/Oct/2025:03:42:27 +0700] "GET / HTTP/1.1" 200 31184 "-" "Mozilla/5.0 (Linux; Android 10; K) AppleWebKit/537.36 (KHTML, like Gecko) Chrome/141.0.0.0 Mobile Safari/537.36"
31.142.92.51 - - [30/Oct/2025:03:42:27 +0700] "GET /voax/wp-content/uploads/sites/26/2021/03/guvenli-alisveris.png HTTP/1.1" 302 208 "-" "Mozilla/5.0 (Linux; Android 10; K) AppleWebKit/537.36 (KHTML, like Gecko) Chrome/141.0.0.0 Mobile Safari/537.36"
31.142.92.51 - - [30/Oct/2025:03:42:27 +0700] "GET /voax/wp-content/uploads/sites/26/2021/03/musteri-hizmetleri.png HTTP/1.1" 302 208 "-" "Mozilla/5.0 (Linux; Android 10; K) AppleWebKit/537.36 (KHTML, like Gecko) Chrome/141.0.0.0 Mobile Safari/537.36"
31.142.92.51 - - [30/Oct/2025:03:42:27 +0700] "GET / HTTP/1.1" 200 31184 "-" "Mozilla/5.0 (Linux; Android 10; K) AppleWebKit/537.36 (KHTML, like Gecko) Chrome/141.0.0.0 Mobile Safari/537.36"
31.142.92.51 - - [30/Oct/2025:03:42:28 +0700] "GET / HTTP/1.1" 200 31184 "-" "Mozilla/5.0 (Linux; Android 10; K) AppleWebKit/537.36 (KHTML, like Gecko) Chrome/141.0.0.0 Mobile Safari/537.36"
114.119.130.116 - - [30/Oct/2025:03:42:47 +0700] "GET /voax/urun-kategori/fashion-boot?filter_renk=kirmizi&=l,xl HTTP/1.1" 302 208 "https://kryexthemes.com/voax/urun-kategori/fashion-boot/?filter_beden=l%2Cm%2Cxl&filter_renk=kirmizi" "Mozilla/5.0 (Linux; Android 7.0;) AppleWebKit/537.36 (KHTML, like Gecko) Mobile Safari/537.36 (compatible; PetalBot;+https://webmaster.petalsearch.com/site/petalbot)"
114.119.130.116 - - [30/Oct/2025:03:42:48 +0700] "GET / HTTP/1.1" 200 35366 "https://kryexthemes.com/voax/urun-kategori/fashion-boot/?filter_beden=l%2Cm%2Cxl&filter_renk=kirmizi" "Mozilla/5.0 (Linux; Android 7.0;) AppleWebKit/537.36 (KHTML, like Gecko) Mobile Safari/537.36 (compatible; PetalBot;+https://webmaster.petalsearch.com/site/petalbot)"
31.142.92.51 - - [30/Oct/2025:03:43:06 +0700] "GET /voax/wp-content/uploads/sites/26/2021/03/hizli-teslimat.png HTTP/1.1" 302 208 "-" "Mozilla/5.0 (Linux; Android 10; K) AppleWebKit/537.36 (KHTML, like Gecko) Chrome/141.0.0.0 Mobile Safari/537.36"
31.142.92.51 - - [30/Oct/2025:03:43:06 +0700] "GET /voax/wp-content/uploads/sites/26/2021/03/kapida-odeme.png HTTP/1.1" 302 208 "-" "Mozilla/5.0 (Linux; Android 10; K) AppleWebKit/537.36 (KHTML, like Gecko) Chrome/141.0.0.0 Mobile Safari/537.36"
31.142.92.51 - - [30/Oct/2025:03:43:06 +0700] "GET / HTTP/1.1" 200 31184 "-" "Mozilla/5.0 (Linux; Android 10; K) AppleWebKit/537.36 (KHTML, like Gecko) Chrome/141.0.0.0 Mobile Safari/537.36"
31.142.92.51 - - [30/Oct/2025:03:43:06 +0700] "GET / HTTP/1.1" 200 31184 "-" "Mozilla/5.0 (Linux; Android 10; K) AppleWebKit/537.36 (KHTML, like Gecko) Chrome/141.0.0.0 Mobile Safari/537.36"
31.142.92.51 - - [30/Oct/2025:03:43:07 +0700] "GET /voax/wp-content/uploads/sites/26/2021/03/musteri-hizmetleri.png HTTP/1.1" 302 208 "-" "Mozilla/5.0 (Linux; Android 10; K) AppleWebKit/537.36 (KHTML, like Gecko) Chrome/141.0.0.0 Mobile Safari/537.36"
31.142.92.51 - - [30/Oct/2025:03:43:07 +0700] "GET /voax/wp-content/uploads/sites/26/2021/03/guvenli-alisveris.png HTTP/1.1" 302 208 "-" "Mozilla/5.0 (Linux; Android 10; K) AppleWebKit/537.36 (KHTML, like Gecko) Chrome/141.0.0.0 Mobile Safari/537.36"
31.142.92.51 - - [30/Oct/2025:03:43:07 +0700] "GET / HTTP/1.1" 200 31184 "-" "Mozilla/5.0 (Linux; Android 10; K) AppleWebKit/537.36 (KHTML, like Gecko) Chrome/141.0.0.0 Mobile Safari/537.36"
31.142.92.51 - - [30/Oct/2025:03:43:08 +0700] "GET / HTTP/1.1" 200 31184 "-" "Mozilla/5.0 (Linux; Android 10; K) AppleWebKit/537.36 (KHTML, like Gecko) Chrome/141.0.0.0 Mobile Safari/537.36"
78.184.45.185 - - [30/Oct/2025:03:43:43 +0700] "GET /wp-json/wp/v2/posts?slug=/produsen-kain-batik-solo-murah-termurah-terlengkap HTTP/1.1" 302 208 "-" "-"
78.184.45.185 - - [30/Oct/2025:03:43:43 +0700] "GET / HTTP/1.1" 200 223333 "-" "-"
114.119.156.33 - - [30/Oct/2025:03:44:10 +0700] "GET /voax/urun-kategori/fashion-boot?filter_renk=kirmizi,mor,yesil&=l HTTP/1.1" 302 208 "https://kryexthemes.com/voax/urun-kategori/fashion-boot/?filter_beden=l%2Cs&filter_renk=kirmizi%2Cmor%2Cyesil" "Mozilla/5.0 (Linux; Android 7.0;) AppleWebKit/537.36 (KHTML, like Gecko) Mobile Safari/537.36 (compatible; PetalBot;+https://webmaster.petalsearch.com/site/petalbot)"
114.119.156.33 - - [30/Oct/2025:03:44:11 +0700] "GET / HTTP/1.1" 200 35366 "https://kryexthemes.com/voax/urun-kategori/fashion-boot/?filter_beden=l%2Cs&filter_renk=kirmizi%2Cmor%2Cyesil" "Mozilla/5.0 (Linux; Android 7.0;) AppleWebKit/537.36 (KHTML, like Gecko) Mobile Safari/537.36 (compatible; PetalBot;+https://webmaster.petalsearch.com/site/petalbot)"
52.167.144.202 - - [30/Oct/2025:03:44:52 +0700] "GET /gtech/2023/06/13/apache-airflow-nedir/pastedGraphic_3.png HTTP/1.1" 302 208 "-" "Mozilla/5.0 AppleWebKit/537.36 (KHTML, like Gecko; compatible; bingbot/2.0; +http://www.bing.com/bingbot.htm) Chrome/116.0.1938.76 Safari/537.36"
52.167.144.202 - - [30/Oct/2025:03:44:53 +0700] "GET / HTTP/1.1" 200 31184 "-" "Mozilla/5.0 AppleWebKit/537.36 (KHTML, like Gecko; compatible; bingbot/2.0; +http://www.bing.com/bingbot.htm) Chrome/116.0.1938.76 Safari/537.36"
64.188.0.99 - - [30/Oct/2025:03:44:57 +0700] "GET /produsen-kain-batik-solo-murah HTTP/1.1" 302 208 "https://portalsidak.com/" "Mozilla/5.0 (X11; Ubuntu; Linux i686; rv:114.0) Gecko/20100101 Firefox/114.0"
64.188.0.99 - - [30/Oct/2025:03:44:58 +0700] "GET / HTTP/1.1" 200 31184 "https://kryexthemes.com/produsen-kain-batik-solo-murah" "Mozilla/5.0 (X11; Ubuntu; Linux i686; rv:114.0) Gecko/20100101 Firefox/114.0"
64.188.0.99 - - [30/Oct/2025:03:45:01 +0700] "GET //licenses/standard HTTP/1.1" 302 208 "https://kryexthemes.com/" "Mozilla/5.0 (X11; Ubuntu; Linux i686; rv:114.0) Gecko/20100101 Firefox/114.0"
64.188.0.99 - - [30/Oct/2025:03:45:03 +0700] "GET / HTTP/1.1" 200 31184 "https://kryexthemes.com//licenses/standard" "Mozilla/5.0 (X11; Ubuntu; Linux i686; rv:114.0) Gecko/20100101 Firefox/114.0"
46.8.22.153 - - [30/Oct/2025:03:45:26 +0700] "GET /blog/ HTTP/1.0" 200 126148 "https://kryexthemes.com/blog/" "Mozilla/5.0 (Windows NT 10.0; Win64; x64) AppleWebKit/537.36 (KHTML, like Gecko) Chrome/131.0.0.0 Safari/537.36"
46.8.22.153 - - [30/Oct/2025:03:45:27 +0700] "GET /hhttps:/kryexthemes.com/blog/ HTTP/1.0" 302 208 "https://kryexthemes.com/hhttps:/kryexthemes.com/blog/" "Mozilla/5.0 (Windows NT 10.0; Win64; x64) AppleWebKit/537.36 (KHTML, like Gecko) Chrome/131.0.0.0 Safari/537.36"
46.8.22.153 - - [30/Oct/2025:03:45:28 +0700] "GET / HTTP/1.0" 200 223272 "https://kryexthemes.com/" "Mozilla/5.0 (Windows NT 10.0; Win64; x64) AppleWebKit/537.36 (KHTML, like Gecko) Chrome/131.0.0.0 Safari/537.36"
114.119.131.68 - - [30/Oct/2025:03:45:34 +0700] "GET /voax/urun-kategori/fashion-boot?filter_renk=kirmizi,mor,turuncu,yesil&=m,xl HTTP/1.1" 302 208 "https://kryexthemes.com/voax/urun-kategori/fashion-boot/?filter_renk=kirmizi%2Cmor%2Cturuncu%2Cyesil&=m%2Cxl" "Mozilla/5.0 (Linux; Android 7.0;) AppleWebKit/537.36 (KHTML, like Gecko) Mobile Safari/537.36 (compatible; PetalBot;+https://webmaster.petalsearch.com/site/petalbot)"
114.119.131.68 - - [30/Oct/2025:03:45:35 +0700] "GET / HTTP/1.1" 200 35366 "https://kryexthemes.com/voax/urun-kategori/fashion-boot/?filter_renk=kirmizi%2Cmor%2Cturuncu%2Cyesil&=m%2Cxl" "Mozilla/5.0 (Linux; Android 7.0;) AppleWebKit/537.36 (KHTML, like Gecko) Mobile Safari/537.36 (compatible; PetalBot;+https://webmaster.petalsearch.com/site/petalbot)"
47.128.98.181 - - [30/Oct/2025:03:46:15 +0700] "GET /search/label/TNI%20AD HTTP/1.1" 302 208 "-" "Mozilla/5.0 (Linux; Android 5.0) AppleWebKit/537.36 (KHTML, like Gecko) Mobile Safari/537.36 (compatible; Bytespider; spider-feedback@bytedance.com)"
47.128.98.181 - - [30/Oct/2025:03:46:15 +0700] "GET / HTTP/1.1" 200 31184 "-" "Mozilla/5.0 (Linux; Android 5.0) AppleWebKit/537.36 (KHTML, like Gecko) Mobile Safari/537.36 (compatible; Bytespider; spider-feedback@bytedance.com)"
114.119.131.68 - - [30/Oct/2025:03:46:58 +0700] "GET /voax/urun-kategori/fashion-boot?filter_renk=kirmizi,mavi&filter_beden=xl&orderby=date HTTP/1.1" 302 208 "https://kryexthemes.com/voax/urun-kategori/fashion-boot/?filter_renk=kirmizi%2Cmavi&filter_beden=xl&orderby=price" "Mozilla/5.0 (Linux; Android 7.0;) AppleWebKit/537.36 (KHTML, like Gecko) Mobile Safari/537.36 (compatible; PetalBot;+https://webmaster.petalsearch.com/site/petalbot)"
