51.68.34.57 - - [29/Oct/2025:21:28:49 +0700] "GET /battlefield-6-maps-concepts-xl-xf0g5IQFj97g1hAmn4t-vi.html HTTP/1.1" 302 208 "-" "Mozilla/5.0 (compatible; MJ12bot/v1.4.8; http://mj12bot.com/)"
51.68.34.57 - - [29/Oct/2025:21:28:50 +0700] "GET / HTTP/1.1" 200 31184 "-" "Mozilla/5.0 (compatible; MJ12bot/v1.4.8; http://mj12bot.com/)"
51.68.34.57 - - [29/Oct/2025:21:28:53 +0700] "GET /battlefield-6-maps-concepts-xl-xf0g5IQFj97g1hAmn4t-vi.html HTTP/1.1" 302 208 "-" "Mozilla/5.0 (compatible; MJ12bot/v1.4.8; http://mj12bot.com/)"
182.1.236.234 - - [29/Oct/2025:21:28:54 +0700] "GET / HTTP/1.1" 200 31184 "https://www.google.com/" "Mozilla/5.0 (Linux; Android 10; K) AppleWebKit/537.36 (KHTML, like Gecko) Chrome/141.0.0.0 Mobile Safari/537.36"
51.68.34.57 - - [29/Oct/2025:21:28:54 +0700] "GET / HTTP/1.1" 200 31184 "-" "Mozilla/5.0 (compatible; MJ12bot/v1.4.8; http://mj12bot.com/)"
182.1.236.234 - - [29/Oct/2025:21:28:55 +0700] "GET /bandar-mikitoto.webp HTTP/1.1" 200 79338 "https://kryexthemes.com/" "Mozilla/5.0 (Linux; Android 10; K) AppleWebKit/537.36 (KHTML, like Gecko) Chrome/141.0.0.0 Mobile Safari/537.36"
51.68.34.57 - - [29/Oct/2025:21:28:55 +0700] "GET /battlefield-bad-company-2-ps3-19012017-c-xl-xf0gAeNhb58H07Emn4t-vi.html HTTP/1.1" 302 208 "-" "Mozilla/5.0 (compatible; MJ12bot/v1.4.8; http://mj12bot.com/)"
51.68.34.57 - - [29/Oct/2025:21:28:57 +0700] "GET / HTTP/1.1" 200 31184 "-" "Mozilla/5.0 (compatible; MJ12bot/v1.4.8; http://mj12bot.com/)"
182.1.236.234 - - [29/Oct/2025:21:28:57 +0700] "POST /cdn-cgi/rum? HTTP/1.1" 302 208 "https://kryexthemes.com/" "Mozilla/5.0 (Linux; Android 10; K) AppleWebKit/537.36 (KHTML, like Gecko) Chrome/141.0.0.0 Mobile Safari/537.36"
182.1.236.234 - - [29/Oct/2025:21:28:57 +0700] "POST /cdn-cgi/rum? HTTP/1.1" 302 208 "https://kryexthemes.com/" "Mozilla/5.0 (Linux; Android 10; K) AppleWebKit/537.36 (KHTML, like Gecko) Chrome/141.0.0.0 Mobile Safari/537.36"
182.1.236.234 - - [29/Oct/2025:21:28:57 +0700] "GET / HTTP/1.1" 200 31184 "https://kryexthemes.com/" "Mozilla/5.0 (Linux; Android 10; K) AppleWebKit/537.36 (KHTML, like Gecko) Chrome/141.0.0.0 Mobile Safari/537.36"
182.1.236.234 - - [29/Oct/2025:21:28:57 +0700] "GET / HTTP/1.1" 200 31184 "https://kryexthemes.com/" "Mozilla/5.0 (Linux; Android 10; K) AppleWebKit/537.36 (KHTML, like Gecko) Chrome/141.0.0.0 Mobile Safari/537.36"
51.68.34.57 - - [29/Oct/2025:21:28:59 +0700] "GET /battlefield-bad-company-2-ps3-19012017-c-xl-xf0gAeNhb58H07Emn4t-vi.html HTTP/1.1" 302 208 "-" "Mozilla/5.0 (compatible; MJ12bot/v1.4.8; http://mj12bot.com/)"
51.68.34.57 - - [29/Oct/2025:21:29:01 +0700] "GET / HTTP/1.1" 200 31184 "-" "Mozilla/5.0 (compatible; MJ12bot/v1.4.8; http://mj12bot.com/)"
51.68.34.57 - - [29/Oct/2025:21:29:01 +0700] "GET /battlefield-hardline-ps4-the-last-dance-2022-xl-xf0gfaYflBKjLMAmn4t-vi.html HTTP/1.1" 302 208 "-" "Mozilla/5.0 (compatible; MJ12bot/v1.4.8; http://mj12bot.com/)"
51.68.34.57 - - [29/Oct/2025:21:29:03 +0700] "GET / HTTP/1.1" 200 31184 "-" "Mozilla/5.0 (compatible; MJ12bot/v1.4.8; http://mj12bot.com/)"
51.68.34.57 - - [29/Oct/2025:21:29:05 +0700] "GET /battlefield-hardline-ps4-the-last-dance-2022-xl-xf0gfaYflBKjLMAmn4t-vi.html HTTP/1.1" 302 208 "-" "Mozilla/5.0 (compatible; MJ12bot/v1.4.8; http://mj12bot.com/)"
51.68.34.57 - - [29/Oct/2025:21:29:07 +0700] "GET / HTTP/1.1" 200 31184 "-" "Mozilla/5.0 (compatible; MJ12bot/v1.4.8; http://mj12bot.com/)"
51.68.34.57 - - [29/Oct/2025:21:29:07 +0700] "GET /battlefield-hardline-ps5-multiplayer-gameplay-2022-the-block-xl-xf0gn098Sk2082Imn4t-vi.html HTTP/1.1" 302 208 "-" "Mozilla/5.0 (compatible; MJ12bot/v1.4.8; http://mj12bot.com/)"
51.68.34.57 - - [29/Oct/2025:21:29:09 +0700] "GET / HTTP/1.1" 200 31184 "-" "Mozilla/5.0 (compatible; MJ12bot/v1.4.8; http://mj12bot.com/)"
51.68.34.57 - - [29/Oct/2025:21:29:11 +0700] "GET /battlefield-hardline-ps5-multiplayer-gameplay-2022-the-block-xl-xf0gn098Sk2082Imn4t-vi.html HTTP/1.1" 302 208 "-" "Mozilla/5.0 (compatible; MJ12bot/v1.4.8; http://mj12bot.com/)"
51.68.34.57 - - [29/Oct/2025:21:29:13 +0700] "GET / HTTP/1.1" 200 31184 "-" "Mozilla/5.0 (compatible; MJ12bot/v1.4.8; http://mj12bot.com/)"
51.68.34.57 - - [29/Oct/2025:21:29:13 +0700] "GET /battlefield-hardline-ps5-multiplayer-gameplay-in-2021-xl-xf0gLmv9huEcziEmn4t-vi.html HTTP/1.1" 302 208 "-" "Mozilla/5.0 (compatible; MJ12bot/v1.4.8; http://mj12bot.com/)"
114.119.132.108 - - [29/Oct/2025:21:29:15 +0700] "GET /voax/urun-kategori/fashion-boot?filter_beden=m,s&=mavi,turuncu,yesil HTTP/1.1" 302 208 "https://kryexthemes.com/voax/urun-kategori/fashion-boot/?filter_beden=m%2Cs&filter_renk=mavi%2Cyesil" "Mozilla/5.0 (Linux; Android 7.0;) AppleWebKit/537.36 (KHTML, like Gecko) Mobile Safari/537.36 (compatible; PetalBot;+https://webmaster.petalsearch.com/site/petalbot)"
51.68.34.57 - - [29/Oct/2025:21:29:15 +0700] "GET / HTTP/1.1" 200 31184 "-" "Mozilla/5.0 (compatible; MJ12bot/v1.4.8; http://mj12bot.com/)"
114.119.132.108 - - [29/Oct/2025:21:29:17 +0700] "GET / HTTP/1.1" 200 35366 "https://kryexthemes.com/voax/urun-kategori/fashion-boot/?filter_beden=m%2Cs&filter_renk=mavi%2Cyesil" "Mozilla/5.0 (Linux; Android 7.0;) AppleWebKit/537.36 (KHTML, like Gecko) Mobile Safari/537.36 (compatible; PetalBot;+https://webmaster.petalsearch.com/site/petalbot)"
51.68.34.57 - - [29/Oct/2025:21:29:17 +0700] "GET /battlefield-hardline-ps5-multiplayer-gameplay-in-2021-xl-xf0gLmv9huEcziEmn4t-vi.html HTTP/1.1" 302 208 "-" "Mozilla/5.0 (compatible; MJ12bot/v1.4.8; http://mj12bot.com/)"
4.227.36.68 - - [29/Oct/2025:21:29:18 +0700] "GET /robots.txt HTTP/1.1" 200 71 "https://ommanitours.com/robots.txt" "Mozilla/5.0 (Macintosh; Intel Mac OS X 10_15_7) AppleWebKit/537.36 (KHTML, like Gecko) Chrome/131.0.0.0 Safari/537.36; compatible; OAI-SearchBot/1.0; robots.txt; +https://openai.com/searchbot"
51.68.34.57 - - [29/Oct/2025:21:29:19 +0700] "GET / HTTP/1.1" 200 31184 "-" "Mozilla/5.0 (compatible; MJ12bot/v1.4.8; http://mj12bot.com/)"
51.68.34.57 - - [29/Oct/2025:21:29:20 +0700] "GET /battlefield-hardline-ps5-next-gen-gameplay-xl-xf0gCxcaxMgWgCAmn4t-vi.html HTTP/1.1" 302 208 "-" "Mozilla/5.0 (compatible; MJ12bot/v1.4.8; http://mj12bot.com/)"
51.68.34.57 - - [29/Oct/2025:21:29:21 +0700] "GET / HTTP/1.1" 200 31184 "-" "Mozilla/5.0 (compatible; MJ12bot/v1.4.8; http://mj12bot.com/)"
51.68.34.57 - - [29/Oct/2025:21:29:24 +0700] "GET /battlefield-hardline-ps5-next-gen-gameplay-xl-xf0gCxcaxMgWgCAmn4t-vi.html HTTP/1.1" 302 208 "-" "Mozilla/5.0 (compatible; MJ12bot/v1.4.8; http://mj12bot.com/)"
51.68.34.57 - - [29/Oct/2025:21:29:25 +0700] "GET / HTTP/1.1" 200 31184 "-" "Mozilla/5.0 (compatible; MJ12bot/v1.4.8; http://mj12bot.com/)"
51.68.34.57 - - [29/Oct/2025:21:29:26 +0700] "GET /battlefield-hardline-ps5-next-gen-gameplay-xl-xf0gE_jnGYOnHvAmn4t-vi.html HTTP/1.1" 302 208 "-" "Mozilla/5.0 (compatible; MJ12bot/v1.4.8; http://mj12bot.com/)"
51.68.34.57 - - [29/Oct/2025:21:29:27 +0700] "GET / HTTP/1.1" 200 31184 "-" "Mozilla/5.0 (compatible; MJ12bot/v1.4.8; http://mj12bot.com/)"
51.68.34.57 - - [29/Oct/2025:21:29:30 +0700] "GET /battlefield-hardline-ps5-next-gen-gameplay-xl-xf0gE_jnGYOnHvAmn4t-vi.html HTTP/1.1" 302 208 "-" "Mozilla/5.0 (compatible; MJ12bot/v1.4.8; http://mj12bot.com/)"
51.68.34.57 - - [29/Oct/2025:21:29:31 +0700] "GET / HTTP/1.1" 200 31184 "-" "Mozilla/5.0 (compatible; MJ12bot/v1.4.8; http://mj12bot.com/)"
51.68.34.57 - - [29/Oct/2025:21:29:32 +0700] "GET /battlefield-hardline-random-omg-moments-xl-xf0gQVZg5sfjMFImn4t-vi.html HTTP/1.1" 302 208 "-" "Mozilla/5.0 (compatible; MJ12bot/v1.4.8; http://mj12bot.com/)"
51.68.34.57 - - [29/Oct/2025:21:29:34 +0700] "GET / HTTP/1.1" 200 31184 "-" "Mozilla/5.0 (compatible; MJ12bot/v1.4.8; http://mj12bot.com/)"
51.68.34.57 - - [29/Oct/2025:21:29:36 +0700] "GET /battlefield-hardline-random-omg-moments-xl-xf0gQVZg5sfjMFImn4t-vi.html HTTP/1.1" 302 208 "-" "Mozilla/5.0 (compatible; MJ12bot/v1.4.8; http://mj12bot.com/)"
51.68.34.57 - - [29/Oct/2025:21:29:38 +0700] "GET / HTTP/1.1" 200 31184 "-" "Mozilla/5.0 (compatible; MJ12bot/v1.4.8; http://mj12bot.com/)"
51.68.34.57 - - [29/Oct/2025:21:29:38 +0700] "GET /battlefield-hardline-random-trololo-funny-moments-glitches-xl-xf0gdClCjMBjyKYmn4t-vi.html HTTP/1.1" 302 208 "-" "Mozilla/5.0 (compatible; MJ12bot/v1.4.8; http://mj12bot.com/)"
51.68.34.57 - - [29/Oct/2025:21:29:40 +0700] "GET / HTTP/1.1" 200 31184 "-" "Mozilla/5.0 (compatible; MJ12bot/v1.4.8; http://mj12bot.com/)"
20.171.207.101 - - [29/Oct/2025:21:29:42 +0700] "GET /?p=2282 HTTP/1.1" 200 31184 "-" "Mozilla/5.0 AppleWebKit/537.36 (KHTML, like Gecko; compatible; GPTBot/1.2; +https://openai.com/gptbot)"
51.68.34.57 - - [29/Oct/2025:21:29:43 +0700] "GET /battlefield-hardline-random-trololo-funny-moments-glitches-xl-xf0gdClCjMBjyKYmn4t-vi.html HTTP/1.1" 302 208 "-" "Mozilla/5.0 (compatible; MJ12bot/v1.4.8; http://mj12bot.com/)"
51.68.34.57 - - [29/Oct/2025:21:29:44 +0700] "GET / HTTP/1.1" 200 31184 "-" "Mozilla/5.0 (compatible; MJ12bot/v1.4.8; http://mj12bot.com/)"
51.68.34.57 - - [29/Oct/2025:21:29:45 +0700] "GET /battlefield-hardline-rapstep-piter-g-prod-por-punyaso-xl-xf0gDqooODs4_qMmn4t-vi.html HTTP/1.1" 302 208 "-" "Mozilla/5.0 (compatible; MJ12bot/v1.4.8; http://mj12bot.com/)"
51.68.34.57 - - [29/Oct/2025:21:29:46 +0700] "GET / HTTP/1.1" 200 31184 "-" "Mozilla/5.0 (compatible; MJ12bot/v1.4.8; http://mj12bot.com/)"
51.68.34.57 - - [29/Oct/2025:21:29:49 +0700] "GET /battlefield-hardline-rapstep-piter-g-prod-por-punyaso-xl-xf0gDqooODs4_qMmn4t-vi.html HTTP/1.1" 302 208 "-" "Mozilla/5.0 (compatible; MJ12bot/v1.4.8; http://mj12bot.com/)"
51.68.34.57 - - [29/Oct/2025:21:29:50 +0700] "GET / HTTP/1.1" 200 31184 "-" "Mozilla/5.0 (compatible; MJ12bot/v1.4.8; http://mj12bot.com/)"
51.68.34.57 - - [29/Oct/2025:21:29:51 +0700] "GET /battlefield-hardline-real-action-hero-trophy-achievement-guide-episode-9-xl-xf0g6oozLUHT9-gmn4t-vi.html HTTP/1.1" 302 208 "-" "Mozilla/5.0 (compatible; MJ12bot/v1.4.8; http://mj12bot.com/)"
47.128.30.192 - - [29/Oct/2025:21:29:52 +0700] "GET /search/label/TNI%20AD HTTP/1.1" 302 208 "-" "Mozilla/5.0 (Linux; Android 5.0) AppleWebKit/537.36 (KHTML, like Gecko) Mobile Safari/537.36 (compatible; Bytespider; spider-feedback@bytedance.com)"
51.68.34.57 - - [29/Oct/2025:21:29:52 +0700] "GET / HTTP/1.1" 200 31184 "-" "Mozilla/5.0 (compatible; MJ12bot/v1.4.8; http://mj12bot.com/)"
47.128.30.192 - - [29/Oct/2025:21:29:53 +0700] "GET / HTTP/1.1" 200 31184 "-" "Mozilla/5.0 (Linux; Android 5.0) AppleWebKit/537.36 (KHTML, like Gecko) Mobile Safari/537.36 (compatible; Bytespider; spider-feedback@bytedance.com)"
51.68.34.57 - - [29/Oct/2025:21:29:55 +0700] "GET /battlefield-hardline-real-action-hero-trophy-achievement-guide-episode-9-xl-xf0g6oozLUHT9-gmn4t-vi.html HTTP/1.1" 302 208 "-" "Mozilla/5.0 (compatible; MJ12bot/v1.4.8; http://mj12bot.com/)"
51.68.34.57 - - [29/Oct/2025:21:29:57 +0700] "GET / HTTP/1.1" 200 31184 "-" "Mozilla/5.0 (compatible; MJ12bot/v1.4.8; http://mj12bot.com/)"
51.68.34.57 - - [29/Oct/2025:21:29:57 +0700] "GET /battlefield-hardline-rescue-gameplay-in-2020-xl-xf0gF0ME2xPZl4Amn4t-vi.html HTTP/1.1" 302 208 "-" "Mozilla/5.0 (compatible; MJ12bot/v1.4.8; http://mj12bot.com/)"
51.68.34.57 - - [29/Oct/2025:21:29:58 +0700] "GET / HTTP/1.1" 200 31184 "-" "Mozilla/5.0 (compatible; MJ12bot/v1.4.8; http://mj12bot.com/)"
216.244.66.201 - - [29/Oct/2025:21:30:01 +0700] "GET /robots.txt HTTP/1.1" 200 71 "-" "Mozilla/5.0 (compatible; DotBot/1.2; +https://opensiteexplorer.org/dotbot; help@moz.com)"
51.68.34.57 - - [29/Oct/2025:21:30:01 +0700] "GET /battlefield-hardline-rescue-gameplay-in-2020-xl-xf0gF0ME2xPZl4Amn4t-vi.html HTTP/1.1" 302 208 "-" "Mozilla/5.0 (compatible; MJ12bot/v1.4.8; http://mj12bot.com/)"
51.68.34.57 - - [29/Oct/2025:21:30:03 +0700] "GET /battlefield-hardline-review-bf4-hardline-comparison-battlefield-4-vs-bf-hardline-review-xl-xf0g6SyAT5YWZrwmn4t-vi.html HTTP/1.1" 302 208 "-" "Mozilla/5.0 (compatible; MJ12bot/v1.4.8; http://mj12bot.com/)"
51.68.34.57 - - [29/Oct/2025:21:30:03 +0700] "GET / HTTP/1.1" 200 31184 "-" "Mozilla/5.0 (compatible; MJ12bot/v1.4.8; http://mj12bot.com/)"
51.68.34.57 - - [29/Oct/2025:21:30:04 +0700] "GET / HTTP/1.1" 200 31184 "-" "Mozilla/5.0 (compatible; MJ12bot/v1.4.8; http://mj12bot.com/)"
51.68.34.57 - - [29/Oct/2025:21:30:07 +0700] "GET /battlefield-hardline-review-bf4-hardline-comparison-battlefield-4-vs-bf-hardline-review-xl-xf0g6SyAT5YWZrwmn4t-vi.html HTTP/1.1" 302 208 "-" "Mozilla/5.0 (compatible; MJ12bot/v1.4.8; http://mj12bot.com/)"
51.68.34.57 - - [29/Oct/2025:21:30:09 +0700] "GET /battlefield-hardline-review-worth-a-buy-xl-xf0ggY6VP24BIAomn4t-vi.html HTTP/1.1" 302 208 "-" "Mozilla/5.0 (compatible; MJ12bot/v1.4.8; http://mj12bot.com/)"
51.68.34.57 - - [29/Oct/2025:21:30:09 +0700] "GET / HTTP/1.1" 200 31184 "-" "Mozilla/5.0 (compatible; MJ12bot/v1.4.8; http://mj12bot.com/)"
51.68.34.57 - - [29/Oct/2025:21:30:10 +0700] "GET / HTTP/1.1" 200 31184 "-" "Mozilla/5.0 (compatible; MJ12bot/v1.4.8; http://mj12bot.com/)"
51.68.34.57 - - [29/Oct/2025:21:30:14 +0700] "GET /battlefield-hardline-review-worth-a-buy-xl-xf0ggY6VP24BIAomn4t-vi.html HTTP/1.1" 302 208 "-" "Mozilla/5.0 (compatible; MJ12bot/v1.4.8; http://mj12bot.com/)"
51.68.34.57 - - [29/Oct/2025:21:30:15 +0700] "GET /battlefield-hardline-rogue-chopper-9min-gameplay-ultra-settings-19-kills-blood-money-xl-xf0gFoqUJtXd2lAmn4t-vi.html HTTP/1.1" 302 208 "-" "Mozilla/5.0 (compatible; MJ12bot/v1.4.8; http://mj12bot.com/)"
51.68.34.57 - - [29/Oct/2025:21:30:15 +0700] "GET / HTTP/1.1" 200 31184 "-" "Mozilla/5.0 (compatible; MJ12bot/v1.4.8; http://mj12bot.com/)"
51.68.34.57 - - [29/Oct/2025:21:30:16 +0700] "GET / HTTP/1.1" 200 31184 "-" "Mozilla/5.0 (compatible; MJ12bot/v1.4.8; http://mj12bot.com/)"
51.68.34.57 - - [29/Oct/2025:21:30:20 +0700] "GET /battlefield-hardline-rogue-chopper-9min-gameplay-ultra-settings-19-kills-blood-money-xl-xf0gFoqUJtXd2lAmn4t-vi.html HTTP/1.1" 302 208 "-" "Mozilla/5.0 (compatible; MJ12bot/v1.4.8; http://mj12bot.com/)"
51.68.34.57 - - [29/Oct/2025:21:30:21 +0700] "GET /battlefield-hardline-rpk-review-gameplay-best-gun-setup-weapon-guide-bfh-xl-xf0gJp5KbDxQ4xsmn4t-vi.html HTTP/1.1" 302 208 "-" "Mozilla/5.0 (compatible; MJ12bot/v1.4.8; http://mj12bot.com/)"
51.68.34.57 - - [29/Oct/2025:21:30:21 +0700] "GET / HTTP/1.1" 200 31184 "-" "Mozilla/5.0 (compatible; MJ12bot/v1.4.8; http://mj12bot.com/)"
51.68.34.57 - - [29/Oct/2025:21:30:22 +0700] "GET / HTTP/1.1" 200 31184 "-" "Mozilla/5.0 (compatible; MJ12bot/v1.4.8; http://mj12bot.com/)"
51.68.34.57 - - [29/Oct/2025:21:30:26 +0700] "GET /battlefield-hardline-rpk-review-gameplay-best-gun-setup-weapon-guide-bfh-xl-xf0gJp5KbDxQ4xsmn4t-vi.html HTTP/1.1" 302 208 "-" "Mozilla/5.0 (compatible; MJ12bot/v1.4.8; http://mj12bot.com/)"
51.68.34.57 - - [29/Oct/2025:21:30:27 +0700] "GET /battlefield-hardline-rtmr-multiplayer-gameplay-78-meow-xl-xf0gqsMbgskcju4mn4t-vi.html HTTP/1.1" 302 208 "-" "Mozilla/5.0 (compatible; MJ12bot/v1.4.8; http://mj12bot.com/)"
51.68.34.57 - - [29/Oct/2025:21:30:27 +0700] "GET / HTTP/1.1" 200 31184 "-" "Mozilla/5.0 (compatible; MJ12bot/v1.4.8; http://mj12bot.com/)"
51.68.34.57 - - [29/Oct/2025:21:30:29 +0700] "GET / HTTP/1.1" 200 31184 "-" "Mozilla/5.0 (compatible; MJ12bot/v1.4.8; http://mj12bot.com/)"
51.68.34.57 - - [29/Oct/2025:21:30:32 +0700] "GET /battlefield-hardline-rtmr-multiplayer-gameplay-78-meow-xl-xf0gqsMbgskcju4mn4t-vi.html HTTP/1.1" 302 208 "-" "Mozilla/5.0 (compatible; MJ12bot/v1.4.8; http://mj12bot.com/)"
51.68.34.57 - - [29/Oct/2025:21:30:33 +0700] "GET /battlefield-hardline-s-nvidia-full-action-game-xl-xf0ghduTY_VSuecmn4t-vi.html HTTP/1.1" 302 208 "-" "Mozilla/5.0 (compatible; MJ12bot/v1.4.8; http://mj12bot.com/)"
51.68.34.57 - - [29/Oct/2025:21:30:34 +0700] "GET / HTTP/1.1" 200 31184 "-" "Mozilla/5.0 (compatible; MJ12bot/v1.4.8; http://mj12bot.com/)"
51.68.34.57 - - [29/Oct/2025:21:30:34 +0700] "GET / HTTP/1.1" 200 31184 "-" "Mozilla/5.0 (compatible; MJ12bot/v1.4.8; http://mj12bot.com/)"
114.119.156.33 - - [29/Oct/2025:21:30:38 +0700] "GET /voax/urun-kategori/fashion-boot?filter_beden=m,s&=mavi,mor,turuncu,yesil HTTP/1.1" 302 208 "https://kryexthemes.com/voax/urun-kategori/fashion-boot/?filter_beden=m%2Cs&filter_renk=mavi%2Cmor%2Cyesil" "Mozilla/5.0 (Linux; Android 7.0;) AppleWebKit/537.36 (KHTML, like Gecko) Mobile Safari/537.36 (compatible; PetalBot;+https://webmaster.petalsearch.com/site/petalbot)"
51.68.34.57 - - [29/Oct/2025:21:30:38 +0700] "GET /battlefield-hardline-s-nvidia-full-action-game-xl-xf0ghduTY_VSuecmn4t-vi.html HTTP/1.1" 302 208 "-" "Mozilla/5.0 (compatible; MJ12bot/v1.4.8; http://mj12bot.com/)"
114.119.156.33 - - [29/Oct/2025:21:30:39 +0700] "GET / HTTP/1.1" 200 35366 "https://kryexthemes.com/voax/urun-kategori/fashion-boot/?filter_beden=m%2Cs&filter_renk=mavi%2Cmor%2Cyesil" "Mozilla/5.0 (Linux; Android 7.0;) AppleWebKit/537.36 (KHTML, like Gecko) Mobile Safari/537.36 (compatible; PetalBot;+https://webmaster.petalsearch.com/site/petalbot)"
51.68.34.57 - - [29/Oct/2025:21:30:39 +0700] "GET /battlefield-hardline-sar-21-review-gameplay-best-gun-setup-weapon-guide-bfh-xl-xf0gx0h9_b2JQLcmn4t-vi.html HTTP/1.1" 302 208 "-" "Mozilla/5.0 (compatible; MJ12bot/v1.4.8; http://mj12bot.com/)"
51.68.34.57 - - [29/Oct/2025:21:30:40 +0700] "GET / HTTP/1.1" 200 31184 "-" "Mozilla/5.0 (compatible; MJ12bot/v1.4.8; http://mj12bot.com/)"
51.68.34.57 - - [29/Oct/2025:21:30:40 +0700] "GET / HTTP/1.1" 200 31184 "-" "Mozilla/5.0 (compatible; MJ12bot/v1.4.8; http://mj12bot.com/)"
51.68.34.57 - - [29/Oct/2025:21:30:44 +0700] "GET /battlefield-hardline-sar-21-review-gameplay-best-gun-setup-weapon-guide-bfh-xl-xf0gx0h9_b2JQLcmn4t-vi.html HTTP/1.1" 302 208 "-" "Mozilla/5.0 (compatible; MJ12bot/v1.4.8; http://mj12bot.com/)"
51.68.34.57 - - [29/Oct/2025:21:30:45 +0700] "GET /battlefield-hardline-sborka-film-matrica-mp5k-magnum-44-xl-xf0gostp84pxUZcmn4t-vi.html HTTP/1.1" 302 208 "-" "Mozilla/5.0 (compatible; MJ12bot/v1.4.8; http://mj12bot.com/)"
51.68.34.57 - - [29/Oct/2025:21:30:46 +0700] "GET / HTTP/1.1" 200 31184 "-" "Mozilla/5.0 (compatible; MJ12bot/v1.4.8; http://mj12bot.com/)"
51.68.34.57 - - [29/Oct/2025:21:30:47 +0700] "GET / HTTP/1.1" 200 31184 "-" "Mozilla/5.0 (compatible; MJ12bot/v1.4.8; http://mj12bot.com/)"
51.68.34.57 - - [29/Oct/2025:21:30:50 +0700] "GET /battlefield-hardline-sborka-film-matrica-mp5k-magnum-44-xl-xf0gostp84pxUZcmn4t-vi.html HTTP/1.1" 302 208 "-" "Mozilla/5.0 (compatible; MJ12bot/v1.4.8; http://mj12bot.com/)"
51.68.34.57 - - [29/Oct/2025:21:30:51 +0700] "GET /battlefield-hardline-sborka-mechta-diktatora-zolotoy-akm-xl-xf0gYawWMwlwXmQmn4t-vi.html HTTP/1.1" 302 208 "-" "Mozilla/5.0 (compatible; MJ12bot/v1.4.8; http://mj12bot.com/)"
51.68.34.57 - - [29/Oct/2025:21:30:52 +0700] "GET / HTTP/1.1" 200 31184 "-" "Mozilla/5.0 (compatible; MJ12bot/v1.4.8; http://mj12bot.com/)"
51.68.34.57 - - [29/Oct/2025:21:30:53 +0700] "GET / HTTP/1.1" 200 31184 "-" "Mozilla/5.0 (compatible; MJ12bot/v1.4.8; http://mj12bot.com/)"
51.68.34.57 - - [29/Oct/2025:21:30:56 +0700] "GET /battlefield-hardline-sborka-mechta-diktatora-zolotoy-akm-xl-xf0gYawWMwlwXmQmn4t-vi.html HTTP/1.1" 302 208 "-" "Mozilla/5.0 (compatible; MJ12bot/v1.4.8; http://mj12bot.com/)"
51.68.34.57 - - [29/Oct/2025:21:30:58 +0700] "GET /battlefield-hardline-scar-h-best-battle-rifle-scar-h-gameplay-xl-xf0gq7IKbbwa9Bsmn4t-vi.html HTTP/1.1" 302 208 "-" "Mozilla/5.0 (compatible; MJ12bot/v1.4.8; http://mj12bot.com/)"
51.68.34.57 - - [29/Oct/2025:21:30:58 +0700] "GET / HTTP/1.1" 200 31184 "-" "Mozilla/5.0 (compatible; MJ12bot/v1.4.8; http://mj12bot.com/)"
51.68.34.57 - - [29/Oct/2025:21:30:59 +0700] "GET / HTTP/1.1" 200 31184 "-" "Mozilla/5.0 (compatible; MJ12bot/v1.4.8; http://mj12bot.com/)"
51.68.34.57 - - [29/Oct/2025:21:31:03 +0700] "GET /battlefield-hardline-scar-h-best-battle-rifle-scar-h-gameplay-xl-xf0gq7IKbbwa9Bsmn4t-vi.html HTTP/1.1" 302 208 "-" "Mozilla/5.0 (compatible; MJ12bot/v1.4.8; http://mj12bot.com/)"
51.68.34.57 - - [29/Oct/2025:21:31:04 +0700] "GET /battlefield-hardline-scout-helicopter-65-0-xl-xf0g00F6EERheJUmn4t-vi.html HTTP/1.1" 302 208 "-" "Mozilla/5.0 (compatible; MJ12bot/v1.4.8; http://mj12bot.com/)"
51.68.34.57 - - [29/Oct/2025:21:31:04 +0700] "GET / HTTP/1.1" 200 31184 "-" "Mozilla/5.0 (compatible; MJ12bot/v1.4.8; http://mj12bot.com/)"
51.68.34.57 - - [29/Oct/2025:21:31:05 +0700] "GET / HTTP/1.1" 200 31184 "-" "Mozilla/5.0 (compatible; MJ12bot/v1.4.8; http://mj12bot.com/)"
51.68.34.57 - - [29/Oct/2025:21:31:09 +0700] "GET /battlefield-hardline-scout-helicopter-65-0-xl-xf0g00F6EERheJUmn4t-vi.html HTTP/1.1" 302 208 "-" "Mozilla/5.0 (compatible; MJ12bot/v1.4.8; http://mj12bot.com/)"
51.68.34.57 - - [29/Oct/2025:21:31:10 +0700] "GET /battlefield-hardline-secret-roof-glitch-on-bank-job-after-patch-2015-xl-xf0gF5gaMItsLjomn4t-vi.html HTTP/1.1" 302 208 "-" "Mozilla/5.0 (compatible; MJ12bot/v1.4.8; http://mj12bot.com/)"
51.68.34.57 - - [29/Oct/2025:21:31:10 +0700] "GET / HTTP/1.1" 200 31184 "-" "Mozilla/5.0 (compatible; MJ12bot/v1.4.8; http://mj12bot.com/)"
51.68.34.57 - - [29/Oct/2025:21:31:11 +0700] "GET / HTTP/1.1" 200 31184 "-" "Mozilla/5.0 (compatible; MJ12bot/v1.4.8; http://mj12bot.com/)"
172.245.102.52 - - [29/Oct/2025:21:31:12 +0700] "GET /87.php HTTP/1.1" 404 47 "http://mikitogeljitu.com/87.php" "Go-http-client/1.1"
172.245.102.52 - - [29/Oct/2025:21:31:13 +0700] "GET /ENKI.php HTTP/1.1" 404 47 "http://mikitogeljitu.com/ENKI.php" "Go-http-client/1.1"
172.245.102.52 - - [29/Oct/2025:21:31:14 +0700] "GET /zasf HTTP/1.1" 302 208 "http://mikitogeljitu.com/zasf" "Go-http-client/1.1"
172.245.102.52 - - [29/Oct/2025:21:31:14 +0700] "GET / HTTP/1.1" 200 35366 "https://kryexthemes.com/zasf" "Go-http-client/1.1"
51.68.34.57 - - [29/Oct/2025:21:31:15 +0700] "GET /battlefield-hardline-secret-roof-glitch-on-bank-job-after-patch-2015-xl-xf0gF5gaMItsLjomn4t-vi.html HTTP/1.1" 302 208 "-" "Mozilla/5.0 (compatible; MJ12bot/v1.4.8; http://mj12bot.com/)"
172.245.102.52 - - [29/Oct/2025:21:31:16 +0700] "GET /xwebshell.php HTTP/1.1" 404 47 "http://mikitogeljitu.com/xwebshell.php" "Go-http-client/1.1"
51.68.34.57 - - [29/Oct/2025:21:31:16 +0700] "GET /battlefield-hardline-single-player-ps3-gameplay-xl-xf0gpxeAh9bJHromn4t-vi.html HTTP/1.1" 302 208 "-" "Mozilla/5.0 (compatible; MJ12bot/v1.4.8; http://mj12bot.com/)"
172.245.102.52 - - [29/Oct/2025:21:31:17 +0700] "GET /wpx.php HTTP/1.1" 404 47 "http://mikitogeljitu.com/wpx.php" "Go-http-client/1.1"
51.68.34.57 - - [29/Oct/2025:21:31:17 +0700] "GET / HTTP/1.1" 200 31184 "-" "Mozilla/5.0 (compatible; MJ12bot/v1.4.8; http://mj12bot.com/)"
51.68.34.57 - - [29/Oct/2025:21:31:18 +0700] "GET / HTTP/1.1" 200 31184 "-" "Mozilla/5.0 (compatible; MJ12bot/v1.4.8; http://mj12bot.com/)"
172.245.102.52 - - [29/Oct/2025:21:31:18 +0700] "GET /asu.php HTTP/1.1" 404 47 "http://mikitogeljitu.com/asu.php" "Go-http-client/1.1"
172.245.102.52 - - [29/Oct/2025:21:31:19 +0700] "GET /dev.php HTTP/1.1" 404 47 "http://mikitogeljitu.com/dev.php" "Go-http-client/1.1"
172.245.102.52 - - [29/Oct/2025:21:31:21 +0700] "GET /images/class-config.php HTTP/1.1" 302 208 "http://mikitogeljitu.com/images/class-config.php" "Go-http-client/1.1"
172.245.102.52 - - [29/Oct/2025:21:31:21 +0700] "GET / HTTP/1.1" 200 35366 "https://kryexthemes.com/images/class-config.php" "Go-http-client/1.1"
51.68.34.57 - - [29/Oct/2025:21:31:21 +0700] "GET /battlefield-hardline-single-player-ps3-gameplay-xl-xf0gpxeAh9bJHromn4t-vi.html HTTP/1.1" 302 208 "-" "Mozilla/5.0 (compatible; MJ12bot/v1.4.8; http://mj12bot.com/)"
172.245.102.52 - - [29/Oct/2025:21:31:22 +0700] "GET /content.php HTTP/1.1" 404 47 "http://mikitogeljitu.com/content.php" "Go-http-client/1.1"
51.68.34.57 - - [29/Oct/2025:21:31:22 +0700] "GET /battlefield-hardline-single-player-review-flawed-from-the-start-xl-xf0gKnKV-etCRqImn4t-vi.html HTTP/1.1" 302 208 "-" "Mozilla/5.0 (compatible; MJ12bot/v1.4.8; http://mj12bot.com/)"
51.68.34.57 - - [29/Oct/2025:21:31:23 +0700] "GET / HTTP/1.1" 200 31184 "-" "Mozilla/5.0 (compatible; MJ12bot/v1.4.8; http://mj12bot.com/)"
172.245.102.52 - - [29/Oct/2025:21:31:23 +0700] "GET /.well-known/gecko-litespeed.php HTTP/1.1" 404 47 "http://mikitogeljitu.com/.well-known/gecko-litespeed.php" "Go-http-client/1.1"
51.68.34.57 - - [29/Oct/2025:21:31:24 +0700] "GET / HTTP/1.1" 200 31184 "-" "Mozilla/5.0 (compatible; MJ12bot/v1.4.8; http://mj12bot.com/)"
172.245.102.52 - - [29/Oct/2025:21:31:24 +0700] "GET /admin.php HTTP/1.1" 404 47 "http://mikitogeljitu.com/admin.php" "Go-http-client/1.1"
172.245.102.52 - - [29/Oct/2025:21:31:25 +0700] "GET /wp-admin/admin-wolf.php HTTP/1.1" 302 208 "http://mikitogeljitu.com/wp-admin/admin-wolf.php" "Go-http-client/1.1"
172.245.102.52 - - [29/Oct/2025:21:31:26 +0700] "GET / HTTP/1.1" 200 35366 "https://kryexthemes.com/wp-admin/admin-wolf.php" "Go-http-client/1.1"
172.245.102.52 - - [29/Oct/2025:21:31:27 +0700] "GET /404.php HTTP/1.1" 404 47 "http://mikitogeljitu.com/404.php" "Go-http-client/1.1"
51.68.34.57 - - [29/Oct/2025:21:31:27 +0700] "GET /battlefield-hardline-single-player-review-flawed-from-the-start-xl-xf0gKnKV-etCRqImn4t-vi.html HTTP/1.1" 302 208 "-" "Mozilla/5.0 (compatible; MJ12bot/v1.4.8; http://mj12bot.com/)"
172.245.102.52 - - [29/Oct/2025:21:31:28 +0700] "GET /wp-content/themes/classwithtostring.php HTTP/1.1" 302 208 "http://mikitogeljitu.com/wp-content/themes/classwithtostring.php" "Go-http-client/1.1"
51.68.34.57 - - [29/Oct/2025:21:31:28 +0700] "GET /battlefield-hardline-sniper-fragmovie-respect-xl-xf0goMOGMymC9XYmn4t-vi.html HTTP/1.1" 302 208 "-" "Mozilla/5.0 (compatible; MJ12bot/v1.4.8; http://mj12bot.com/)"
172.245.102.52 - - [29/Oct/2025:21:31:29 +0700] "GET / HTTP/1.1" 200 35366 "https://kryexthemes.com/wp-content/themes/classwithtostring.php" "Go-http-client/1.1"
51.68.34.57 - - [29/Oct/2025:21:31:29 +0700] "GET / HTTP/1.1" 200 31184 "-" "Mozilla/5.0 (compatible; MJ12bot/v1.4.8; http://mj12bot.com/)"
172.245.102.52 - - [29/Oct/2025:21:31:29 +0700] "GET /wp-content/themes/pridmag/db.php HTTP/1.1" 302 208 "http://mikitogeljitu.com/wp-content/themes/pridmag/db.php" "Go-http-client/1.1"
172.245.102.52 - - [29/Oct/2025:21:31:30 +0700] "GET / HTTP/1.1" 200 35366 "https://kryexthemes.com/wp-content/themes/pridmag/db.php" "Go-http-client/1.1"
51.68.34.57 - - [29/Oct/2025:21:31:30 +0700] "GET / HTTP/1.1" 200 31184 "-" "Mozilla/5.0 (compatible; MJ12bot/v1.4.8; http://mj12bot.com/)"
172.245.102.52 - - [29/Oct/2025:21:31:31 +0700] "GET /filemanager.php HTTP/1.1" 404 47 "http://mikitogeljitu.com/filemanager.php" "Go-http-client/1.1"
172.245.102.52 - - [29/Oct/2025:21:31:32 +0700] "GET /wp-content/plugins/linkpreview/db.php HTTP/1.1" 302 208 "http://mikitogeljitu.com/wp-content/plugins/linkpreview/db.php" "Go-http-client/1.1"
172.245.102.52 - - [29/Oct/2025:21:31:32 +0700] "GET / HTTP/1.1" 200 35366 "https://kryexthemes.com/wp-content/plugins/linkpreview/db.php" "Go-http-client/1.1"
172.245.102.52 - - [29/Oct/2025:21:31:33 +0700] "GET /wp-content/themes/seotheme/db.php HTTP/1.1" 302 208 "http://mikitogeljitu.com/wp-content/themes/seotheme/db.php" "Go-http-client/1.1"
51.68.34.57 - - [29/Oct/2025:21:31:34 +0700] "GET /battlefield-hardline-sniper-fragmovie-respect-xl-xf0goMOGMymC9XYmn4t-vi.html HTTP/1.1" 302 208 "-" "Mozilla/5.0 (compatible; MJ12bot/v1.4.8; http://mj12bot.com/)"
172.245.102.52 - - [29/Oct/2025:21:31:34 +0700] "GET / HTTP/1.1" 200 35366 "https://kryexthemes.com/wp-content/themes/seotheme/db.php" "Go-http-client/1.1"
51.68.34.57 - - [29/Oct/2025:21:31:35 +0700] "GET /battlefield-hardline-soundtrack-cutless-supreme-xl-xf0g6PJXLwd2PhMmn4t-vi.html HTTP/1.1" 302 208 "-" "Mozilla/5.0 (compatible; MJ12bot/v1.4.8; http://mj12bot.com/)"
172.245.102.52 - - [29/Oct/2025:21:31:35 +0700] "GET /wp-content/plugins/seoplugins/db.php HTTP/1.1" 302 208 "http://mikitogeljitu.com/wp-content/plugins/seoplugins/db.php" "Go-http-client/1.1"
51.68.34.57 - - [29/Oct/2025:21:31:35 +0700] "GET / HTTP/1.1" 200 31184 "-" "Mozilla/5.0 (compatible; MJ12bot/v1.4.8; http://mj12bot.com/)"
172.245.102.52 - - [29/Oct/2025:21:31:35 +0700] "GET / HTTP/1.1" 200 35366 "https://kryexthemes.com/wp-content/plugins/seoplugins/db.php" "Go-http-client/1.1"
51.68.34.57 - - [29/Oct/2025:21:31:36 +0700] "GET / HTTP/1.1" 200 31184 "-" "Mozilla/5.0 (compatible; MJ12bot/v1.4.8; http://mj12bot.com/)"
172.245.102.52 - - [29/Oct/2025:21:31:37 +0700] "GET /wp-content/plugins/classic-editor/wp-login.php HTTP/1.1" 302 208 "http://mikitogeljitu.com/wp-content/plugins/classic-editor/wp-login.php" "Go-http-client/1.1"
172.245.102.52 - - [29/Oct/2025:21:31:37 +0700] "GET / HTTP/1.1" 200 35366 "https://kryexthemes.com/wp-content/plugins/classic-editor/wp-login.php" "Go-http-client/1.1"
172.245.102.52 - - [29/Oct/2025:21:31:38 +0700] "GET /wp-content/uploads/wpr-addons/forms/b1ack.php HTTP/1.1" 302 208 "http://mikitogeljitu.com/wp-content/uploads/wpr-addons/forms/b1ack.php" "Go-http-client/1.1"
172.245.102.52 - - [29/Oct/2025:21:31:38 +0700] "GET / HTTP/1.1" 200 35366 "https://kryexthemes.com/wp-content/uploads/wpr-addons/forms/b1ack.php" "Go-http-client/1.1"
172.245.102.52 - - [29/Oct/2025:21:31:39 +0700] "GET /wp-content/plugins/erinyani/default.php HTTP/1.1" 302 208 "http://mikitogeljitu.com/wp-content/plugins/erinyani/default.php" "Go-http-client/1.1"
172.245.102.52 - - [29/Oct/2025:21:31:39 +0700] "GET / HTTP/1.1" 200 35366 "https://kryexthemes.com/wp-content/plugins/erinyani/default.php" "Go-http-client/1.1"
51.68.34.57 - - [29/Oct/2025:21:31:40 +0700] "GET /battlefield-hardline-soundtrack-cutless-supreme-xl-xf0g6PJXLwd2PhMmn4t-vi.html HTTP/1.1" 302 208 "-" "Mozilla/5.0 (compatible; MJ12bot/v1.4.8; http://mj12bot.com/)"
51.68.34.57 - - [29/Oct/2025:21:31:41 +0700] "GET /battlefield-hardline-soundtrack-defeat-theme-full-xl-xf0gZ1Ow_A3bysQmn4t-vi.html HTTP/1.1" 302 208 "-" "Mozilla/5.0 (compatible; MJ12bot/v1.4.8; http://mj12bot.com/)"
172.245.102.52 - - [29/Oct/2025:21:31:41 +0700] "GET /wp-admin/includes/admin-ajax.php HTTP/1.1" 302 208 "http://mikitogeljitu.com/wp-admin/includes/admin-ajax.php" "Go-http-client/1.1"
51.68.34.57 - - [29/Oct/2025:21:31:41 +0700] "GET / HTTP/1.1" 200 31184 "-" "Mozilla/5.0 (compatible; MJ12bot/v1.4.8; http://mj12bot.com/)"
172.245.102.52 - - [29/Oct/2025:21:31:41 +0700] "GET / HTTP/1.1" 200 35366 "https://kryexthemes.com/wp-admin/includes/admin-ajax.php" "Go-http-client/1.1"
51.68.34.57 - - [29/Oct/2025:21:31:42 +0700] "GET / HTTP/1.1" 200 31184 "-" "Mozilla/5.0 (compatible; MJ12bot/v1.4.8; http://mj12bot.com/)"
172.245.102.52 - - [29/Oct/2025:21:31:43 +0700] "GET /wp-content/index.php HTTP/1.1" 302 208 "http://mikitogeljitu.com/wp-content/index.php" "Go-http-client/1.1"
172.245.102.52 - - [29/Oct/2025:21:31:43 +0700] "GET / HTTP/1.1" 200 35366 "https://kryexthemes.com/wp-content/index.php" "Go-http-client/1.1"
172.245.102.52 - - [29/Oct/2025:21:31:45 +0700] "GET /cong.php HTTP/1.1" 404 47 "http://mikitogeljitu.com/cong.php" "Go-http-client/1.1"
51.68.34.57 - - [29/Oct/2025:21:31:46 +0700] "GET /battlefield-hardline-soundtrack-defeat-theme-full-xl-xf0gZ1Ow_A3bysQmn4t-vi.html HTTP/1.1" 302 208 "-" "Mozilla/5.0 (compatible; MJ12bot/v1.4.8; http://mj12bot.com/)"
172.245.102.52 - - [29/Oct/2025:21:31:46 +0700] "GET /dropdown.php HTTP/1.1" 404 47 "http://mikitogeljitu.com/dropdown.php" "Go-http-client/1.1"
51.68.34.57 - - [29/Oct/2025:21:31:47 +0700] "GET /battlefield-hardline-soundtrack-drug-raid-hd-xl-xf0g0jKoc4LMiAwmn4t-vi.html HTTP/1.1" 302 208 "-" "Mozilla/5.0 (compatible; MJ12bot/v1.4.8; http://mj12bot.com/)"
51.68.34.57 - - [29/Oct/2025:21:31:48 +0700] "GET / HTTP/1.1" 200 31184 "-" "Mozilla/5.0 (compatible; MJ12bot/v1.4.8; http://mj12bot.com/)"
172.245.102.52 - - [29/Oct/2025:21:31:48 +0700] "GET /wso.php HTTP/1.1" 404 47 "http://mikitogeljitu.com/wso.php" "Go-http-client/1.1"
51.68.34.57 - - [29/Oct/2025:21:31:48 +0700] "GET / HTTP/1.1" 200 31184 "-" "Mozilla/5.0 (compatible; MJ12bot/v1.4.8; http://mj12bot.com/)"
172.245.102.52 - - [29/Oct/2025:21:31:48 +0700] "GET /byp.php HTTP/1.1" 404 47 "http://mikitogeljitu.com/byp.php" "Go-http-client/1.1"
172.245.102.52 - - [29/Oct/2025:21:31:51 +0700] "GET /wp-content/plugins/WordPressCore/index.php HTTP/1.1" 302 208 "http://mikitogeljitu.com/wp-content/plugins/WordPressCore/index.php" "Go-http-client/1.1"
172.245.102.52 - - [29/Oct/2025:21:31:51 +0700] "GET / HTTP/1.1" 200 35366 "https://kryexthemes.com/wp-content/plugins/WordPressCore/index.php" "Go-http-client/1.1"
51.68.34.57 - - [29/Oct/2025:21:31:52 +0700] "GET /battlefield-hardline-soundtrack-drug-raid-hd-xl-xf0g0jKoc4LMiAwmn4t-vi.html HTTP/1.1" 302 208 "-" "Mozilla/5.0 (compatible; MJ12bot/v1.4.8; http://mj12bot.com/)"
172.245.102.52 - - [29/Oct/2025:21:31:53 +0700] "GET /post.php HTTP/1.1" 404 47 "http://mikitogeljitu.com/post.php" "Go-http-client/1.1"
51.68.34.57 - - [29/Oct/2025:21:31:53 +0700] "GET /battlefield-hardline-soundtrack-zip-line-xl-xf0gtaFALpFGkBcmn4t-vi.html HTTP/1.1" 302 208 "-" "Mozilla/5.0 (compatible; MJ12bot/v1.4.8; http://mj12bot.com/)"
172.245.102.52 - - [29/Oct/2025:21:31:53 +0700] "GET /license.php HTTP/1.1" 404 47 "http://mikitogeljitu.com/license.php" "Go-http-client/1.1"
51.68.34.57 - - [29/Oct/2025:21:31:54 +0700] "GET / HTTP/1.1" 200 31184 "-" "Mozilla/5.0 (compatible; MJ12bot/v1.4.8; http://mj12bot.com/)"
51.68.34.57 - - [29/Oct/2025:21:31:54 +0700] "GET / HTTP/1.1" 200 31184 "-" "Mozilla/5.0 (compatible; MJ12bot/v1.4.8; http://mj12bot.com/)"
172.245.102.52 - - [29/Oct/2025:21:31:55 +0700] "GET /wp-admin/css/colors/coffee/index.php HTTP/1.1" 302 208 "http://mikitogeljitu.com/wp-admin/css/colors/coffee/index.php" "Go-http-client/1.1"
172.245.102.52 - - [29/Oct/2025:21:31:55 +0700] "GET / HTTP/1.1" 200 35366 "https://kryexthemes.com/wp-admin/css/colors/coffee/index.php" "Go-http-client/1.1"
172.245.102.52 - - [29/Oct/2025:21:31:57 +0700] "GET /default.php HTTP/1.1" 404 47 "http://mikitogeljitu.com/default.php" "Go-http-client/1.1"
172.245.102.52 - - [29/Oct/2025:21:31:58 +0700] "GET /ws.php HTTP/1.1" 404 47 "http://mikitogeljitu.com/ws.php" "Go-http-client/1.1"
51.68.34.57 - - [29/Oct/2025:21:31:59 +0700] "GET /battlefield-hardline-soundtrack-zip-line-xl-xf0gtaFALpFGkBcmn4t-vi.html HTTP/1.1" 302 208 "-" "Mozilla/5.0 (compatible; MJ12bot/v1.4.8; http://mj12bot.com/)"
172.245.102.52 - - [29/Oct/2025:21:31:59 +0700] "GET /wp-includes/certificates/index.php HTTP/1.1" 302 208 "http://mikitogeljitu.com/wp-includes/certificates/index.php" "Go-http-client/1.1"
172.245.102.52 - - [29/Oct/2025:21:31:59 +0700] "GET / HTTP/1.1" 200 35366 "https://kryexthemes.com/wp-includes/certificates/index.php" "Go-http-client/1.1"
51.68.34.57 - - [29/Oct/2025:21:31:59 +0700] "GET /battlefield-hardline-straight-outta-compton-xl-xf0g5Z15TinA35Imn4t-vi.html HTTP/1.1" 302 208 "-" "Mozilla/5.0 (compatible; MJ12bot/v1.4.8; http://mj12bot.com/)"
172.245.102.52 - - [29/Oct/2025:21:32:00 +0700] "GET /wp.php HTTP/1.1" 404 47 "http://mikitogeljitu.com/wp.php" "Go-http-client/1.1"
51.68.34.57 - - [29/Oct/2025:21:32:00 +0700] "GET / HTTP/1.1" 200 31184 "-" "Mozilla/5.0 (compatible; MJ12bot/v1.4.8; http://mj12bot.com/)"
51.68.34.57 - - [29/Oct/2025:21:32:01 +0700] "GET / HTTP/1.1" 200 31184 "-" "Mozilla/5.0 (compatible; MJ12bot/v1.4.8; http://mj12bot.com/)"
114.119.132.108 - - [29/Oct/2025:21:32:01 +0700] "GET /voax/urun-kategori/fashion-boot?filter_beden=m,s,xl HTTP/1.1" 302 208 "https://kryexthemes.com/voax/urun-kategori/fashion-boot/?filter_beden=l%2Cm%2Cs%2Cxl&=kirmizi%2Cmor%2Cturuncu" "Mozilla/5.0 (Linux; Android 7.0;) AppleWebKit/537.36 (KHTML, like Gecko) Mobile Safari/537.36 (compatible; PetalBot;+https://webmaster.petalsearch.com/site/petalbot)"
114.119.132.108 - - [29/Oct/2025:21:32:02 +0700] "GET / HTTP/1.1" 200 35366 "https://kryexthemes.com/voax/urun-kategori/fashion-boot/?filter_beden=l%2Cm%2Cs%2Cxl&=kirmizi%2Cmor%2Cturuncu" "Mozilla/5.0 (Linux; Android 7.0;) AppleWebKit/537.36 (KHTML, like Gecko) Mobile Safari/537.36 (compatible; PetalBot;+https://webmaster.petalsearch.com/site/petalbot)"
51.68.34.57 - - [29/Oct/2025:21:32:05 +0700] "GET /battlefield-hardline-straight-outta-compton-xl-xf0g5Z15TinA35Imn4t-vi.html HTTP/1.1" 302 208 "-" "Mozilla/5.0 (compatible; MJ12bot/v1.4.8; http://mj12bot.com/)"
51.68.34.57 - - [29/Oct/2025:21:32:05 +0700] "GET /battlefield-hardline-succes-cachette-hollywood-xl-xf0gax_dlesxTEImn4t-vi.html HTTP/1.1" 302 208 "-" "Mozilla/5.0 (compatible; MJ12bot/v1.4.8; http://mj12bot.com/)"
51.68.34.57 - - [29/Oct/2025:21:32:06 +0700] "GET / HTTP/1.1" 200 31184 "-" "Mozilla/5.0 (compatible; MJ12bot/v1.4.8; http://mj12bot.com/)"
51.68.34.57 - - [29/Oct/2025:21:32:07 +0700] "GET / HTTP/1.1" 200 31184 "-" "Mozilla/5.0 (compatible; MJ12bot/v1.4.8; http://mj12bot.com/)"
51.68.34.57 - - [29/Oct/2025:21:32:11 +0700] "GET /battlefield-hardline-succes-cachette-hollywood-xl-xf0gax_dlesxTEImn4t-vi.html HTTP/1.1" 302 208 "-" "Mozilla/5.0 (compatible; MJ12bot/v1.4.8; http://mj12bot.com/)"
51.68.34.57 - - [29/Oct/2025:21:32:11 +0700] "GET /battlefield-hardline-taser-and-breaching-charge-trolling-xl-xf0gvLK2fQi3zqYmn4t-vi.html HTTP/1.1" 302 208 "-" "Mozilla/5.0 (compatible; MJ12bot/v1.4.8; http://mj12bot.com/)"
172.245.102.52 - - [29/Oct/2025:21:32:11 +0700] "GET /wp-admin/maint/index.php HTTP/1.1" 302 208 "http://mikitogeljitu.com/wp-admin/maint/index.php" "Go-http-client/1.1"
172.245.102.52 - - [29/Oct/2025:21:32:12 +0700] "GET / HTTP/1.1" 200 35366 "https://kryexthemes.com/wp-admin/maint/index.php" "Go-http-client/1.1"
51.68.34.57 - - [29/Oct/2025:21:32:12 +0700] "GET / HTTP/1.1" 200 31184 "-" "Mozilla/5.0 (compatible; MJ12bot/v1.4.8; http://mj12bot.com/)"
51.68.34.57 - - [29/Oct/2025:21:32:13 +0700] "GET / HTTP/1.1" 200 31184 "-" "Mozilla/5.0 (compatible; MJ12bot/v1.4.8; http://mj12bot.com/)"
172.245.102.52 - - [29/Oct/2025:21:32:14 +0700] "GET /wp-header.php HTTP/1.1" 404 47 "http://mikitogeljitu.com/wp-header.php" "Go-http-client/1.1"
144.124.244.65 - - [29/Oct/2025:21:32:16 +0700] "GET /blog/ HTTP/1.0" 200 126148 "https://kryexthemes.com/blog/" "Mozilla/5.0 (Windows NT 6.3; WOW64) AppleWebKit/537.36 (KHTML, like Gecko) Chrome/103.0.0.0 Safari/537.36"
172.245.102.52 - - [29/Oct/2025:21:32:16 +0700] "GET /403.php HTTP/1.1" 404 47 "http://mikitogeljitu.com/403.php" "Go-http-client/1.1"
144.124.244.65 - - [29/Oct/2025:21:32:17 +0700] "GET /hhttps:/kryexthemes.com/blog/ HTTP/1.0" 302 208 "https://kryexthemes.com/hhttps:/kryexthemes.com/blog/" "Mozilla/5.0 (Windows NT 6.3; WOW64) AppleWebKit/537.36 (KHTML, like Gecko) Chrome/103.0.0.0 Safari/537.36"
144.124.244.65 - - [29/Oct/2025:21:32:17 +0700] "GET / HTTP/1.0" 200 223272 "https://kryexthemes.com/" "Mozilla/5.0 (Windows NT 6.3; WOW64) AppleWebKit/537.36 (KHTML, like Gecko) Chrome/103.0.0.0 Safari/537.36"
51.68.34.57 - - [29/Oct/2025:21:32:17 +0700] "GET /battlefield-hardline-taser-and-breaching-charge-trolling-xl-xf0gvLK2fQi3zqYmn4t-vi.html HTTP/1.1" 302 208 "-" "Mozilla/5.0 (compatible; MJ12bot/v1.4.8; http://mj12bot.com/)"
172.245.102.52 - - [29/Oct/2025:21:32:17 +0700] "GET /wp-content/themes/seotheme/mar.php HTTP/1.1" 302 208 "http://mikitogeljitu.com/wp-content/themes/seotheme/mar.php" "Go-http-client/1.1"
51.68.34.57 - - [29/Oct/2025:21:32:17 +0700] "GET /battlefield-hardline-taser-gun-montage-ultra-60fps-gtx-970-xl-xf0gaGYyU8MER3wmn4t-vi.html HTTP/1.1" 302 208 "-" "Mozilla/5.0 (compatible; MJ12bot/v1.4.8; http://mj12bot.com/)"
172.245.102.52 - - [29/Oct/2025:21:32:18 +0700] "GET / HTTP/1.1" 200 35366 "https://kryexthemes.com/wp-content/themes/seotheme/mar.php" "Go-http-client/1.1"
144.124.244.65 - - [29/Oct/2025:21:32:18 +0700] "GET / HTTP/1.0" 200 223272 "https://kryexthemes.com/" "Mozilla/5.0 (Windows NT 6.3; WOW64) AppleWebKit/537.36 (KHTML, like Gecko) Chrome/103.0.0.0 Safari/537.36"
51.68.34.57 - - [29/Oct/2025:21:32:19 +0700] "GET / HTTP/1.1" 200 31184 "-" "Mozilla/5.0 (compatible; MJ12bot/v1.4.8; http://mj12bot.com/)"
144.124.244.65 - - [29/Oct/2025:21:32:19 +0700] "GET / HTTP/1.0" 200 223272 "https://kryexthemes.com/" "Mozilla/5.0 (Windows NT 6.3; WOW64) AppleWebKit/537.36 (KHTML, like Gecko) Chrome/103.0.0.0 Safari/537.36"
51.68.34.57 - - [29/Oct/2025:21:32:19 +0700] "GET / HTTP/1.1" 200 31184 "-" "Mozilla/5.0 (compatible; MJ12bot/v1.4.8; http://mj12bot.com/)"
172.245.102.52 - - [29/Oct/2025:21:32:19 +0700] "GET /wp-includes/css/index.php HTTP/1.1" 302 208 "http://mikitogeljitu.com/wp-includes/css/index.php" "Go-http-client/1.1"
172.245.102.52 - - [29/Oct/2025:21:32:20 +0700] "GET / HTTP/1.1" 200 35366 "https://kryexthemes.com/wp-includes/css/index.php" "Go-http-client/1.1"
172.245.102.52 - - [29/Oct/2025:21:32:21 +0700] "GET /wp-includes/Text/index.php HTTP/1.1" 302 208 "http://mikitogeljitu.com/wp-includes/Text/index.php" "Go-http-client/1.1"
172.245.102.52 - - [29/Oct/2025:21:32:22 +0700] "GET / HTTP/1.1" 200 35366 "https://kryexthemes.com/wp-includes/Text/index.php" "Go-http-client/1.1"
172.245.102.52 - - [29/Oct/2025:21:32:23 +0700] "GET /wp-admin/network/index.php HTTP/1.1" 302 208 "http://mikitogeljitu.com/wp-admin/network/index.php" "Go-http-client/1.1"
172.245.102.52 - - [29/Oct/2025:21:32:23 +0700] "GET / HTTP/1.1" 200 35366 "https://kryexthemes.com/wp-admin/network/index.php" "Go-http-client/1.1"
51.68.34.57 - - [29/Oct/2025:21:32:23 +0700] "GET /battlefield-hardline-taser-gun-montage-ultra-60fps-gtx-970-xl-xf0gaGYyU8MER3wmn4t-vi.html HTTP/1.1" 302 208 "-" "Mozilla/5.0 (compatible; MJ12bot/v1.4.8; http://mj12bot.com/)"
51.68.34.57 - - [29/Oct/2025:21:32:24 +0700] "GET /battlefield-hardline-tdm-60-8-gold-p90-ps4-pro-xl-xf0gWUAOZEjdk4Mmn4t-vi.html HTTP/1.1" 302 208 "-" "Mozilla/5.0 (compatible; MJ12bot/v1.4.8; http://mj12bot.com/)"
172.245.102.52 - - [29/Oct/2025:21:32:24 +0700] "GET /wp-content/about.php HTTP/1.1" 302 208 "http://mikitogeljitu.com/wp-content/about.php" "Go-http-client/1.1"
172.245.102.52 - - [29/Oct/2025:21:32:24 +0700] "GET / HTTP/1.1" 200 35366 "https://kryexthemes.com/wp-content/about.php" "Go-http-client/1.1"
51.68.34.57 - - [29/Oct/2025:21:32:25 +0700] "GET / HTTP/1.1" 200 31184 "-" "Mozilla/5.0 (compatible; MJ12bot/v1.4.8; http://mj12bot.com/)"
51.68.34.57 - - [29/Oct/2025:21:32:25 +0700] "GET / HTTP/1.1" 200 31184 "-" "Mozilla/5.0 (compatible; MJ12bot/v1.4.8; http://mj12bot.com/)"
172.245.102.52 - - [29/Oct/2025:21:32:25 +0700] "GET /worksec.php HTTP/1.1" 404 47 "http://mikitogeljitu.com/worksec.php" "Go-http-client/1.1"
172.245.102.52 - - [29/Oct/2025:21:32:27 +0700] "GET /wp-includes/Requests/about.php HTTP/1.1" 302 208 "http://mikitogeljitu.com/wp-includes/Requests/about.php" "Go-http-client/1.1"
172.245.102.52 - - [29/Oct/2025:21:32:27 +0700] "GET / HTTP/1.1" 200 35366 "https://kryexthemes.com/wp-includes/Requests/about.php" "Go-http-client/1.1"
172.245.102.52 - - [29/Oct/2025:21:32:28 +0700] "GET /wp-content/themes/index.php HTTP/1.1" 302 208 "http://mikitogeljitu.com/wp-content/themes/index.php" "Go-http-client/1.1"
172.245.102.52 - - [29/Oct/2025:21:32:28 +0700] "GET / HTTP/1.1" 200 35366 "https://kryexthemes.com/wp-content/themes/index.php" "Go-http-client/1.1"
172.245.102.52 - - [29/Oct/2025:21:32:29 +0700] "GET /wp-2019.php HTTP/1.1" 404 47 "http://mikitogeljitu.com/wp-2019.php" "Go-http-client/1.1"
51.68.34.57 - - [29/Oct/2025:21:32:29 +0700] "GET /battlefield-hardline-tdm-60-8-gold-p90-ps4-pro-xl-xf0gWUAOZEjdk4Mmn4t-vi.html HTTP/1.1" 302 208 "-" "Mozilla/5.0 (compatible; MJ12bot/v1.4.8; http://mj12bot.com/)"
51.68.34.57 - - [29/Oct/2025:21:32:30 +0700] "GET /battlefield-hardline-tdm-60fps-bfh-team-deathmatch-xl-xf0gdtpCrYoPT3Umn4t-vi.html HTTP/1.1" 302 208 "-" "Mozilla/5.0 (compatible; MJ12bot/v1.4.8; http://mj12bot.com/)"
172.245.102.52 - - [29/Oct/2025:21:32:30 +0700] "GET /wp-file.php HTTP/1.1" 404 47 "http://mikitogeljitu.com/wp-file.php" "Go-http-client/1.1"
51.68.34.57 - - [29/Oct/2025:21:32:31 +0700] "GET / HTTP/1.1" 200 31184 "-" "Mozilla/5.0 (compatible; MJ12bot/v1.4.8; http://mj12bot.com/)"
51.68.34.57 - - [29/Oct/2025:21:32:31 +0700] "GET / HTTP/1.1" 200 31184 "-" "Mozilla/5.0 (compatible; MJ12bot/v1.4.8; http://mj12bot.com/)"
172.245.102.52 - - [29/Oct/2025:21:32:32 +0700] "GET /gg.php HTTP/1.1" 404 47 "http://mikitogeljitu.com/gg.php" "Go-http-client/1.1"
172.245.102.52 - - [29/Oct/2025:21:32:34 +0700] "GET /wp-includes/css/ HTTP/1.1" 302 208 "http://mikitogeljitu.com/wp-includes/css/" "Go-http-client/1.1"
172.245.102.52 - - [29/Oct/2025:21:32:35 +0700] "GET / HTTP/1.1" 200 35366 "https://kryexthemes.com/wp-includes/css/" "Go-http-client/1.1"
51.68.34.57 - - [29/Oct/2025:21:32:36 +0700] "GET /battlefield-hardline-tdm-60fps-bfh-team-deathmatch-xl-xf0gdtpCrYoPT3Umn4t-vi.html HTTP/1.1" 302 208 "-" "Mozilla/5.0 (compatible; MJ12bot/v1.4.8; http://mj12bot.com/)"
51.68.34.57 - - [29/Oct/2025:21:32:36 +0700] "GET /battlefield-hardline-tdm-gameplay-2022-ps5-xl-xf0g-XIHutjcfbMmn4t-vi.html HTTP/1.1" 302 208 "-" "Mozilla/5.0 (compatible; MJ12bot/v1.4.8; http://mj12bot.com/)"
172.245.102.52 - - [29/Oct/2025:21:32:37 +0700] "GET /wp-admin/js/widgets/index.php HTTP/1.1" 302 208 "http://mikitogeljitu.com/wp-admin/js/widgets/index.php" "Go-http-client/1.1"
172.245.102.52 - - [29/Oct/2025:21:32:37 +0700] "GET / HTTP/1.1" 200 35366 "https://kryexthemes.com/wp-admin/js/widgets/index.php" "Go-http-client/1.1"
51.68.34.57 - - [29/Oct/2025:21:32:37 +0700] "GET / HTTP/1.1" 200 31184 "-" "Mozilla/5.0 (compatible; MJ12bot/v1.4.8; http://mj12bot.com/)"
51.68.34.57 - - [29/Oct/2025:21:32:38 +0700] "GET / HTTP/1.1" 200 31184 "-" "Mozilla/5.0 (compatible; MJ12bot/v1.4.8; http://mj12bot.com/)"
172.245.102.52 - - [29/Oct/2025:21:32:38 +0700] "GET /config.php HTTP/1.1" 404 47 "http://mikitogeljitu.com/config.php" "Go-http-client/1.1"
172.245.102.52 - - [29/Oct/2025:21:32:39 +0700] "GET /bypass.php HTTP/1.1" 404 47 "http://mikitogeljitu.com/bypass.php" "Go-http-client/1.1"
172.245.102.52 - - [29/Oct/2025:21:32:39 +0700] "GET /inputs.php HTTP/1.1" 404 47 "http://mikitogeljitu.com/inputs.php" "Go-http-client/1.1"
172.245.102.52 - - [29/Oct/2025:21:32:40 +0700] "GET /wp-includes/fonts/index.php HTTP/1.1" 302 208 "http://mikitogeljitu.com/wp-includes/fonts/index.php" "Go-http-client/1.1"
172.245.102.52 - - [29/Oct/2025:21:32:41 +0700] "GET / HTTP/1.1" 200 35366 "https://kryexthemes.com/wp-includes/fonts/index.php" "Go-http-client/1.1"
172.245.102.52 - - [29/Oct/2025:21:32:42 +0700] "GET /lock360.php HTTP/1.1" 404 47 "http://mikitogeljitu.com/lock360.php" "Go-http-client/1.1"
51.68.34.57 - - [29/Oct/2025:21:32:42 +0700] "GET /battlefield-hardline-team-deathmatch-gameplay-no-commentary-xl-xf0gj_fop9HgHnUmn4t-vi.html HTTP/1.1" 302 208 "-" "Mozilla/5.0 (compatible; MJ12bot/v1.4.8; http://mj12bot.com/)"
51.68.34.57 - - [29/Oct/2025:21:32:42 +0700] "GET /battlefield-hardline-tdm-gameplay-2022-ps5-xl-xf0g-XIHutjcfbMmn4t-vi.html HTTP/1.1" 302 208 "-" "Mozilla/5.0 (compatible; MJ12bot/v1.4.8; http://mj12bot.com/)"
172.245.102.52 - - [29/Oct/2025:21:32:43 +0700] "GET /wp-admin/js/chosen.php HTTP/1.1" 302 208 "http://mikitogeljitu.com/wp-admin/js/chosen.php" "Go-http-client/1.1"
51.68.34.57 - - [29/Oct/2025:21:32:44 +0700] "GET / HTTP/1.1" 200 31184 "-" "Mozilla/5.0 (compatible; MJ12bot/v1.4.8; http://mj12bot.com/)"
51.68.34.57 - - [29/Oct/2025:21:32:44 +0700] "GET / HTTP/1.1" 200 31184 "-" "Mozilla/5.0 (compatible; MJ12bot/v1.4.8; http://mj12bot.com/)"
172.245.102.52 - - [29/Oct/2025:21:32:44 +0700] "GET / HTTP/1.1" 200 35366 "https://kryexthemes.com/wp-admin/js/chosen.php" "Go-http-client/1.1"
168.235.203.253 - - [29/Oct/2025:21:32:45 +0700] "GET / HTTP/1.1" 200 35365 "https://www.google.co.id/" "Mozilla/5.0 (Linux; U; Android 13; en-US; SM-A325F Build/TP1A.220624.014) AppleWebKit/537.36 (KHTML, like Gecko) Version/4.0 Chrome/123.0.6312.80 UCBrowser/15.0.1.1377 Mobile Safari/537.36"
172.245.102.52 - - [29/Oct/2025:21:32:45 +0700] "GET /goods.php HTTP/1.1" 404 47 "http://mikitogeljitu.com/goods.php" "Go-http-client/1.1"
172.245.102.52 - - [29/Oct/2025:21:32:47 +0700] "GET /mah/function.php HTTP/1.1" 302 208 "http://mikitogeljitu.com/mah/function.php" "Go-http-client/1.1"
172.245.102.52 - - [29/Oct/2025:21:32:47 +0700] "GET / HTTP/1.1" 200 35366 "https://kryexthemes.com/mah/function.php" "Go-http-client/1.1"
51.68.34.57 - - [29/Oct/2025:21:32:48 +0700] "GET /battlefield-hardline-team-deathmatch-multiplayer-gameplay-xl-xf0gOJItitIU9dUmn4t-vi.html HTTP/1.1" 302 208 "-" "Mozilla/5.0 (compatible; MJ12bot/v1.4.8; http://mj12bot.com/)"
51.68.34.57 - - [29/Oct/2025:21:32:48 +0700] "GET /battlefield-hardline-team-deathmatch-gameplay-no-commentary-xl-xf0gj_fop9HgHnUmn4t-vi.html HTTP/1.1" 302 208 "-" "Mozilla/5.0 (compatible; MJ12bot/v1.4.8; http://mj12bot.com/)"
172.245.102.52 - - [29/Oct/2025:21:32:48 +0700] "GET /doc.php HTTP/1.1" 404 47 "http://mikitogeljitu.com/doc.php" "Go-http-client/1.1"
172.245.102.52 - - [29/Oct/2025:21:32:49 +0700] "GET /wp-login.php HTTP/1.1" 404 47 "http://mikitogeljitu.com/wp-login.php" "Go-http-client/1.1"
51.68.34.57 - - [29/Oct/2025:21:32:50 +0700] "GET / HTTP/1.1" 200 31184 "-" "Mozilla/5.0 (compatible; MJ12bot/v1.4.8; http://mj12bot.com/)"
51.68.34.57 - - [29/Oct/2025:21:32:50 +0700] "GET / HTTP/1.1" 200 31184 "-" "Mozilla/5.0 (compatible; MJ12bot/v1.4.8; http://mj12bot.com/)"
168.235.203.253 - - [29/Oct/2025:21:32:50 +0700] "POST /cdn-cgi/rum? HTTP/1.1" 302 208 "https://kryexthemes.com/" "Mozilla/5.0 (Linux; U; Android 13; en-US; SM-A325F Build/TP1A.220624.014) AppleWebKit/537.36 (KHTML, like Gecko) Version/4.0 Chrome/123.0.6312.80 UCBrowser/15.0.1.1377 Mobile Safari/537.36"
168.235.203.253 - - [29/Oct/2025:21:32:50 +0700] "GET / HTTP/1.1" 200 35365 "https://kryexthemes.com/" "Mozilla/5.0 (Linux; U; Android 13; en-US; SM-A325F Build/TP1A.220624.014) AppleWebKit/537.36 (KHTML, like Gecko) Version/4.0 Chrome/123.0.6312.80 UCBrowser/15.0.1.1377 Mobile Safari/537.36"
172.245.102.52 - - [29/Oct/2025:21:32:50 +0700] "GET /wp-content/plugins/wp-conflg.php HTTP/1.1" 302 208 "http://mikitogeljitu.com/wp-content/plugins/wp-conflg.php" "Go-http-client/1.1"
172.245.102.52 - - [29/Oct/2025:21:32:51 +0700] "GET / HTTP/1.1" 200 35366 "https://kryexthemes.com/wp-content/plugins/wp-conflg.php" "Go-http-client/1.1"
