18.142.147.98 - - [29/Oct/2025:21:32:51 +0700] "GET /wp-content/uploads/2017/08/IMG_6858-1024x683.jpg HTTP/1.1" 302 208 "-" "Mozilla/5.0 (compatible; crawler)"
18.142.147.98 - - [29/Oct/2025:21:32:52 +0700] "GET / HTTP/1.1" 200 35366 "-" "Mozilla/5.0 (compatible; crawler)"
172.245.102.52 - - [29/Oct/2025:21:32:52 +0700] "GET /shell.php HTTP/1.1" 404 47 "http://mikitogeljitu.com/shell.php" "Go-http-client/1.1"
172.245.102.52 - - [29/Oct/2025:21:32:53 +0700] "GET /elp.php HTTP/1.1" 404 47 "http://mikitogeljitu.com/elp.php" "Go-http-client/1.1"
51.68.34.57 - - [29/Oct/2025:21:32:55 +0700] "GET /battlefield-hardline-team-deathmatch-multiplayer-gameplay-xl-xf0gaBA0oWNJ5Zcmn4t-vi.html HTTP/1.1" 302 208 "-" "Mozilla/5.0 (compatible; MJ12bot/v1.4.8; http://mj12bot.com/)"
172.245.102.52 - - [29/Oct/2025:21:32:55 +0700] "GET /wp-includes/blocks/calendar/index.php HTTP/1.1" 302 208 "http://mikitogeljitu.com/wp-includes/blocks/calendar/index.php" "Go-http-client/1.1"
51.68.34.57 - - [29/Oct/2025:21:32:55 +0700] "GET /battlefield-hardline-team-deathmatch-multiplayer-gameplay-xl-xf0gOJItitIU9dUmn4t-vi.html HTTP/1.1" 302 208 "-" "Mozilla/5.0 (compatible; MJ12bot/v1.4.8; http://mj12bot.com/)"
172.245.102.52 - - [29/Oct/2025:21:32:55 +0700] "GET / HTTP/1.1" 200 35366 "https://kryexthemes.com/wp-includes/blocks/calendar/index.php" "Go-http-client/1.1"
51.68.34.57 - - [29/Oct/2025:21:32:56 +0700] "GET / HTTP/1.1" 200 31184 "-" "Mozilla/5.0 (compatible; MJ12bot/v1.4.8; http://mj12bot.com/)"
51.68.34.57 - - [29/Oct/2025:21:32:56 +0700] "GET / HTTP/1.1" 200 31184 "-" "Mozilla/5.0 (compatible; MJ12bot/v1.4.8; http://mj12bot.com/)"
172.245.102.52 - - [29/Oct/2025:21:32:56 +0700] "GET /wp-includes/wp-conflg.php HTTP/1.1" 302 208 "http://mikitogeljitu.com/wp-includes/wp-conflg.php" "Go-http-client/1.1"
172.245.102.52 - - [29/Oct/2025:21:32:57 +0700] "GET / HTTP/1.1" 200 35366 "https://kryexthemes.com/wp-includes/wp-conflg.php" "Go-http-client/1.1"
79.110.53.161 - - [29/Oct/2025:21:32:58 +0700] "GET / HTTP/1.1" 200 31184 "https://www.google.com/" "Mozilla/5.0 (Linux; Android 10; K) AppleWebKit/537.36 (KHTML, like Gecko) Chrome/141.0.0.0 Mobile Safari/537.36"
172.245.102.52 - - [29/Oct/2025:21:32:59 +0700] "GET /wp-content/themes/pridmag/404.php HTTP/1.1" 302 208 "http://mikitogeljitu.com/wp-content/themes/pridmag/404.php" "Go-http-client/1.1"
172.245.102.52 - - [29/Oct/2025:21:32:59 +0700] "GET / HTTP/1.1" 200 35366 "https://kryexthemes.com/wp-content/themes/pridmag/404.php" "Go-http-client/1.1"
79.110.53.161 - - [29/Oct/2025:21:33:00 +0700] "GET /bandar-mikitoto.webp HTTP/1.1" 200 79338 "https://kryexthemes.com/" "Mozilla/5.0 (Linux; Android 10; K) AppleWebKit/537.36 (KHTML, like Gecko) Chrome/141.0.0.0 Mobile Safari/537.36"
51.68.34.57 - - [29/Oct/2025:21:33:01 +0700] "GET /battlefield-hardline-the-end-montage-xl-xf0gImOab5nka18mn4t-vi.html HTTP/1.1" 302 208 "-" "Mozilla/5.0 (compatible; MJ12bot/v1.4.8; http://mj12bot.com/)"
51.68.34.57 - - [29/Oct/2025:21:33:01 +0700] "GET /battlefield-hardline-team-deathmatch-multiplayer-gameplay-xl-xf0gaBA0oWNJ5Zcmn4t-vi.html HTTP/1.1" 302 208 "-" "Mozilla/5.0 (compatible; MJ12bot/v1.4.8; http://mj12bot.com/)"
172.245.102.52 - - [29/Oct/2025:21:33:01 +0700] "GET /wp-admin/images/wp-conflg.php HTTP/1.1" 302 208 "http://mikitogeljitu.com/wp-admin/images/wp-conflg.php" "Go-http-client/1.1"
172.245.102.52 - - [29/Oct/2025:21:33:01 +0700] "GET / HTTP/1.1" 200 35366 "https://kryexthemes.com/wp-admin/images/wp-conflg.php" "Go-http-client/1.1"
79.110.53.161 - - [29/Oct/2025:21:33:01 +0700] "POST /cdn-cgi/rum? HTTP/1.1" 302 208 "https://kryexthemes.com/" "Mozilla/5.0 (Linux; Android 10; K) AppleWebKit/537.36 (KHTML, like Gecko) Chrome/141.0.0.0 Mobile Safari/537.36"
51.68.34.57 - - [29/Oct/2025:21:33:02 +0700] "GET / HTTP/1.1" 200 31184 "-" "Mozilla/5.0 (compatible; MJ12bot/v1.4.8; http://mj12bot.com/)"
51.68.34.57 - - [29/Oct/2025:21:33:02 +0700] "GET / HTTP/1.1" 200 31184 "-" "Mozilla/5.0 (compatible; MJ12bot/v1.4.8; http://mj12bot.com/)"
172.245.102.52 - - [29/Oct/2025:21:33:03 +0700] "GET /wp-admin/css/colors/index.php HTTP/1.1" 302 208 "http://mikitogeljitu.com/wp-admin/css/colors/index.php" "Go-http-client/1.1"
172.245.102.52 - - [29/Oct/2025:21:33:03 +0700] "GET / HTTP/1.1" 200 35366 "https://kryexthemes.com/wp-admin/css/colors/index.php" "Go-http-client/1.1"
172.245.102.52 - - [29/Oct/2025:21:33:04 +0700] "GET /function/function.php HTTP/1.1" 302 208 "http://mikitogeljitu.com/function/function.php" "Go-http-client/1.1"
172.245.102.52 - - [29/Oct/2025:21:33:05 +0700] "GET / HTTP/1.1" 200 35366 "https://kryexthemes.com/function/function.php" "Go-http-client/1.1"
172.245.102.52 - - [29/Oct/2025:21:33:06 +0700] "GET /m.php HTTP/1.1" 404 47 "http://mikitogeljitu.com/m.php" "Go-http-client/1.1"
51.68.34.57 - - [29/Oct/2025:21:33:07 +0700] "GET /battlefield-hardline-their-own-medicine-trophy-steal-a-t62-cew-from-police-cruiser-in-gauntlet-xl-xf0gdnBm7_g_gGEmn4t-vi.html HTTP/1.1" 302 208 "-" "Mozilla/5.0 (compatible; MJ12bot/v1.4.8; http://mj12bot.com/)"
51.68.34.57 - - [29/Oct/2025:21:33:07 +0700] "GET /battlefield-hardline-the-end-montage-xl-xf0gImOab5nka18mn4t-vi.html HTTP/1.1" 302 208 "-" "Mozilla/5.0 (compatible; MJ12bot/v1.4.8; http://mj12bot.com/)"
172.245.102.52 - - [29/Oct/2025:21:33:08 +0700] "GET /chosen.php HTTP/1.1" 404 47 "http://mikitogeljitu.com/chosen.php" "Go-http-client/1.1"
51.68.34.57 - - [29/Oct/2025:21:33:08 +0700] "GET / HTTP/1.1" 200 31184 "-" "Mozilla/5.0 (compatible; MJ12bot/v1.4.8; http://mj12bot.com/)"
51.68.34.57 - - [29/Oct/2025:21:33:09 +0700] "GET / HTTP/1.1" 200 31184 "-" "Mozilla/5.0 (compatible; MJ12bot/v1.4.8; http://mj12bot.com/)"
216.244.66.201 - - [29/Oct/2025:21:33:09 +0700] "GET /robots.txt HTTP/1.1" 200 71 "-" "Mozilla/5.0 (compatible; DotBot/1.2; +https://opensiteexplorer.org/dotbot; help@moz.com)"
172.245.102.52 - - [29/Oct/2025:21:33:09 +0700] "GET /mah.php HTTP/1.1" 404 47 "http://mikitogeljitu.com/mah.php" "Go-http-client/1.1"
172.245.102.52 - - [29/Oct/2025:21:33:10 +0700] "GET /wp-includes/mah.php HTTP/1.1" 302 208 "http://mikitogeljitu.com/wp-includes/mah.php" "Go-http-client/1.1"
172.245.102.52 - - [29/Oct/2025:21:33:11 +0700] "GET / HTTP/1.1" 200 35366 "https://kryexthemes.com/wp-includes/mah.php" "Go-http-client/1.1"
172.245.102.52 - - [29/Oct/2025:21:33:11 +0700] "GET /wp-content/plugins/about.php HTTP/1.1" 302 208 "http://mikitogeljitu.com/wp-content/plugins/about.php" "Go-http-client/1.1"
172.245.102.52 - - [29/Oct/2025:21:33:12 +0700] "GET / HTTP/1.1" 200 35366 "https://kryexthemes.com/wp-content/plugins/about.php" "Go-http-client/1.1"
51.68.34.57 - - [29/Oct/2025:21:33:13 +0700] "GET /battlefield-hardline-tier-4-reputation-perk-details-and-tips-for-syndicate-assignments-xl-xf0gyNBTO6iWg8Ymn4t-vi.html HTTP/1.1" 302 208 "-" "Mozilla/5.0 (compatible; MJ12bot/v1.4.8; http://mj12bot.com/)"
51.68.34.57 - - [29/Oct/2025:21:33:13 +0700] "GET /battlefield-hardline-their-own-medicine-trophy-steal-a-t62-cew-from-police-cruiser-in-gauntlet-xl-xf0gdnBm7_g_gGEmn4t-vi.html HTTP/1.1" 302 208 "-" "Mozilla/5.0 (compatible; MJ12bot/v1.4.8; http://mj12bot.com/)"
172.245.102.52 - - [29/Oct/2025:21:33:13 +0700] "GET /wp-admin/js/wp-conflg.php HTTP/1.1" 302 208 "http://mikitogeljitu.com/wp-admin/js/wp-conflg.php" "Go-http-client/1.1"
172.245.102.52 - - [29/Oct/2025:21:33:14 +0700] "GET / HTTP/1.1" 200 35366 "https://kryexthemes.com/wp-admin/js/wp-conflg.php" "Go-http-client/1.1"
51.68.34.57 - - [29/Oct/2025:21:33:14 +0700] "GET / HTTP/1.1" 200 31184 "-" "Mozilla/5.0 (compatible; MJ12bot/v1.4.8; http://mj12bot.com/)"
51.68.34.57 - - [29/Oct/2025:21:33:15 +0700] "GET / HTTP/1.1" 200 31184 "-" "Mozilla/5.0 (compatible; MJ12bot/v1.4.8; http://mj12bot.com/)"
172.245.102.52 - - [29/Oct/2025:21:33:17 +0700] "GET /themes.php HTTP/1.1" 404 47 "http://mikitogeljitu.com/themes.php" "Go-http-client/1.1"
172.245.102.52 - - [29/Oct/2025:21:33:18 +0700] "GET /tiny.php HTTP/1.1" 404 47 "http://mikitogeljitu.com/tiny.php" "Go-http-client/1.1"
51.68.34.57 - - [29/Oct/2025:21:33:19 +0700] "GET /battlefield-hardline-tips-and-tricks-how-to-dominate-heist-mode-xl-xf0gqyjU0FfyMIsmn4t-vi.html HTTP/1.1" 302 208 "-" "Mozilla/5.0 (compatible; MJ12bot/v1.4.8; http://mj12bot.com/)"
51.68.34.57 - - [29/Oct/2025:21:33:19 +0700] "GET /battlefield-hardline-tier-4-reputation-perk-details-and-tips-for-syndicate-assignments-xl-xf0gyNBTO6iWg8Ymn4t-vi.html HTTP/1.1" 302 208 "-" "Mozilla/5.0 (compatible; MJ12bot/v1.4.8; http://mj12bot.com/)"
172.245.102.52 - - [29/Oct/2025:21:33:20 +0700] "GET /chosen/function.php HTTP/1.1" 302 208 "http://mikitogeljitu.com/chosen/function.php" "Go-http-client/1.1"
172.245.102.52 - - [29/Oct/2025:21:33:20 +0700] "GET / HTTP/1.1" 200 35366 "https://kryexthemes.com/chosen/function.php" "Go-http-client/1.1"
51.68.34.57 - - [29/Oct/2025:21:33:20 +0700] "GET / HTTP/1.1" 200 31184 "-" "Mozilla/5.0 (compatible; MJ12bot/v1.4.8; http://mj12bot.com/)"
51.68.34.57 - - [29/Oct/2025:21:33:21 +0700] "GET / HTTP/1.1" 200 31184 "-" "Mozilla/5.0 (compatible; MJ12bot/v1.4.8; http://mj12bot.com/)"
172.245.102.52 - - [29/Oct/2025:21:33:22 +0700] "GET /ty.php HTTP/1.1" 404 47 "http://mikitogeljitu.com/ty.php" "Go-http-client/1.1"
172.245.102.52 - - [29/Oct/2025:21:33:22 +0700] "GET /wp-admin/user/about.php HTTP/1.1" 302 208 "http://mikitogeljitu.com/wp-admin/user/about.php" "Go-http-client/1.1"
172.245.102.52 - - [29/Oct/2025:21:33:23 +0700] "GET / HTTP/1.1" 200 35366 "https://kryexthemes.com/wp-admin/user/about.php" "Go-http-client/1.1"
172.245.102.52 - - [29/Oct/2025:21:33:24 +0700] "GET /wp-admin/wp-conflg.php HTTP/1.1" 302 208 "http://mikitogeljitu.com/wp-admin/wp-conflg.php" "Go-http-client/1.1"
172.245.102.52 - - [29/Oct/2025:21:33:24 +0700] "GET / HTTP/1.1" 200 35366 "https://kryexthemes.com/wp-admin/wp-conflg.php" "Go-http-client/1.1"
172.245.102.52 - - [29/Oct/2025:21:33:25 +0700] "GET /wp-conflg.php HTTP/1.1" 404 47 "http://mikitogeljitu.com/wp-conflg.php" "Go-http-client/1.1"
114.119.132.58 - - [29/Oct/2025:21:33:25 +0700] "GET /voax/urun-kategori/fashion-boot?filter_beden=l&orderby=price-desc HTTP/1.1" 302 208 "https://kryexthemes.com/voax/urun-kategori/fashion-boot/?filter_beden=l&=mavi%2Cmor" "Mozilla/5.0 (Linux; Android 7.0;) AppleWebKit/537.36 (KHTML, like Gecko) Mobile Safari/537.36 (compatible; PetalBot;+https://webmaster.petalsearch.com/site/petalbot)"
51.68.34.57 - - [29/Oct/2025:21:33:25 +0700] "GET /battlefield-hardline-tips-and-tricks-xl-xf0glxDTIEsY35omn4t-vi.html HTTP/1.1" 302 208 "-" "Mozilla/5.0 (compatible; MJ12bot/v1.4.8; http://mj12bot.com/)"
51.68.34.57 - - [29/Oct/2025:21:33:25 +0700] "GET /battlefield-hardline-tips-and-tricks-how-to-dominate-heist-mode-xl-xf0gqyjU0FfyMIsmn4t-vi.html HTTP/1.1" 302 208 "-" "Mozilla/5.0 (compatible; MJ12bot/v1.4.8; http://mj12bot.com/)"
172.245.102.52 - - [29/Oct/2025:21:33:26 +0700] "GET /wp-configs.php HTTP/1.1" 404 47 "http://mikitogeljitu.com/wp-configs.php" "Go-http-client/1.1"
114.119.132.58 - - [29/Oct/2025:21:33:26 +0700] "GET / HTTP/1.1" 200 35366 "https://kryexthemes.com/voax/urun-kategori/fashion-boot/?filter_beden=l&=mavi%2Cmor" "Mozilla/5.0 (Linux; Android 7.0;) AppleWebKit/537.36 (KHTML, like Gecko) Mobile Safari/537.36 (compatible; PetalBot;+https://webmaster.petalsearch.com/site/petalbot)"
51.68.34.57 - - [29/Oct/2025:21:33:26 +0700] "GET / HTTP/1.1" 200 31184 "-" "Mozilla/5.0 (compatible; MJ12bot/v1.4.8; http://mj12bot.com/)"
172.245.102.52 - - [29/Oct/2025:21:33:26 +0700] "GET /wp-includes/css/dist/ HTTP/1.1" 302 208 "http://mikitogeljitu.com/wp-includes/css/dist/" "Go-http-client/1.1"
172.245.102.52 - - [29/Oct/2025:21:33:27 +0700] "GET / HTTP/1.1" 200 35366 "https://kryexthemes.com/wp-includes/css/dist/" "Go-http-client/1.1"
51.68.34.57 - - [29/Oct/2025:21:33:27 +0700] "GET / HTTP/1.1" 200 31184 "-" "Mozilla/5.0 (compatible; MJ12bot/v1.4.8; http://mj12bot.com/)"
172.245.102.52 - - [29/Oct/2025:21:33:27 +0700] "GET /wp-includes/certificates/wp-conflg.php HTTP/1.1" 302 208 "http://mikitogeljitu.com/wp-includes/certificates/wp-conflg.php" "Go-http-client/1.1"
172.245.102.52 - - [29/Oct/2025:21:33:28 +0700] "GET / HTTP/1.1" 200 35366 "https://kryexthemes.com/wp-includes/certificates/wp-conflg.php" "Go-http-client/1.1"
172.245.102.52 - - [29/Oct/2025:21:33:29 +0700] "GET /wp-includes/Text/wp-conflg.php HTTP/1.1" 302 208 "http://mikitogeljitu.com/wp-includes/Text/wp-conflg.php" "Go-http-client/1.1"
172.245.102.52 - - [29/Oct/2025:21:33:29 +0700] "GET / HTTP/1.1" 200 35366 "https://kryexthemes.com/wp-includes/Text/wp-conflg.php" "Go-http-client/1.1"
172.245.102.52 - - [29/Oct/2025:21:33:30 +0700] "GET /about/function.php HTTP/1.1" 302 208 "http://mikitogeljitu.com/about/function.php" "Go-http-client/1.1"
172.245.102.52 - - [29/Oct/2025:21:33:31 +0700] "GET / HTTP/1.1" 200 35366 "https://kryexthemes.com/about/function.php" "Go-http-client/1.1"
51.68.34.57 - - [29/Oct/2025:21:33:31 +0700] "GET /battlefield-hardline-tips-for-getting-ballistic-shield-coins-for-double-barrel-shotgun-xl-xf0gIzKwIR0IOZ4mn4t-vi.html HTTP/1.1" 302 208 "-" "Mozilla/5.0 (compatible; MJ12bot/v1.4.8; http://mj12bot.com/)"
172.245.102.52 - - [29/Oct/2025:21:33:31 +0700] "GET /a.php HTTP/1.1" 404 47 "http://mikitogeljitu.com/a.php" "Go-http-client/1.1"
51.68.34.57 - - [29/Oct/2025:21:33:32 +0700] "GET /battlefield-hardline-tips-and-tricks-xl-xf0glxDTIEsY35omn4t-vi.html HTTP/1.1" 302 208 "-" "Mozilla/5.0 (compatible; MJ12bot/v1.4.8; http://mj12bot.com/)"
51.68.34.57 - - [29/Oct/2025:21:33:33 +0700] "GET / HTTP/1.1" 200 31184 "-" "Mozilla/5.0 (compatible; MJ12bot/v1.4.8; http://mj12bot.com/)"
51.68.34.57 - - [29/Oct/2025:21:33:33 +0700] "GET / HTTP/1.1" 200 31184 "-" "Mozilla/5.0 (compatible; MJ12bot/v1.4.8; http://mj12bot.com/)"
172.245.102.52 - - [29/Oct/2025:21:33:33 +0700] "GET /wp-content/plugins/index.php HTTP/1.1" 302 208 "http://mikitogeljitu.com/wp-content/plugins/index.php" "Go-http-client/1.1"
172.245.102.52 - - [29/Oct/2025:21:33:33 +0700] "GET / HTTP/1.1" 200 35366 "https://kryexthemes.com/wp-content/plugins/index.php" "Go-http-client/1.1"
172.245.102.52 - - [29/Oct/2025:21:33:35 +0700] "GET /data.php HTTP/1.1" 404 47 "http://mikitogeljitu.com/data.php" "Go-http-client/1.1"
172.245.102.52 - - [29/Oct/2025:21:33:35 +0700] "GET /edit.php HTTP/1.1" 404 47 "http://mikitogeljitu.com/edit.php" "Go-http-client/1.1"
172.245.102.52 - - [29/Oct/2025:21:33:36 +0700] "GET /wp-includes/Requests/library/index.php HTTP/1.1" 302 208 "http://mikitogeljitu.com/wp-includes/Requests/library/index.php" "Go-http-client/1.1"
172.245.102.52 - - [29/Oct/2025:21:33:36 +0700] "GET / HTTP/1.1" 200 35366 "https://kryexthemes.com/wp-includes/Requests/library/index.php" "Go-http-client/1.1"
51.68.34.57 - - [29/Oct/2025:21:33:37 +0700] "GET /battlefield-hardline-tips-y-partida-pica-40-muertes-xl-xf0gd-90WR8x3UMmn4t-vi.html HTTP/1.1" 302 208 "-" "Mozilla/5.0 (compatible; MJ12bot/v1.4.8; http://mj12bot.com/)"
51.68.34.57 - - [29/Oct/2025:21:33:38 +0700] "GET /battlefield-hardline-tips-for-getting-ballistic-shield-coins-for-double-barrel-shotgun-xl-xf0gIzKwIR0IOZ4mn4t-vi.html HTTP/1.1" 302 208 "-" "Mozilla/5.0 (compatible; MJ12bot/v1.4.8; http://mj12bot.com/)"
172.245.102.52 - - [29/Oct/2025:21:33:38 +0700] "GET /wp-includes/sitemaps/about.php HTTP/1.1" 302 208 "http://mikitogeljitu.com/wp-includes/sitemaps/about.php" "Go-http-client/1.1"
172.245.102.52 - - [29/Oct/2025:21:33:38 +0700] "GET / HTTP/1.1" 200 35366 "https://kryexthemes.com/wp-includes/sitemaps/about.php" "Go-http-client/1.1"
51.68.34.57 - - [29/Oct/2025:21:33:39 +0700] "GET / HTTP/1.1" 200 31184 "-" "Mozilla/5.0 (compatible; MJ12bot/v1.4.8; http://mj12bot.com/)"
172.245.102.52 - - [29/Oct/2025:21:33:39 +0700] "GET /admin/index.php HTTP/1.1" 302 208 "http://mikitogeljitu.com/admin/index.php" "Go-http-client/1.1"
51.68.34.57 - - [29/Oct/2025:21:33:39 +0700] "GET / HTTP/1.1" 200 31184 "-" "Mozilla/5.0 (compatible; MJ12bot/v1.4.8; http://mj12bot.com/)"
172.245.102.52 - - [29/Oct/2025:21:33:39 +0700] "GET / HTTP/1.1" 200 35366 "https://kryexthemes.com/admin/index.php" "Go-http-client/1.1"
172.245.102.52 - - [29/Oct/2025:21:33:40 +0700] "GET /wp-includes/css/dist/components/index.php HTTP/1.1" 302 208 "http://mikitogeljitu.com/wp-includes/css/dist/components/index.php" "Go-http-client/1.1"
172.245.102.52 - - [29/Oct/2025:21:33:40 +0700] "GET / HTTP/1.1" 200 35366 "https://kryexthemes.com/wp-includes/css/dist/components/index.php" "Go-http-client/1.1"
172.245.102.52 - - [29/Oct/2025:21:33:41 +0700] "GET /wp-content/uploads/index.php HTTP/1.1" 302 208 "http://mikitogeljitu.com/wp-content/uploads/index.php" "Go-http-client/1.1"
172.245.102.52 - - [29/Oct/2025:21:33:41 +0700] "GET / HTTP/1.1" 200 35366 "https://kryexthemes.com/wp-content/uploads/index.php" "Go-http-client/1.1"
172.245.102.52 - - [29/Oct/2025:21:33:42 +0700] "GET /x.php HTTP/1.1" 404 47 "http://mikitogeljitu.com/x.php" "Go-http-client/1.1"
172.245.102.52 - - [29/Oct/2025:21:33:43 +0700] "GET /wp-includes/SimplePie/index.php HTTP/1.1" 302 208 "http://mikitogeljitu.com/wp-includes/SimplePie/index.php" "Go-http-client/1.1"
172.245.102.52 - - [29/Oct/2025:21:33:43 +0700] "GET / HTTP/1.1" 200 35366 "https://kryexthemes.com/wp-includes/SimplePie/index.php" "Go-http-client/1.1"
51.68.34.57 - - [29/Oct/2025:21:33:44 +0700] "GET /battlefield-hardline-top-5-best-guns-in-bfh-xl-xf0gK0RauPdfIxEmn4t-vi.html HTTP/1.1" 302 208 "-" "Mozilla/5.0 (compatible; MJ12bot/v1.4.8; http://mj12bot.com/)"
51.68.34.57 - - [29/Oct/2025:21:33:44 +0700] "GET /battlefield-hardline-tips-y-partida-pica-40-muertes-xl-xf0gd-90WR8x3UMmn4t-vi.html HTTP/1.1" 302 208 "-" "Mozilla/5.0 (compatible; MJ12bot/v1.4.8; http://mj12bot.com/)"
172.245.102.52 - - [29/Oct/2025:21:33:44 +0700] "GET /wp-content/plugins/hello.php HTTP/1.1" 302 208 "http://mikitogeljitu.com/wp-content/plugins/hello.php" "Go-http-client/1.1"
172.245.102.52 - - [29/Oct/2025:21:33:44 +0700] "GET / HTTP/1.1" 200 35366 "https://kryexthemes.com/wp-content/plugins/hello.php" "Go-http-client/1.1"
172.245.102.52 - - [29/Oct/2025:21:33:45 +0700] "GET /wp-content/uploads/about.php HTTP/1.1" 302 208 "http://mikitogeljitu.com/wp-content/uploads/about.php" "Go-http-client/1.1"
51.68.34.57 - - [29/Oct/2025:21:33:45 +0700] "GET / HTTP/1.1" 200 31184 "-" "Mozilla/5.0 (compatible; MJ12bot/v1.4.8; http://mj12bot.com/)"
51.68.34.57 - - [29/Oct/2025:21:33:45 +0700] "GET / HTTP/1.1" 200 31184 "-" "Mozilla/5.0 (compatible; MJ12bot/v1.4.8; http://mj12bot.com/)"
172.245.102.52 - - [29/Oct/2025:21:33:45 +0700] "GET / HTTP/1.1" 200 35366 "https://kryexthemes.com/wp-content/uploads/about.php" "Go-http-client/1.1"
172.245.102.52 - - [29/Oct/2025:21:33:46 +0700] "GET /wp-includes/css/dist/index.php HTTP/1.1" 302 208 "http://mikitogeljitu.com/wp-includes/css/dist/index.php" "Go-http-client/1.1"
172.245.102.52 - - [29/Oct/2025:21:33:46 +0700] "GET / HTTP/1.1" 200 35366 "https://kryexthemes.com/wp-includes/css/dist/index.php" "Go-http-client/1.1"
172.245.102.52 - - [29/Oct/2025:21:33:48 +0700] "GET /wp-admin/upgrade.php HTTP/1.1" 302 208 "http://mikitogeljitu.com/wp-admin/upgrade.php" "Go-http-client/1.1"
172.245.102.52 - - [29/Oct/2025:21:33:48 +0700] "GET / HTTP/1.1" 200 35366 "https://kryexthemes.com/wp-admin/upgrade.php" "Go-http-client/1.1"
172.245.102.52 - - [29/Oct/2025:21:33:49 +0700] "GET /wp-includes/certificates/about.php HTTP/1.1" 302 208 "http://mikitogeljitu.com/wp-includes/certificates/about.php" "Go-http-client/1.1"
172.245.102.52 - - [29/Oct/2025:21:33:49 +0700] "GET / HTTP/1.1" 200 35366 "https://kryexthemes.com/wp-includes/certificates/about.php" "Go-http-client/1.1"
172.245.102.52 - - [29/Oct/2025:21:33:50 +0700] "GET /wp-includes/css/about.php HTTP/1.1" 302 208 "http://mikitogeljitu.com/wp-includes/css/about.php" "Go-http-client/1.1"
51.68.34.57 - - [29/Oct/2025:21:33:50 +0700] "GET /battlefield-hardline-top-5-best-guns-in-bfh-xl-xf0gK0RauPdfIxEmn4t-vi.html HTTP/1.1" 302 208 "-" "Mozilla/5.0 (compatible; MJ12bot/v1.4.8; http://mj12bot.com/)"
172.245.102.52 - - [29/Oct/2025:21:33:50 +0700] "GET / HTTP/1.1" 200 35366 "https://kryexthemes.com/wp-includes/css/about.php" "Go-http-client/1.1"
51.68.34.57 - - [29/Oct/2025:21:33:50 +0700] "GET /battlefield-hardline-trailer-officiel-de-lancement-xl-xf0gZgiXGj1PMEomn4t-vi.html HTTP/1.1" 302 208 "-" "Mozilla/5.0 (compatible; MJ12bot/v1.4.8; http://mj12bot.com/)"
172.245.102.52 - - [29/Oct/2025:21:33:51 +0700] "GET /xmlrpc.php HTTP/1.1" 404 47 "http://mikitogeljitu.com/xmlrpc.php" "Go-http-client/1.1"
51.68.34.57 - - [29/Oct/2025:21:33:51 +0700] "GET / HTTP/1.1" 200 31184 "-" "Mozilla/5.0 (compatible; MJ12bot/v1.4.8; http://mj12bot.com/)"
51.68.34.57 - - [29/Oct/2025:21:33:51 +0700] "GET / HTTP/1.1" 200 31184 "-" "Mozilla/5.0 (compatible; MJ12bot/v1.4.8; http://mj12bot.com/)"
172.245.102.52 - - [29/Oct/2025:21:33:52 +0700] "GET /wp-content/upgrade/about.php HTTP/1.1" 302 208 "http://mikitogeljitu.com/wp-content/upgrade/about.php" "Go-http-client/1.1"
172.245.102.52 - - [29/Oct/2025:21:33:52 +0700] "GET / HTTP/1.1" 200 35366 "https://kryexthemes.com/wp-content/upgrade/about.php" "Go-http-client/1.1"
47.128.22.16 - - [29/Oct/2025:21:33:53 +0700] "GET / HTTP/1.1" 200 31184 "-" "Mozilla/5.0 (Linux; Android 5.0) AppleWebKit/537.36 (KHTML, like Gecko) Mobile Safari/537.36 (compatible; Bytespider; spider-feedback@bytedance.com)"
172.245.102.52 - - [29/Oct/2025:21:33:53 +0700] "GET /fm.php/sts.php HTTP/1.1" 404 47 "http://mikitogeljitu.com/fm.php/sts.php" "Go-http-client/1.1"
172.245.102.52 - - [29/Oct/2025:21:33:54 +0700] "GET /wp-admin/css/wp-login.php HTTP/1.1" 302 208 "http://mikitogeljitu.com/wp-admin/css/wp-login.php" "Go-http-client/1.1"
172.245.102.52 - - [29/Oct/2025:21:33:54 +0700] "GET / HTTP/1.1" 200 35366 "https://kryexthemes.com/wp-admin/css/wp-login.php" "Go-http-client/1.1"
172.245.102.52 - - [29/Oct/2025:21:33:55 +0700] "GET /wp-includes/rest-api/about.php HTTP/1.1" 302 208 "http://mikitogeljitu.com/wp-includes/rest-api/about.php" "Go-http-client/1.1"
172.245.102.52 - - [29/Oct/2025:21:33:55 +0700] "GET / HTTP/1.1" 200 35366 "https://kryexthemes.com/wp-includes/rest-api/about.php" "Go-http-client/1.1"
172.245.102.52 - - [29/Oct/2025:21:33:56 +0700] "GET /wp-admin/css/colors/blue/ HTTP/1.1" 302 208 "http://mikitogeljitu.com/wp-admin/css/colors/blue/" "Go-http-client/1.1"
51.68.34.57 - - [29/Oct/2025:21:33:56 +0700] "GET /battlefield-hardline-triler-oficial-de-lanzamiento-xl-xf0gfSCXJdPTM9Imn4t-vi.html HTTP/1.1" 302 208 "-" "Mozilla/5.0 (compatible; MJ12bot/v1.4.8; http://mj12bot.com/)"
51.68.34.57 - - [29/Oct/2025:21:33:56 +0700] "GET /battlefield-hardline-trailer-officiel-de-lancement-xl-xf0gZgiXGj1PMEomn4t-vi.html HTTP/1.1" 302 208 "-" "Mozilla/5.0 (compatible; MJ12bot/v1.4.8; http://mj12bot.com/)"
172.245.102.52 - - [29/Oct/2025:21:33:56 +0700] "GET / HTTP/1.1" 200 35366 "https://kryexthemes.com/wp-admin/css/colors/blue/" "Go-http-client/1.1"
172.245.102.52 - - [29/Oct/2025:21:33:57 +0700] "GET /wp-content/themes/about.php HTTP/1.1" 302 208 "http://mikitogeljitu.com/wp-content/themes/about.php" "Go-http-client/1.1"
51.68.34.57 - - [29/Oct/2025:21:33:58 +0700] "GET / HTTP/1.1" 200 31184 "-" "Mozilla/5.0 (compatible; MJ12bot/v1.4.8; http://mj12bot.com/)"
51.68.34.57 - - [29/Oct/2025:21:33:58 +0700] "GET / HTTP/1.1" 200 31184 "-" "Mozilla/5.0 (compatible; MJ12bot/v1.4.8; http://mj12bot.com/)"
172.245.102.52 - - [29/Oct/2025:21:33:58 +0700] "GET / HTTP/1.1" 200 35366 "https://kryexthemes.com/wp-content/themes/about.php" "Go-http-client/1.1"
172.245.102.52 - - [29/Oct/2025:21:33:59 +0700] "GET /wp-admin/css/colors/sunrise/index.php HTTP/1.1" 302 208 "http://mikitogeljitu.com/wp-admin/css/colors/sunrise/index.php" "Go-http-client/1.1"
172.245.102.52 - - [29/Oct/2025:21:33:59 +0700] "GET / HTTP/1.1" 200 35366 "https://kryexthemes.com/wp-admin/css/colors/sunrise/index.php" "Go-http-client/1.1"
172.245.102.52 - - [29/Oct/2025:21:34:01 +0700] "GET /wp-admin/maint/about.php HTTP/1.1" 302 208 "http://mikitogeljitu.com/wp-admin/maint/about.php" "Go-http-client/1.1"
172.245.102.52 - - [29/Oct/2025:21:34:01 +0700] "GET / HTTP/1.1" 200 35366 "https://kryexthemes.com/wp-admin/maint/about.php" "Go-http-client/1.1"
172.245.102.52 - - [29/Oct/2025:21:34:02 +0700] "GET /wp-includes/sitemaps/ HTTP/1.1" 302 208 "http://mikitogeljitu.com/wp-includes/sitemaps/" "Go-http-client/1.1"
51.68.34.57 - - [29/Oct/2025:21:34:02 +0700] "GET /battlefield-hardline-trke-multiplayer-blood-money-ilk-bak-inceleme-blm-2-xl-xf0gl-YAuqpJ2pAmn4t-vi.html HTTP/1.1" 302 208 "-" "Mozilla/5.0 (compatible; MJ12bot/v1.4.8; http://mj12bot.com/)"
172.245.102.52 - - [29/Oct/2025:21:34:02 +0700] "GET / HTTP/1.1" 200 35366 "https://kryexthemes.com/wp-includes/sitemaps/" "Go-http-client/1.1"
51.68.34.57 - - [29/Oct/2025:21:34:02 +0700] "GET /battlefield-hardline-triler-oficial-de-lanzamiento-xl-xf0gfSCXJdPTM9Imn4t-vi.html HTTP/1.1" 302 208 "-" "Mozilla/5.0 (compatible; MJ12bot/v1.4.8; http://mj12bot.com/)"
172.245.102.52 - - [29/Oct/2025:21:34:03 +0700] "GET /wp-includes/blocks/archives/ HTTP/1.1" 302 208 "http://mikitogeljitu.com/wp-includes/blocks/archives/" "Go-http-client/1.1"
172.245.102.52 - - [29/Oct/2025:21:34:03 +0700] "GET / HTTP/1.1" 200 35366 "https://kryexthemes.com/wp-includes/blocks/archives/" "Go-http-client/1.1"
51.68.34.57 - - [29/Oct/2025:21:34:04 +0700] "GET / HTTP/1.1" 200 31184 "-" "Mozilla/5.0 (compatible; MJ12bot/v1.4.8; http://mj12bot.com/)"
51.68.34.57 - - [29/Oct/2025:21:34:04 +0700] "GET / HTTP/1.1" 200 31184 "-" "Mozilla/5.0 (compatible; MJ12bot/v1.4.8; http://mj12bot.com/)"
172.245.102.52 - - [29/Oct/2025:21:34:05 +0700] "GET /wp-admin/css/index.php HTTP/1.1" 302 208 "http://mikitogeljitu.com/wp-admin/css/index.php" "Go-http-client/1.1"
172.245.102.52 - - [29/Oct/2025:21:34:05 +0700] "GET / HTTP/1.1" 200 35366 "https://kryexthemes.com/wp-admin/css/index.php" "Go-http-client/1.1"
172.245.102.52 - - [29/Oct/2025:21:34:06 +0700] "GET /wp-includes/js/codemirror/index.php HTTP/1.1" 302 208 "http://mikitogeljitu.com/wp-includes/js/codemirror/index.php" "Go-http-client/1.1"
172.245.102.52 - - [29/Oct/2025:21:34:07 +0700] "GET / HTTP/1.1" 200 35366 "https://kryexthemes.com/wp-includes/js/codemirror/index.php" "Go-http-client/1.1"
172.245.102.52 - - [29/Oct/2025:21:34:07 +0700] "GET /wp-includes/images/about.php HTTP/1.1" 302 208 "http://mikitogeljitu.com/wp-includes/images/about.php" "Go-http-client/1.1"
172.245.102.52 - - [29/Oct/2025:21:34:08 +0700] "GET / HTTP/1.1" 200 35366 "https://kryexthemes.com/wp-includes/images/about.php" "Go-http-client/1.1"
51.68.34.57 - - [29/Oct/2025:21:34:08 +0700] "GET /battlefield-hardline-trophe-arriviste-xl-xf0gfeEfALZurnYmn4t-vi.html HTTP/1.1" 302 208 "-" "Mozilla/5.0 (compatible; MJ12bot/v1.4.8; http://mj12bot.com/)"
51.68.34.57 - - [29/Oct/2025:21:34:08 +0700] "GET /battlefield-hardline-trke-multiplayer-blood-money-ilk-bak-inceleme-blm-2-xl-xf0gl-YAuqpJ2pAmn4t-vi.html HTTP/1.1" 302 208 "-" "Mozilla/5.0 (compatible; MJ12bot/v1.4.8; http://mj12bot.com/)"
172.245.102.52 - - [29/Oct/2025:21:34:09 +0700] "GET /wp-admin/css/colors/ectoplasm/ HTTP/1.1" 302 208 "http://mikitogeljitu.com/wp-admin/css/colors/ectoplasm/" "Go-http-client/1.1"
172.245.102.52 - - [29/Oct/2025:21:34:09 +0700] "GET / HTTP/1.1" 200 35366 "https://kryexthemes.com/wp-admin/css/colors/ectoplasm/" "Go-http-client/1.1"
172.245.102.52 - - [29/Oct/2025:21:34:10 +0700] "GET /wp-includes/js/tinymce/utils/index.php HTTP/1.1" 302 208 "http://mikitogeljitu.com/wp-includes/js/tinymce/utils/index.php" "Go-http-client/1.1"
51.68.34.57 - - [29/Oct/2025:21:34:10 +0700] "GET / HTTP/1.1" 200 31184 "-" "Mozilla/5.0 (compatible; MJ12bot/v1.4.8; http://mj12bot.com/)"
172.245.102.52 - - [29/Oct/2025:21:34:10 +0700] "GET / HTTP/1.1" 200 35366 "https://kryexthemes.com/wp-includes/js/tinymce/utils/index.php" "Go-http-client/1.1"
51.68.34.57 - - [29/Oct/2025:21:34:10 +0700] "GET / HTTP/1.1" 200 31184 "-" "Mozilla/5.0 (compatible; MJ12bot/v1.4.8; http://mj12bot.com/)"
172.245.102.52 - - [29/Oct/2025:21:34:11 +0700] "GET /wp-includes/block-patterns/index.php HTTP/1.1" 302 208 "http://mikitogeljitu.com/wp-includes/block-patterns/index.php" "Go-http-client/1.1"
172.245.102.52 - - [29/Oct/2025:21:34:11 +0700] "GET / HTTP/1.1" 200 35366 "https://kryexthemes.com/wp-includes/block-patterns/index.php" "Go-http-client/1.1"
172.245.102.52 - - [29/Oct/2025:21:34:12 +0700] "GET /autoload_classmap.php HTTP/1.1" 404 47 "http://mikitogeljitu.com/autoload_classmap.php" "Go-http-client/1.1"
172.245.102.52 - - [29/Oct/2025:21:34:13 +0700] "GET /wp-admin/css/about.php HTTP/1.1" 302 208 "http://mikitogeljitu.com/wp-admin/css/about.php" "Go-http-client/1.1"
172.245.102.52 - - [29/Oct/2025:21:34:13 +0700] "GET / HTTP/1.1" 200 35366 "https://kryexthemes.com/wp-admin/css/about.php" "Go-http-client/1.1"
51.68.34.57 - - [29/Oct/2025:21:34:15 +0700] "GET /battlefield-hardline-trophe-outils-dartisan-xl-xf0gwWZZgNusxXcmn4t-vi.html HTTP/1.1" 302 208 "-" "Mozilla/5.0 (compatible; MJ12bot/v1.4.8; http://mj12bot.com/)"
172.245.102.52 - - [29/Oct/2025:21:34:15 +0700] "GET /class.php HTTP/1.1" 404 47 "http://mikitogeljitu.com/class.php" "Go-http-client/1.1"
51.68.34.57 - - [29/Oct/2025:21:34:15 +0700] "GET /battlefield-hardline-trophe-arriviste-xl-xf0gfeEfALZurnYmn4t-vi.html HTTP/1.1" 302 208 "-" "Mozilla/5.0 (compatible; MJ12bot/v1.4.8; http://mj12bot.com/)"
172.245.102.52 - - [29/Oct/2025:21:34:15 +0700] "GET /wp-includes/pomo/index.php HTTP/1.1" 302 208 "http://mikitogeljitu.com/wp-includes/pomo/index.php" "Go-http-client/1.1"
172.245.102.52 - - [29/Oct/2025:21:34:16 +0700] "GET / HTTP/1.1" 200 35366 "https://kryexthemes.com/wp-includes/pomo/index.php" "Go-http-client/1.1"
51.68.34.57 - - [29/Oct/2025:21:34:16 +0700] "GET / HTTP/1.1" 200 31184 "-" "Mozilla/5.0 (compatible; MJ12bot/v1.4.8; http://mj12bot.com/)"
51.68.34.57 - - [29/Oct/2025:21:34:16 +0700] "GET / HTTP/1.1" 200 31184 "-" "Mozilla/5.0 (compatible; MJ12bot/v1.4.8; http://mj12bot.com/)"
172.245.102.52 - - [29/Oct/2025:21:34:16 +0700] "GET /wp-mail.php HTTP/1.1" 404 47 "http://mikitogeljitu.com/wp-mail.php" "Go-http-client/1.1"
172.245.102.52 - - [29/Oct/2025:21:34:18 +0700] "GET /ab.php HTTP/1.1" 404 47 "http://mikitogeljitu.com/ab.php" "Go-http-client/1.1"
172.245.102.52 - - [29/Oct/2025:21:34:19 +0700] "GET /hi.php HTTP/1.1" 404 47 "http://mikitogeljitu.com/hi.php" "Go-http-client/1.1"
172.245.102.52 - - [29/Oct/2025:21:34:19 +0700] "GET /wp-admin/images/index.php HTTP/1.1" 302 208 "http://mikitogeljitu.com/wp-admin/images/index.php" "Go-http-client/1.1"
172.245.102.52 - - [29/Oct/2025:21:34:20 +0700] "GET / HTTP/1.1" 200 35366 "https://kryexthemes.com/wp-admin/images/index.php" "Go-http-client/1.1"
172.245.102.52 - - [29/Oct/2025:21:34:20 +0700] "GET /wp-admin/css/colors/midnight/ HTTP/1.1" 302 208 "http://mikitogeljitu.com/wp-admin/css/colors/midnight/" "Go-http-client/1.1"
51.68.34.57 - - [29/Oct/2025:21:34:21 +0700] "GET /battlefield-hardline-trophe-sortie-lgante-xl-xf0gcIaH67rmS5Ymn4t-vi.html HTTP/1.1" 302 208 "-" "Mozilla/5.0 (compatible; MJ12bot/v1.4.8; http://mj12bot.com/)"
172.245.102.52 - - [29/Oct/2025:21:34:21 +0700] "GET / HTTP/1.1" 200 35366 "https://kryexthemes.com/wp-admin/css/colors/midnight/" "Go-http-client/1.1"
51.68.34.57 - - [29/Oct/2025:21:34:21 +0700] "GET /battlefield-hardline-trophe-outils-dartisan-xl-xf0gwWZZgNusxXcmn4t-vi.html HTTP/1.1" 302 208 "-" "Mozilla/5.0 (compatible; MJ12bot/v1.4.8; http://mj12bot.com/)"
172.245.102.52 - - [29/Oct/2025:21:34:22 +0700] "GET /wp-admin/classwithtostring.php HTTP/1.1" 302 208 "http://mikitogeljitu.com/wp-admin/classwithtostring.php" "Go-http-client/1.1"
172.245.102.52 - - [29/Oct/2025:21:34:22 +0700] "GET / HTTP/1.1" 200 35366 "https://kryexthemes.com/wp-admin/classwithtostring.php" "Go-http-client/1.1"
51.68.34.57 - - [29/Oct/2025:21:34:22 +0700] "GET / HTTP/1.1" 200 31184 "-" "Mozilla/5.0 (compatible; MJ12bot/v1.4.8; http://mj12bot.com/)"
51.68.34.57 - - [29/Oct/2025:21:34:22 +0700] "GET / HTTP/1.1" 200 31184 "-" "Mozilla/5.0 (compatible; MJ12bot/v1.4.8; http://mj12bot.com/)"
172.245.102.52 - - [29/Oct/2025:21:34:23 +0700] "GET /wp-content/plugins/mainhosting/default.php HTTP/1.1" 302 208 "http://mikitogeljitu.com/wp-content/plugins/mainhosting/default.php" "Go-http-client/1.1"
172.245.102.52 - - [29/Oct/2025:21:34:23 +0700] "GET / HTTP/1.1" 200 35366 "https://kryexthemes.com/wp-content/plugins/mainhosting/default.php" "Go-http-client/1.1"
172.245.102.52 - - [29/Oct/2025:21:34:27 +0700] "GET /wp-content/plugins/phpad/as.php HTTP/1.1" 302 208 "http://mikitogeljitu.com/wp-content/plugins/phpad/as.php" "Go-http-client/1.1"
51.68.34.57 - - [29/Oct/2025:21:34:27 +0700] "GET /battlefield-hardline-trophe-trompe-la-mort-xl-xf0gK-1l_268i7Mmn4t-vi.html HTTP/1.1" 302 208 "-" "Mozilla/5.0 (compatible; MJ12bot/v1.4.8; http://mj12bot.com/)"
51.68.34.57 - - [29/Oct/2025:21:34:27 +0700] "GET /battlefield-hardline-trophe-sortie-lgante-xl-xf0gcIaH67rmS5Ymn4t-vi.html HTTP/1.1" 302 208 "-" "Mozilla/5.0 (compatible; MJ12bot/v1.4.8; http://mj12bot.com/)"
172.245.102.52 - - [29/Oct/2025:21:34:27 +0700] "GET / HTTP/1.1" 200 35366 "https://kryexthemes.com/wp-content/plugins/phpad/as.php" "Go-http-client/1.1"
172.245.102.52 - - [29/Oct/2025:21:34:28 +0700] "GET /item.php HTTP/1.1" 404 47 "http://mikitogeljitu.com/item.php" "Go-http-client/1.1"
51.68.34.57 - - [29/Oct/2025:21:34:28 +0700] "GET / HTTP/1.1" 200 31184 "-" "Mozilla/5.0 (compatible; MJ12bot/v1.4.8; http://mj12bot.com/)"
51.68.34.57 - - [29/Oct/2025:21:34:29 +0700] "GET / HTTP/1.1" 200 31184 "-" "Mozilla/5.0 (compatible; MJ12bot/v1.4.8; http://mj12bot.com/)"
172.245.102.52 - - [29/Oct/2025:21:34:29 +0700] "GET /index/function.php HTTP/1.1" 302 208 "http://mikitogeljitu.com/index/function.php" "Go-http-client/1.1"
172.245.102.52 - - [29/Oct/2025:21:34:30 +0700] "GET / HTTP/1.1" 200 35366 "https://kryexthemes.com/index/function.php" "Go-http-client/1.1"
172.245.102.52 - - [29/Oct/2025:21:34:31 +0700] "GET /radio.php HTTP/1.1" 404 47 "http://mikitogeljitu.com/radio.php" "Go-http-client/1.1"
172.245.102.52 - - [29/Oct/2025:21:34:33 +0700] "GET /k.php HTTP/1.1" 404 47 "http://mikitogeljitu.com/k.php" "Go-http-client/1.1"
51.68.34.57 - - [29/Oct/2025:21:34:33 +0700] "GET /battlefield-hardline-trophe-trompe-la-mort-xl-xf0gK-1l_268i7Mmn4t-vi.html HTTP/1.1" 302 208 "-" "Mozilla/5.0 (compatible; MJ12bot/v1.4.8; http://mj12bot.com/)"
51.68.34.57 - - [29/Oct/2025:21:34:33 +0700] "GET /battlefield-hardline-truco-para-obtener-los-4-niveles-de-reputacin-fcil-xl-xf0gJ67RDb9hwb8mn4t-vi.html HTTP/1.1" 302 208 "-" "Mozilla/5.0 (compatible; MJ12bot/v1.4.8; http://mj12bot.com/)"
51.68.34.57 - - [29/Oct/2025:21:34:35 +0700] "GET / HTTP/1.1" 200 31184 "-" "Mozilla/5.0 (compatible; MJ12bot/v1.4.8; http://mj12bot.com/)"
51.68.34.57 - - [29/Oct/2025:21:34:35 +0700] "GET / HTTP/1.1" 200 31184 "-" "Mozilla/5.0 (compatible; MJ12bot/v1.4.8; http://mj12bot.com/)"
172.245.102.52 - - [29/Oct/2025:21:34:35 +0700] "GET /wp-includes/block-bindings/ HTTP/1.1" 302 208 "http://mikitogeljitu.com/wp-includes/block-bindings/" "Go-http-client/1.1"
172.245.102.52 - - [29/Oct/2025:21:34:35 +0700] "GET / HTTP/1.1" 200 35366 "https://kryexthemes.com/wp-includes/block-bindings/" "Go-http-client/1.1"
172.245.102.52 - - [29/Oct/2025:21:34:38 +0700] "GET /system.php HTTP/1.1" 404 47 "http://mikitogeljitu.com/system.php" "Go-http-client/1.1"
172.245.102.52 - - [29/Oct/2025:21:34:39 +0700] "GET /wp-admin/css/colors/sunrise/ HTTP/1.1" 302 208 "http://mikitogeljitu.com/wp-admin/css/colors/sunrise/" "Go-http-client/1.1"
51.68.34.57 - - [29/Oct/2025:21:34:39 +0700] "GET /battlefield-hardline-truco-para-obtener-los-4-niveles-de-reputacin-fcil-xl-xf0gJ67RDb9hwb8mn4t-vi.html HTTP/1.1" 302 208 "-" "Mozilla/5.0 (compatible; MJ12bot/v1.4.8; http://mj12bot.com/)"
172.245.102.52 - - [29/Oct/2025:21:34:39 +0700] "GET / HTTP/1.1" 200 35366 "https://kryexthemes.com/wp-admin/css/colors/sunrise/" "Go-http-client/1.1"
51.68.34.57 - - [29/Oct/2025:21:34:39 +0700] "GET /battlefield-hardline-trucos-zonas-secretas-bugs-1-xl-xf0gOLkhn9QEipMmn4t-vi.html HTTP/1.1" 302 208 "-" "Mozilla/5.0 (compatible; MJ12bot/v1.4.8; http://mj12bot.com/)"
172.245.102.52 - - [29/Oct/2025:21:34:40 +0700] "GET /wp-includes/block-supports/index.php HTTP/1.1" 302 208 "http://mikitogeljitu.com/wp-includes/block-supports/index.php" "Go-http-client/1.1"
172.245.102.52 - - [29/Oct/2025:21:34:40 +0700] "GET / HTTP/1.1" 200 35366 "https://kryexthemes.com/wp-includes/block-supports/index.php" "Go-http-client/1.1"
51.68.34.57 - - [29/Oct/2025:21:34:41 +0700] "GET / HTTP/1.1" 200 31184 "-" "Mozilla/5.0 (compatible; MJ12bot/v1.4.8; http://mj12bot.com/)"
51.68.34.57 - - [29/Oct/2025:21:34:41 +0700] "GET / HTTP/1.1" 200 31184 "-" "Mozilla/5.0 (compatible; MJ12bot/v1.4.8; http://mj12bot.com/)"
172.245.102.52 - - [29/Oct/2025:21:34:42 +0700] "GET /simple.php HTTP/1.1" 404 47 "http://mikitogeljitu.com/simple.php" "Go-http-client/1.1"
172.245.102.52 - - [29/Oct/2025:21:34:43 +0700] "GET /w.php HTTP/1.1" 404 47 "http://mikitogeljitu.com/w.php" "Go-http-client/1.1"
172.245.102.52 - - [29/Oct/2025:21:34:44 +0700] "GET /zwso.php HTTP/1.1" 404 47 "http://mikitogeljitu.com/zwso.php" "Go-http-client/1.1"
51.68.34.57 - - [29/Oct/2025:21:34:45 +0700] "GET /battlefield-hardline-tuto-comment-tre-efficace-en-assaut-xl-xf0gGI2zj5EjbfQmn4t-vi.html HTTP/1.1" 302 208 "-" "Mozilla/5.0 (compatible; MJ12bot/v1.4.8; http://mj12bot.com/)"
51.68.34.57 - - [29/Oct/2025:21:34:46 +0700] "GET /battlefield-hardline-trucos-zonas-secretas-bugs-1-xl-xf0gOLkhn9QEipMmn4t-vi.html HTTP/1.1" 302 208 "-" "Mozilla/5.0 (compatible; MJ12bot/v1.4.8; http://mj12bot.com/)"
51.68.34.57 - - [29/Oct/2025:21:34:47 +0700] "GET / HTTP/1.1" 200 31184 "-" "Mozilla/5.0 (compatible; MJ12bot/v1.4.8; http://mj12bot.com/)"
51.68.34.57 - - [29/Oct/2025:21:34:47 +0700] "GET / HTTP/1.1" 200 31184 "-" "Mozilla/5.0 (compatible; MJ12bot/v1.4.8; http://mj12bot.com/)"
172.245.102.52 - - [29/Oct/2025:21:34:47 +0700] "GET /aa.php HTTP/1.1" 404 47 "http://mikitogeljitu.com/aa.php" "Go-http-client/1.1"
114.119.132.108 - - [29/Oct/2025:21:34:49 +0700] "GET /voax/urun-kategori/fashion-boot?filter_beden=l&filter_renk=mor,turuncu,yesil&orderby=price HTTP/1.1" 302 208 "https://kryexthemes.com/voax/urun-kategori/fashion-boot/?filter_beden=l&filter_renk=mor%2Cturuncu%2Cyesil&orderby=rating" "Mozilla/5.0 (Linux; Android 7.0;) AppleWebKit/537.36 (KHTML, like Gecko) Mobile Safari/537.36 (compatible; PetalBot;+https://webmaster.petalsearch.com/site/petalbot)"
172.245.102.52 - - [29/Oct/2025:21:34:49 +0700] "GET /css/index.php HTTP/1.1" 302 208 "http://mikitogeljitu.com/css/index.php" "Go-http-client/1.1"
172.245.102.52 - - [29/Oct/2025:21:34:49 +0700] "GET / HTTP/1.1" 200 35366 "https://kryexthemes.com/css/index.php" "Go-http-client/1.1"
114.119.132.108 - - [29/Oct/2025:21:34:50 +0700] "GET / HTTP/1.1" 200 35366 "https://kryexthemes.com/voax/urun-kategori/fashion-boot/?filter_beden=l&filter_renk=mor%2Cturuncu%2Cyesil&orderby=rating" "Mozilla/5.0 (Linux; Android 7.0;) AppleWebKit/537.36 (KHTML, like Gecko) Mobile Safari/537.36 (compatible; PetalBot;+https://webmaster.petalsearch.com/site/petalbot)"
172.245.102.52 - - [29/Oct/2025:21:34:51 +0700] "GET /index2.php HTTP/1.1" 404 47 "http://mikitogeljitu.com/index2.php" "Go-http-client/1.1"
51.68.34.57 - - [29/Oct/2025:21:34:52 +0700] "GET /battlefield-hardline-ultra-settings-pc-gameplay-nice-little-14-killstreak-xl-xf0gymGYAdYTOIQmn4t-vi.html HTTP/1.1" 302 208 "-" "Mozilla/5.0 (compatible; MJ12bot/v1.4.8; http://mj12bot.com/)"
51.68.34.57 - - [29/Oct/2025:21:34:52 +0700] "GET /battlefield-hardline-tuto-comment-tre-efficace-en-assaut-xl-xf0gGI2zj5EjbfQmn4t-vi.html HTTP/1.1" 302 208 "-" "Mozilla/5.0 (compatible; MJ12bot/v1.4.8; http://mj12bot.com/)"
172.245.102.52 - - [29/Oct/2025:21:34:52 +0700] "GET /ini.php HTTP/1.1" 404 47 "http://mikitogeljitu.com/ini.php" "Go-http-client/1.1"
51.68.34.57 - - [29/Oct/2025:21:34:53 +0700] "GET / HTTP/1.1" 200 31184 "-" "Mozilla/5.0 (compatible; MJ12bot/v1.4.8; http://mj12bot.com/)"
51.68.34.57 - - [29/Oct/2025:21:34:53 +0700] "GET / HTTP/1.1" 200 31184 "-" "Mozilla/5.0 (compatible; MJ12bot/v1.4.8; http://mj12bot.com/)"
172.245.102.52 - - [29/Oct/2025:21:34:53 +0700] "GET /images/index.php HTTP/1.1" 302 208 "http://mikitogeljitu.com/images/index.php" "Go-http-client/1.1"
172.245.102.52 - - [29/Oct/2025:21:34:54 +0700] "GET / HTTP/1.1" 200 35366 "https://kryexthemes.com/images/index.php" "Go-http-client/1.1"
172.245.102.52 - - [29/Oct/2025:21:34:55 +0700] "GET /style.php HTTP/1.1" 404 47 "http://mikitogeljitu.com/style.php" "Go-http-client/1.1"
172.245.102.52 - - [29/Oct/2025:21:34:56 +0700] "GET /wp-includes/js/jcrop/Jcrop.php HTTP/1.1" 302 208 "http://mikitogeljitu.com/wp-includes/js/jcrop/Jcrop.php" "Go-http-client/1.1"
172.245.102.52 - - [29/Oct/2025:21:34:56 +0700] "GET / HTTP/1.1" 200 35366 "https://kryexthemes.com/wp-includes/js/jcrop/Jcrop.php" "Go-http-client/1.1"
51.68.34.57 - - [29/Oct/2025:21:34:58 +0700] "GET /battlefield-hardline-un-passo-indietro-bf3-commentary-ita-xl-xf0gSgn3UMogrGYmn4t-vi.html HTTP/1.1" 302 208 "-" "Mozilla/5.0 (compatible; MJ12bot/v1.4.8; http://mj12bot.com/)"
172.245.102.52 - - [29/Oct/2025:21:34:58 +0700] "GET /wp-includes/assets/index.php HTTP/1.1" 302 208 "http://mikitogeljitu.com/wp-includes/assets/index.php" "Go-http-client/1.1"
51.68.34.57 - - [29/Oct/2025:21:34:58 +0700] "GET /battlefield-hardline-ultra-settings-pc-gameplay-nice-little-14-killstreak-xl-xf0gymGYAdYTOIQmn4t-vi.html HTTP/1.1" 302 208 "-" "Mozilla/5.0 (compatible; MJ12bot/v1.4.8; http://mj12bot.com/)"
172.245.102.52 - - [29/Oct/2025:21:34:58 +0700] "GET / HTTP/1.1" 200 35366 "https://kryexthemes.com/wp-includes/assets/index.php" "Go-http-client/1.1"
172.245.102.52 - - [29/Oct/2025:21:34:59 +0700] "GET /admin/function.php HTTP/1.1" 302 208 "http://mikitogeljitu.com/admin/function.php" "Go-http-client/1.1"
172.245.102.52 - - [29/Oct/2025:21:34:59 +0700] "GET / HTTP/1.1" 200 35366 "https://kryexthemes.com/admin/function.php" "Go-http-client/1.1"
51.68.34.57 - - [29/Oct/2025:21:34:59 +0700] "GET / HTTP/1.1" 200 31184 "-" "Mozilla/5.0 (compatible; MJ12bot/v1.4.8; http://mj12bot.com/)"
51.68.34.57 - - [29/Oct/2025:21:34:59 +0700] "GET / HTTP/1.1" 200 31184 "-" "Mozilla/5.0 (compatible; MJ12bot/v1.4.8; http://mj12bot.com/)"
185.191.171.5 - - [29/Oct/2025:21:34:59 +0700] "GET /tag/rizky-billar-ditahan/ HTTP/1.1" 302 208 "-" "Mozilla/5.0 (compatible; SemrushBot/7~bl; +http://www.semrush.com/bot.html)"
172.245.102.52 - - [29/Oct/2025:21:35:00 +0700] "GET /yasnu.php HTTP/1.1" 404 47 "http://mikitogeljitu.com/yasnu.php" "Go-http-client/1.1"
172.245.102.52 - - [29/Oct/2025:21:35:01 +0700] "GET /file2.php HTTP/1.1" 404 47 "http://mikitogeljitu.com/file2.php" "Go-http-client/1.1"
172.245.102.52 - - [29/Oct/2025:21:35:02 +0700] "GET /wp-content/themes/admin.php HTTP/1.1" 302 208 "http://mikitogeljitu.com/wp-content/themes/admin.php" "Go-http-client/1.1"
172.245.102.52 - - [29/Oct/2025:21:35:02 +0700] "GET / HTTP/1.1" 200 35366 "https://kryexthemes.com/wp-content/themes/admin.php" "Go-http-client/1.1"
172.245.102.52 - - [29/Oct/2025:21:35:04 +0700] "GET /version.php HTTP/1.1" 404 47 "http://mikitogeljitu.com/version.php" "Go-http-client/1.1"
51.68.34.57 - - [29/Oct/2025:21:35:04 +0700] "GET /battlefield-hardline-video-recensione-gameplay-ita-hd-xl-xf0gTLpGl6pp008mn4t-vi.html HTTP/1.1" 302 208 "-" "Mozilla/5.0 (compatible; MJ12bot/v1.4.8; http://mj12bot.com/)"
51.68.34.57 - - [29/Oct/2025:21:35:04 +0700] "GET /battlefield-hardline-un-passo-indietro-bf3-commentary-ita-xl-xf0gSgn3UMogrGYmn4t-vi.html HTTP/1.1" 302 208 "-" "Mozilla/5.0 (compatible; MJ12bot/v1.4.8; http://mj12bot.com/)"
172.245.102.52 - - [29/Oct/2025:21:35:05 +0700] "GET /wp-config-sample.php HTTP/1.1" 404 47 "http://mikitogeljitu.com/wp-config-sample.php" "Go-http-client/1.1"
51.68.34.57 - - [29/Oct/2025:21:35:05 +0700] "GET / HTTP/1.1" 200 31184 "-" "Mozilla/5.0 (compatible; MJ12bot/v1.4.8; http://mj12bot.com/)"
51.68.34.57 - - [29/Oct/2025:21:35:06 +0700] "GET / HTTP/1.1" 200 31184 "-" "Mozilla/5.0 (compatible; MJ12bot/v1.4.8; http://mj12bot.com/)"
172.245.102.52 - - [29/Oct/2025:21:35:06 +0700] "GET /mini.php HTTP/1.1" 404 47 "http://mikitogeljitu.com/mini.php" "Go-http-client/1.1"
172.245.102.52 - - [29/Oct/2025:21:35:08 +0700] "GET /ss.php HTTP/1.1" 404 47 "http://mikitogeljitu.com/ss.php" "Go-http-client/1.1"
172.245.102.52 - - [29/Oct/2025:21:35:10 +0700] "GET /v.php HTTP/1.1" 404 47 "http://mikitogeljitu.com/v.php" "Go-http-client/1.1"
51.68.34.57 - - [29/Oct/2025:21:35:10 +0700] "GET /battlefield-hardline-vs-battlefield-4-is-it-just-an-expensive-dlc-bfhl-gameplay-xl-xf0gYT2oJgkj0Asmn4t-vi.html HTTP/1.1" 302 208 "-" "Mozilla/5.0 (compatible; MJ12bot/v1.4.8; http://mj12bot.com/)"
51.68.34.57 - - [29/Oct/2025:21:35:11 +0700] "GET /battlefield-hardline-video-recensione-gameplay-ita-hd-xl-xf0gTLpGl6pp008mn4t-vi.html HTTP/1.1" 302 208 "-" "Mozilla/5.0 (compatible; MJ12bot/v1.4.8; http://mj12bot.com/)"
51.68.34.57 - - [29/Oct/2025:21:35:12 +0700] "GET / HTTP/1.1" 200 31184 "-" "Mozilla/5.0 (compatible; MJ12bot/v1.4.8; http://mj12bot.com/)"
51.68.34.57 - - [29/Oct/2025:21:35:12 +0700] "GET / HTTP/1.1" 200 31184 "-" "Mozilla/5.0 (compatible; MJ12bot/v1.4.8; http://mj12bot.com/)"
172.245.102.52 - - [29/Oct/2025:21:35:13 +0700] "GET /f.php HTTP/1.1" 404 47 "http://mikitogeljitu.com/f.php" "Go-http-client/1.1"
172.245.102.52 - - [29/Oct/2025:21:35:14 +0700] "GET /wp-Owl.php HTTP/1.1" 404 47 "http://mikitogeljitu.com/wp-Owl.php" "Go-http-client/1.1"
172.245.102.52 - - [29/Oct/2025:21:35:16 +0700] "GET /wp-content/admin.php HTTP/1.1" 302 208 "http://mikitogeljitu.com/wp-content/admin.php" "Go-http-client/1.1"
172.245.102.52 - - [29/Oct/2025:21:35:16 +0700] "GET / HTTP/1.1" 200 35366 "https://kryexthemes.com/wp-content/admin.php" "Go-http-client/1.1"
51.68.34.57 - - [29/Oct/2025:21:35:16 +0700] "GET /battlefield-hardline-vs-battlefield-4-which-is-better-xl-xf0gjMnfL8xc3hMmn4t-vi.html HTTP/1.1" 302 208 "-" "Mozilla/5.0 (compatible; MJ12bot/v1.4.8; http://mj12bot.com/)"
51.68.34.57 - - [29/Oct/2025:21:35:17 +0700] "GET /battlefield-hardline-vs-battlefield-4-is-it-just-an-expensive-dlc-bfhl-gameplay-xl-xf0gYT2oJgkj0Asmn4t-vi.html HTTP/1.1" 302 208 "-" "Mozilla/5.0 (compatible; MJ12bot/v1.4.8; http://mj12bot.com/)"
43.135.139.165 - - [29/Oct/2025:21:35:17 +0700] "GET / HTTP/1.1" 200 35365 "http://www.mikitogeljitu.com" "Mozilla/5.0 (iPhone; CPU iPhone OS 13_2_3 like Mac OS X) AppleWebKit/605.1.15 (KHTML, like Gecko) Version/13.0.3 Mobile/15E148 Safari/604.1"
51.68.34.57 - - [29/Oct/2025:21:35:18 +0700] "GET / HTTP/1.1" 200 31184 "-" "Mozilla/5.0 (compatible; MJ12bot/v1.4.8; http://mj12bot.com/)"
172.245.102.52 - - [29/Oct/2025:21:35:18 +0700] "GET /wp-includes/js/dist/ HTTP/1.1" 302 208 "http://mikitogeljitu.com/wp-includes/js/dist/" "Go-http-client/1.1"
172.245.102.52 - - [29/Oct/2025:21:35:18 +0700] "GET / HTTP/1.1" 200 35366 "https://kryexthemes.com/wp-includes/js/dist/" "Go-http-client/1.1"
51.68.34.57 - - [29/Oct/2025:21:35:18 +0700] "GET / HTTP/1.1" 200 31184 "-" "Mozilla/5.0 (compatible; MJ12bot/v1.4.8; http://mj12bot.com/)"
172.245.102.52 - - [29/Oct/2025:21:35:19 +0700] "GET /uploaded_script.php HTTP/1.1" 404 47 "http://mikitogeljitu.com/uploaded_script.php" "Go-http-client/1.1"
172.245.102.52 - - [29/Oct/2025:21:35:21 +0700] "GET /wp-includes/blocks/calendar/ HTTP/1.1" 302 208 "http://mikitogeljitu.com/wp-includes/blocks/calendar/" "Go-http-client/1.1"
172.245.102.52 - - [29/Oct/2025:21:35:21 +0700] "GET / HTTP/1.1" 200 35366 "https://kryexthemes.com/wp-includes/blocks/calendar/" "Go-http-client/1.1"
51.68.34.57 - - [29/Oct/2025:21:35:22 +0700] "GET /battlefield-hardline-w-2019-roku-xl-xf0gojki0jDURjMmn4t-vi.html HTTP/1.1" 302 208 "-" "Mozilla/5.0 (compatible; MJ12bot/v1.4.8; http://mj12bot.com/)"
172.245.102.52 - - [29/Oct/2025:21:35:23 +0700] "GET /wp-includes/theme-compat/ HTTP/1.1" 302 208 "http://mikitogeljitu.com/wp-includes/theme-compat/" "Go-http-client/1.1"
172.245.102.52 - - [29/Oct/2025:21:35:23 +0700] "GET / HTTP/1.1" 200 35366 "https://kryexthemes.com/wp-includes/theme-compat/" "Go-http-client/1.1"
51.68.34.57 - - [29/Oct/2025:21:35:23 +0700] "GET /battlefield-hardline-vs-battlefield-4-which-is-better-xl-xf0gjMnfL8xc3hMmn4t-vi.html HTTP/1.1" 302 208 "-" "Mozilla/5.0 (compatible; MJ12bot/v1.4.8; http://mj12bot.com/)"
172.245.102.52 - - [29/Oct/2025:21:35:24 +0700] "GET /adminfuns.php HTTP/1.1" 404 47 "http://mikitogeljitu.com/adminfuns.php" "Go-http-client/1.1"
51.68.34.57 - - [29/Oct/2025:21:35:24 +0700] "GET / HTTP/1.1" 200 31184 "-" "Mozilla/5.0 (compatible; MJ12bot/v1.4.8; http://mj12bot.com/)"
51.68.34.57 - - [29/Oct/2025:21:35:24 +0700] "GET / HTTP/1.1" 200 31184 "-" "Mozilla/5.0 (compatible; MJ12bot/v1.4.8; http://mj12bot.com/)"
172.245.102.52 - - [29/Oct/2025:21:35:25 +0700] "GET /wp-admin/includes/index.php HTTP/1.1" 302 208 "http://mikitogeljitu.com/wp-admin/includes/index.php" "Go-http-client/1.1"
172.245.102.52 - - [29/Oct/2025:21:35:25 +0700] "GET / HTTP/1.1" 200 35366 "https://kryexthemes.com/wp-admin/includes/index.php" "Go-http-client/1.1"
172.245.102.52 - - [29/Oct/2025:21:35:26 +0700] "GET /av.php HTTP/1.1" 404 47 "http://mikitogeljitu.com/av.php" "Go-http-client/1.1"
172.245.102.52 - - [29/Oct/2025:21:35:27 +0700] "GET /readme.php HTTP/1.1" 404 47 "http://mikitogeljitu.com/readme.php" "Go-http-client/1.1"
51.68.34.57 - - [29/Oct/2025:21:35:28 +0700] "GET /battlefield-hardline-waffen-klassen-gadgets-im-berblick-bfh-gameplaygamedoku-xl-xf0glK2XlF9mwu8mn4t-vi.html HTTP/1.1" 302 208 "-" "Mozilla/5.0 (compatible; MJ12bot/v1.4.8; http://mj12bot.com/)"
172.245.102.52 - - [29/Oct/2025:21:35:29 +0700] "GET /manager.php HTTP/1.1" 404 47 "http://mikitogeljitu.com/manager.php" "Go-http-client/1.1"
