51.68.34.57 - - [29/Oct/2025:21:35:29 +0700] "GET /battlefield-hardline-w-2019-roku-xl-xf0gojki0jDURjMmn4t-vi.html HTTP/1.1" 302 208 "-" "Mozilla/5.0 (compatible; MJ12bot/v1.4.8; http://mj12bot.com/)"
51.68.34.57 - - [29/Oct/2025:21:35:30 +0700] "GET / HTTP/1.1" 200 31184 "-" "Mozilla/5.0 (compatible; MJ12bot/v1.4.8; http://mj12bot.com/)"
51.68.34.57 - - [29/Oct/2025:21:35:31 +0700] "GET / HTTP/1.1" 200 31184 "-" "Mozilla/5.0 (compatible; MJ12bot/v1.4.8; http://mj12bot.com/)"
51.68.34.57 - - [29/Oct/2025:21:35:35 +0700] "GET /battlefield-hardline-walkthrough-endingkill-dawes-xl-xf0g_19sJeClDgomn4t-vi.html HTTP/1.1" 302 208 "-" "Mozilla/5.0 (compatible; MJ12bot/v1.4.8; http://mj12bot.com/)"
51.68.34.57 - - [29/Oct/2025:21:35:35 +0700] "GET /battlefield-hardline-waffen-klassen-gadgets-im-berblick-bfh-gameplaygamedoku-xl-xf0glK2XlF9mwu8mn4t-vi.html HTTP/1.1" 302 208 "-" "Mozilla/5.0 (compatible; MJ12bot/v1.4.8; http://mj12bot.com/)"
51.68.34.57 - - [29/Oct/2025:21:35:36 +0700] "GET / HTTP/1.1" 200 31184 "-" "Mozilla/5.0 (compatible; MJ12bot/v1.4.8; http://mj12bot.com/)"
51.68.34.57 - - [29/Oct/2025:21:35:37 +0700] "GET / HTTP/1.1" 200 31184 "-" "Mozilla/5.0 (compatible; MJ12bot/v1.4.8; http://mj12bot.com/)"
51.68.34.57 - - [29/Oct/2025:21:35:41 +0700] "GET /battlefield-hardline-walkthrough-ep-01-hair-technology-single-player-campaign-gameplay-xl-xf0gzvvRY-VRDQUmn4t-vi.html HTTP/1.1" 302 208 "-" "Mozilla/5.0 (compatible; MJ12bot/v1.4.8; http://mj12bot.com/)"
51.68.34.57 - - [29/Oct/2025:21:35:41 +0700] "GET /battlefield-hardline-walkthrough-endingkill-dawes-xl-xf0g_19sJeClDgomn4t-vi.html HTTP/1.1" 302 208 "-" "Mozilla/5.0 (compatible; MJ12bot/v1.4.8; http://mj12bot.com/)"
51.68.34.57 - - [29/Oct/2025:21:35:42 +0700] "GET / HTTP/1.1" 200 31184 "-" "Mozilla/5.0 (compatible; MJ12bot/v1.4.8; http://mj12bot.com/)"
51.68.34.57 - - [29/Oct/2025:21:35:43 +0700] "GET / HTTP/1.1" 200 31184 "-" "Mozilla/5.0 (compatible; MJ12bot/v1.4.8; http://mj12bot.com/)"
51.68.34.57 - - [29/Oct/2025:21:35:47 +0700] "GET /battlefield-hardline-walkthrough-ep-03-cocaine-crocodiles-single-player-campaign-gameplay-xl-xf0gHVtncH9hJMQmn4t-vi.html HTTP/1.1" 302 208 "-" "Mozilla/5.0 (compatible; MJ12bot/v1.4.8; http://mj12bot.com/)"
51.68.34.57 - - [29/Oct/2025:21:35:48 +0700] "GET /battlefield-hardline-walkthrough-ep-01-hair-technology-single-player-campaign-gameplay-xl-xf0gzvvRY-VRDQUmn4t-vi.html HTTP/1.1" 302 208 "-" "Mozilla/5.0 (compatible; MJ12bot/v1.4.8; http://mj12bot.com/)"
51.68.34.57 - - [29/Oct/2025:21:35:48 +0700] "GET / HTTP/1.1" 200 31184 "-" "Mozilla/5.0 (compatible; MJ12bot/v1.4.8; http://mj12bot.com/)"
51.68.34.57 - - [29/Oct/2025:21:35:49 +0700] "GET / HTTP/1.1" 200 31184 "-" "Mozilla/5.0 (compatible; MJ12bot/v1.4.8; http://mj12bot.com/)"
172.245.102.52 - - [29/Oct/2025:21:35:50 +0700] "GET /wp-admin/js/index.php HTTP/1.1" 302 208 "http://mikitogeljitu.com/wp-admin/js/index.php" "Go-http-client/1.1"
172.245.102.52 - - [29/Oct/2025:21:35:50 +0700] "GET / HTTP/1.1" 200 35366 "https://kryexthemes.com/wp-admin/js/index.php" "Go-http-client/1.1"
172.245.102.52 - - [29/Oct/2025:21:35:52 +0700] "GET /wp-includes/pomo/ HTTP/1.1" 302 208 "http://mikitogeljitu.com/wp-includes/pomo/" "Go-http-client/1.1"
172.245.102.52 - - [29/Oct/2025:21:35:52 +0700] "GET / HTTP/1.1" 200 35366 "https://kryexthemes.com/wp-includes/pomo/" "Go-http-client/1.1"
51.68.34.57 - - [29/Oct/2025:21:35:53 +0700] "GET /battlefield-hardline-walkthrough-ep-04-poor-trigger-discipline-campaign-gameplay-xl-xf0g3y5TljTbxcsmn4t-vi.html HTTP/1.1" 302 208 "-" "Mozilla/5.0 (compatible; MJ12bot/v1.4.8; http://mj12bot.com/)"
51.68.34.57 - - [29/Oct/2025:21:35:54 +0700] "GET /battlefield-hardline-walkthrough-ep-03-cocaine-crocodiles-single-player-campaign-gameplay-xl-xf0gHVtncH9hJMQmn4t-vi.html HTTP/1.1" 302 208 "-" "Mozilla/5.0 (compatible; MJ12bot/v1.4.8; http://mj12bot.com/)"
51.68.34.57 - - [29/Oct/2025:21:35:55 +0700] "GET / HTTP/1.1" 200 31184 "-" "Mozilla/5.0 (compatible; MJ12bot/v1.4.8; http://mj12bot.com/)"
172.245.102.52 - - [29/Oct/2025:21:35:55 +0700] "GET /wp-content/languages/themes/ HTTP/1.1" 302 208 "http://mikitogeljitu.com/wp-content/languages/themes/" "Go-http-client/1.1"
51.68.34.57 - - [29/Oct/2025:21:35:55 +0700] "GET / HTTP/1.1" 200 31184 "-" "Mozilla/5.0 (compatible; MJ12bot/v1.4.8; http://mj12bot.com/)"
172.245.102.52 - - [29/Oct/2025:21:35:55 +0700] "GET / HTTP/1.1" 200 35366 "https://kryexthemes.com/wp-content/languages/themes/" "Go-http-client/1.1"
172.245.102.52 - - [29/Oct/2025:21:35:56 +0700] "GET /wp-includes/IXR/index.php HTTP/1.1" 302 208 "http://mikitogeljitu.com/wp-includes/IXR/index.php" "Go-http-client/1.1"
172.245.102.52 - - [29/Oct/2025:21:35:56 +0700] "GET / HTTP/1.1" 200 35366 "https://kryexthemes.com/wp-includes/IXR/index.php" "Go-http-client/1.1"
172.245.102.52 - - [29/Oct/2025:21:35:58 +0700] "GET /wp-content/autoload_classmap.php HTTP/1.1" 302 208 "http://mikitogeljitu.com/wp-content/autoload_classmap.php" "Go-http-client/1.1"
172.245.102.52 - - [29/Oct/2025:21:35:58 +0700] "GET / HTTP/1.1" 200 35366 "https://kryexthemes.com/wp-content/autoload_classmap.php" "Go-http-client/1.1"
172.245.102.52 - - [29/Oct/2025:21:35:59 +0700] "GET /wp-content/hehe.php HTTP/1.1" 302 208 "http://mikitogeljitu.com/wp-content/hehe.php" "Go-http-client/1.1"
172.245.102.52 - - [29/Oct/2025:21:35:59 +0700] "GET / HTTP/1.1" 200 35366 "https://kryexthemes.com/wp-content/hehe.php" "Go-http-client/1.1"
51.68.34.57 - - [29/Oct/2025:21:35:59 +0700] "GET /battlefield-hardline-walkthrough-ep-4-case-closed-single-player-xl-xf0gihMsB0U25Nsmn4t-vi.html HTTP/1.1" 302 208 "-" "Mozilla/5.0 (compatible; MJ12bot/v1.4.8; http://mj12bot.com/)"
51.68.34.57 - - [29/Oct/2025:21:36:00 +0700] "GET /battlefield-hardline-walkthrough-ep-04-poor-trigger-discipline-campaign-gameplay-xl-xf0g3y5TljTbxcsmn4t-vi.html HTTP/1.1" 302 208 "-" "Mozilla/5.0 (compatible; MJ12bot/v1.4.8; http://mj12bot.com/)"
172.245.102.52 - - [29/Oct/2025:21:36:01 +0700] "GET /user.php HTTP/1.1" 404 47 "http://mikitogeljitu.com/user.php" "Go-http-client/1.1"
51.68.34.57 - - [29/Oct/2025:21:36:01 +0700] "GET / HTTP/1.1" 200 31184 "-" "Mozilla/5.0 (compatible; MJ12bot/v1.4.8; http://mj12bot.com/)"
51.68.34.57 - - [29/Oct/2025:21:36:01 +0700] "GET / HTTP/1.1" 200 31184 "-" "Mozilla/5.0 (compatible; MJ12bot/v1.4.8; http://mj12bot.com/)"
121.101.129.98 - - [29/Oct/2025:21:36:01 +0700] "GET /register?referral_code=jaguar82&utm_medium=social&utm_source=heylink.me HTTP/1.1" 302 208 "https://heylink.me/LinkRecomendasi/" "Mozilla/5.0 (Linux; Android 10; K) AppleWebKit/537.36 (KHTML, like Gecko) Chrome/141.0.0.0 Mobile Safari/537.36"
172.245.102.52 - - [29/Oct/2025:21:36:02 +0700] "GET /wsa.php HTTP/1.1" 404 47 "http://mikitogeljitu.com/wsa.php" "Go-http-client/1.1"
121.101.129.98 - - [29/Oct/2025:21:36:02 +0700] "GET / HTTP/1.1" 200 31184 "https://heylink.me/LinkRecomendasi/" "Mozilla/5.0 (Linux; Android 10; K) AppleWebKit/537.36 (KHTML, like Gecko) Chrome/141.0.0.0 Mobile Safari/537.36"
172.245.102.52 - - [29/Oct/2025:21:36:02 +0700] "GET /layout.php HTTP/1.1" 404 47 "http://mikitogeljitu.com/layout.php" "Go-http-client/1.1"
172.245.102.52 - - [29/Oct/2025:21:36:04 +0700] "GET /wp-admin/maint/file.php HTTP/1.1" 302 208 "http://mikitogeljitu.com/wp-admin/maint/file.php" "Go-http-client/1.1"
172.245.102.52 - - [29/Oct/2025:21:36:04 +0700] "GET / HTTP/1.1" 200 35366 "https://kryexthemes.com/wp-admin/maint/file.php" "Go-http-client/1.1"
103.194.173.98 - - [29/Oct/2025:21:36:05 +0700] "GET / HTTP/1.1" 200 31184 "https://www.google.com/" "Mozilla/5.0 (Linux; Android 10; K) AppleWebKit/537.36 (KHTML, like Gecko) Chrome/141.0.0.0 Mobile Safari/537.36"
172.245.102.52 - - [29/Oct/2025:21:36:05 +0700] "GET /wp-includes/js/ HTTP/1.1" 302 208 "http://mikitogeljitu.com/wp-includes/js/" "Go-http-client/1.1"
172.245.102.52 - - [29/Oct/2025:21:36:05 +0700] "GET / HTTP/1.1" 200 35366 "https://kryexthemes.com/wp-includes/js/" "Go-http-client/1.1"
51.68.34.57 - - [29/Oct/2025:21:36:05 +0700] "GET /battlefield-hardline-walkthrough-ep-5-gauntlet-single-player-xl-xf0gyTu8sDbc02Imn4t-vi.html HTTP/1.1" 302 208 "-" "Mozilla/5.0 (compatible; MJ12bot/v1.4.8; http://mj12bot.com/)"
51.68.34.57 - - [29/Oct/2025:21:36:06 +0700] "GET /battlefield-hardline-walkthrough-ep-4-case-closed-single-player-xl-xf0gihMsB0U25Nsmn4t-vi.html HTTP/1.1" 302 208 "-" "Mozilla/5.0 (compatible; MJ12bot/v1.4.8; http://mj12bot.com/)"
172.245.102.52 - - [29/Oct/2025:21:36:07 +0700] "GET /core.php HTTP/1.1" 404 47 "http://mikitogeljitu.com/core.php" "Go-http-client/1.1"
51.68.34.57 - - [29/Oct/2025:21:36:07 +0700] "GET / HTTP/1.1" 200 31184 "-" "Mozilla/5.0 (compatible; MJ12bot/v1.4.8; http://mj12bot.com/)"
51.68.34.57 - - [29/Oct/2025:21:36:08 +0700] "GET / HTTP/1.1" 200 31184 "-" "Mozilla/5.0 (compatible; MJ12bot/v1.4.8; http://mj12bot.com/)"
172.245.102.52 - - [29/Oct/2025:21:36:08 +0700] "GET /xml.php HTTP/1.1" 404 47 "http://mikitogeljitu.com/xml.php" "Go-http-client/1.1"
103.194.173.98 - - [29/Oct/2025:21:36:09 +0700] "POST /cdn-cgi/rum? HTTP/1.1" 302 208 "https://kryexthemes.com/" "Mozilla/5.0 (Linux; Android 10; K) AppleWebKit/537.36 (KHTML, like Gecko) Chrome/141.0.0.0 Mobile Safari/537.36"
172.245.102.52 - - [29/Oct/2025:21:36:09 +0700] "GET /index.php HTTP/1.1" 200 35365 "http://mikitogeljitu.com/index.php" "Go-http-client/1.1"
121.101.129.98 - - [29/Oct/2025:21:36:09 +0700] "GET /bandar-mikitoto.webp HTTP/1.1" 200 79338 "https://kryexthemes.com/" "Mozilla/5.0 (Linux; Android 10; K) AppleWebKit/537.36 (KHTML, like Gecko) Chrome/141.0.0.0 Mobile Safari/537.36"
103.194.173.98 - - [29/Oct/2025:21:36:09 +0700] "GET / HTTP/1.1" 200 31184 "https://kryexthemes.com/" "Mozilla/5.0 (Linux; Android 10; K) AppleWebKit/537.36 (KHTML, like Gecko) Chrome/141.0.0.0 Mobile Safari/537.36"
51.68.34.57 - - [29/Oct/2025:21:36:12 +0700] "GET /battlefield-hardline-walkthrough-ep-7-glass-houses-single-player-xl-xf0gqww9_2Ix-DImn4t-vi.html HTTP/1.1" 302 208 "-" "Mozilla/5.0 (compatible; MJ12bot/v1.4.8; http://mj12bot.com/)"
103.194.173.98 - - [29/Oct/2025:21:36:12 +0700] "POST /cdn-cgi/rum? HTTP/1.1" 302 208 "https://kryexthemes.com/" "Mozilla/5.0 (Linux; Android 10; K) AppleWebKit/537.36 (KHTML, like Gecko) Chrome/141.0.0.0 Mobile Safari/537.36"
103.194.173.98 - - [29/Oct/2025:21:36:12 +0700] "GET / HTTP/1.1" 200 31184 "https://kryexthemes.com/" "Mozilla/5.0 (Linux; Android 10; K) AppleWebKit/537.36 (KHTML, like Gecko) Chrome/141.0.0.0 Mobile Safari/537.36"
51.68.34.57 - - [29/Oct/2025:21:36:12 +0700] "GET /battlefield-hardline-walkthrough-ep-5-gauntlet-single-player-xl-xf0gyTu8sDbc02Imn4t-vi.html HTTP/1.1" 302 208 "-" "Mozilla/5.0 (compatible; MJ12bot/v1.4.8; http://mj12bot.com/)"
114.119.129.179 - - [29/Oct/2025:21:36:12 +0700] "GET /voax/urun-kategori/fashion-boot?filter_beden=l&=mavi,yesil HTTP/1.1" 302 208 "https://kryexthemes.com/voax/urun-kategori/fashion-boot/?filter_renk=kirmizi%2Cmavi%2Cyesil&filter_beden=l" "Mozilla/5.0 (Linux; Android 7.0;) AppleWebKit/537.36 (KHTML, like Gecko) Mobile Safari/537.36 (compatible; PetalBot;+https://webmaster.petalsearch.com/site/petalbot)"
51.68.34.57 - - [29/Oct/2025:21:36:13 +0700] "GET / HTTP/1.1" 200 31184 "-" "Mozilla/5.0 (compatible; MJ12bot/v1.4.8; http://mj12bot.com/)"
114.119.129.179 - - [29/Oct/2025:21:36:13 +0700] "GET / HTTP/1.1" 200 35366 "https://kryexthemes.com/voax/urun-kategori/fashion-boot/?filter_renk=kirmizi%2Cmavi%2Cyesil&filter_beden=l" "Mozilla/5.0 (Linux; Android 7.0;) AppleWebKit/537.36 (KHTML, like Gecko) Mobile Safari/537.36 (compatible; PetalBot;+https://webmaster.petalsearch.com/site/petalbot)"
172.245.102.52 - - [29/Oct/2025:21:36:13 +0700] "GET /wp-content/themes/twentytwentyfour/ HTTP/1.1" 302 208 "http://mikitogeljitu.com/wp-content/themes/twentytwentyfour/" "Go-http-client/1.1"
172.245.102.52 - - [29/Oct/2025:21:36:14 +0700] "GET / HTTP/1.1" 200 35366 "https://kryexthemes.com/wp-content/themes/twentytwentyfour/" "Go-http-client/1.1"
51.68.34.57 - - [29/Oct/2025:21:36:14 +0700] "GET / HTTP/1.1" 200 31184 "-" "Mozilla/5.0 (compatible; MJ12bot/v1.4.8; http://mj12bot.com/)"
172.245.102.52 - - [29/Oct/2025:21:36:15 +0700] "GET /ans.php HTTP/1.1" 404 47 "http://mikitogeljitu.com/ans.php" "Go-http-client/1.1"
172.245.102.52 - - [29/Oct/2025:21:36:16 +0700] "GET /wp-content/plugins/ioxi/ioxi/dropdown.php HTTP/1.1" 302 208 "http://mikitogeljitu.com/wp-content/plugins/ioxi/ioxi/dropdown.php" "Go-http-client/1.1"
172.245.102.52 - - [29/Oct/2025:21:36:16 +0700] "GET / HTTP/1.1" 200 35366 "https://kryexthemes.com/wp-content/plugins/ioxi/ioxi/dropdown.php" "Go-http-client/1.1"
172.245.102.52 - - [29/Oct/2025:21:36:18 +0700] "GET /wp-content/uploads/autoload_classmap.php HTTP/1.1" 302 208 "http://mikitogeljitu.com/wp-content/uploads/autoload_classmap.php" "Go-http-client/1.1"
51.68.34.57 - - [29/Oct/2025:21:36:18 +0700] "GET /battlefield-hardline-walkthrough-ep-8-sovereign-land-single-player-xl-xf0gjdmXUYuEUkwmn4t-vi.html HTTP/1.1" 302 208 "-" "Mozilla/5.0 (compatible; MJ12bot/v1.4.8; http://mj12bot.com/)"
172.245.102.52 - - [29/Oct/2025:21:36:18 +0700] "GET / HTTP/1.1" 200 35366 "https://kryexthemes.com/wp-content/uploads/autoload_classmap.php" "Go-http-client/1.1"
51.68.34.57 - - [29/Oct/2025:21:36:18 +0700] "GET /battlefield-hardline-walkthrough-ep-7-glass-houses-single-player-xl-xf0gqww9_2Ix-DImn4t-vi.html HTTP/1.1" 302 208 "-" "Mozilla/5.0 (compatible; MJ12bot/v1.4.8; http://mj12bot.com/)"
172.245.102.52 - - [29/Oct/2025:21:36:19 +0700] "GET /b.php HTTP/1.1" 404 47 "http://mikitogeljitu.com/b.php" "Go-http-client/1.1"
51.68.34.57 - - [29/Oct/2025:21:36:19 +0700] "GET / HTTP/1.1" 200 31184 "-" "Mozilla/5.0 (compatible; MJ12bot/v1.4.8; http://mj12bot.com/)"
172.245.102.52 - - [29/Oct/2025:21:36:20 +0700] "GET /bk/index.php HTTP/1.1" 302 208 "http://mikitogeljitu.com/bk/index.php" "Go-http-client/1.1"
51.68.34.57 - - [29/Oct/2025:21:36:20 +0700] "GET / HTTP/1.1" 200 31184 "-" "Mozilla/5.0 (compatible; MJ12bot/v1.4.8; http://mj12bot.com/)"
172.245.102.52 - - [29/Oct/2025:21:36:20 +0700] "GET / HTTP/1.1" 200 35366 "https://kryexthemes.com/bk/index.php" "Go-http-client/1.1"
172.245.102.52 - - [29/Oct/2025:21:36:21 +0700] "GET /qfunctions.php HTTP/1.1" 404 47 "http://mikitogeljitu.com/qfunctions.php" "Go-http-client/1.1"
172.245.102.52 - - [29/Oct/2025:21:36:23 +0700] "GET /f35.php HTTP/1.1" 404 47 "http://mikitogeljitu.com/f35.php" "Go-http-client/1.1"
172.245.102.52 - - [29/Oct/2025:21:36:23 +0700] "GET /wp-admin/user/index.php HTTP/1.1" 302 208 "http://mikitogeljitu.com/wp-admin/user/index.php" "Go-http-client/1.1"
172.245.102.52 - - [29/Oct/2025:21:36:23 +0700] "GET / HTTP/1.1" 200 35366 "https://kryexthemes.com/wp-admin/user/index.php" "Go-http-client/1.1"
51.68.34.57 - - [29/Oct/2025:21:36:24 +0700] "GET /battlefield-hardline-walkthrough-ep-9-independence-day-single-player-xl-xf0gR8pZ1Ws8O7gmn4t-vi.html HTTP/1.1" 302 208 "-" "Mozilla/5.0 (compatible; MJ12bot/v1.4.8; http://mj12bot.com/)"
51.68.34.57 - - [29/Oct/2025:21:36:25 +0700] "GET /battlefield-hardline-walkthrough-ep-8-sovereign-land-single-player-xl-xf0gjdmXUYuEUkwmn4t-vi.html HTTP/1.1" 302 208 "-" "Mozilla/5.0 (compatible; MJ12bot/v1.4.8; http://mj12bot.com/)"
172.245.102.52 - - [29/Oct/2025:21:36:25 +0700] "GET /buy.php HTTP/1.1" 404 47 "http://mikitogeljitu.com/buy.php" "Go-http-client/1.1"
103.194.173.98 - - [29/Oct/2025:21:36:25 +0700] "POST /cdn-cgi/rum? HTTP/1.1" 302 208 "https://kryexthemes.com/" "Mozilla/5.0 (Linux; Android 10; K) AppleWebKit/537.36 (KHTML, like Gecko) Chrome/141.0.0.0 Mobile Safari/537.36"
103.194.173.98 - - [29/Oct/2025:21:36:25 +0700] "GET / HTTP/1.1" 200 31184 "https://kryexthemes.com/" "Mozilla/5.0 (Linux; Android 10; K) AppleWebKit/537.36 (KHTML, like Gecko) Chrome/141.0.0.0 Mobile Safari/537.36"
51.68.34.57 - - [29/Oct/2025:21:36:25 +0700] "GET / HTTP/1.1" 200 31184 "-" "Mozilla/5.0 (compatible; MJ12bot/v1.4.8; http://mj12bot.com/)"
172.245.102.52 - - [29/Oct/2025:21:36:26 +0700] "GET /load.php HTTP/1.1" 404 47 "http://mikitogeljitu.com/load.php" "Go-http-client/1.1"
51.68.34.57 - - [29/Oct/2025:21:36:26 +0700] "GET / HTTP/1.1" 200 31184 "-" "Mozilla/5.0 (compatible; MJ12bot/v1.4.8; http://mj12bot.com/)"
172.245.102.52 - - [29/Oct/2025:21:36:26 +0700] "GET /wp-includes/admin.php HTTP/1.1" 302 208 "http://mikitogeljitu.com/wp-includes/admin.php" "Go-http-client/1.1"
172.245.102.52 - - [29/Oct/2025:21:36:27 +0700] "GET / HTTP/1.1" 200 35366 "https://kryexthemes.com/wp-includes/admin.php" "Go-http-client/1.1"
172.245.102.52 - - [29/Oct/2025:21:36:28 +0700] "GET /nope.php HTTP/1.1" 404 47 "http://mikitogeljitu.com/nope.php" "Go-http-client/1.1"
172.245.102.52 - - [29/Oct/2025:21:36:29 +0700] "GET /.well-known/worksec.php HTTP/1.1" 404 47 "http://mikitogeljitu.com/.well-known/worksec.php" "Go-http-client/1.1"
51.68.34.57 - - [29/Oct/2025:21:36:30 +0700] "GET /battlefield-hardline-walkthrough-gameplay-part-1-prologue-campaign-mission-1-ps4-xl-xf0gRG7a7mNQ1g4mn4t-vi.html HTTP/1.1" 302 208 "-" "Mozilla/5.0 (compatible; MJ12bot/v1.4.8; http://mj12bot.com/)"
172.245.102.52 - - [29/Oct/2025:21:36:31 +0700] "GET /wp-content.php HTTP/1.1" 404 47 "http://mikitogeljitu.com/wp-content.php" "Go-http-client/1.1"
51.68.34.57 - - [29/Oct/2025:21:36:31 +0700] "GET /battlefield-hardline-walkthrough-ep-9-independence-day-single-player-xl-xf0gR8pZ1Ws8O7gmn4t-vi.html HTTP/1.1" 302 208 "-" "Mozilla/5.0 (compatible; MJ12bot/v1.4.8; http://mj12bot.com/)"
51.68.34.57 - - [29/Oct/2025:21:36:32 +0700] "GET / HTTP/1.1" 200 31184 "-" "Mozilla/5.0 (compatible; MJ12bot/v1.4.8; http://mj12bot.com/)"
172.245.102.52 - - [29/Oct/2025:21:36:32 +0700] "GET /gecko.php HTTP/1.1" 404 47 "http://mikitogeljitu.com/gecko.php" "Go-http-client/1.1"
51.68.34.57 - - [29/Oct/2025:21:36:32 +0700] "GET / HTTP/1.1" 200 31184 "-" "Mozilla/5.0 (compatible; MJ12bot/v1.4.8; http://mj12bot.com/)"
172.245.102.52 - - [29/Oct/2025:21:36:33 +0700] "GET /wp-admin/images/admin.php HTTP/1.1" 302 208 "http://mikitogeljitu.com/wp-admin/images/admin.php" "Go-http-client/1.1"
172.245.102.52 - - [29/Oct/2025:21:36:33 +0700] "GET / HTTP/1.1" 200 35366 "https://kryexthemes.com/wp-admin/images/admin.php" "Go-http-client/1.1"
172.245.102.52 - - [29/Oct/2025:21:36:35 +0700] "GET /update/f35.php HTTP/1.1" 302 208 "http://mikitogeljitu.com/update/f35.php" "Go-http-client/1.1"
172.245.102.52 - - [29/Oct/2025:21:36:35 +0700] "GET / HTTP/1.1" 200 35366 "https://kryexthemes.com/update/f35.php" "Go-http-client/1.1"
172.245.102.52 - - [29/Oct/2025:21:36:36 +0700] "GET /504.php HTTP/1.1" 404 47 "http://mikitogeljitu.com/504.php" "Go-http-client/1.1"
51.68.34.57 - - [29/Oct/2025:21:36:37 +0700] "GET /battlefield-hardline-walkthrough-gameplay-part-1-prologue-campaign-mission-1-ps4-xl-xf0gRG7a7mNQ1g4mn4t-vi.html HTTP/1.1" 302 208 "-" "Mozilla/5.0 (compatible; MJ12bot/v1.4.8; http://mj12bot.com/)"
172.245.102.52 - - [29/Oct/2025:21:36:37 +0700] "GET /.well-known/acme-challenge/ HTTP/1.1" 200 333 "http://mikitogeljitu.com/.well-known/acme-challenge/" "Go-http-client/1.1"
51.68.34.57 - - [29/Oct/2025:21:36:38 +0700] "GET / HTTP/1.1" 200 31184 "-" "Mozilla/5.0 (compatible; MJ12bot/v1.4.8; http://mj12bot.com/)"
172.245.102.52 - - [29/Oct/2025:21:36:39 +0700] "GET /js/index.php HTTP/1.1" 302 208 "http://mikitogeljitu.com/js/index.php" "Go-http-client/1.1"
172.245.102.52 - - [29/Oct/2025:21:36:39 +0700] "GET / HTTP/1.1" 200 35366 "https://kryexthemes.com/js/index.php" "Go-http-client/1.1"
172.245.102.52 - - [29/Oct/2025:21:36:40 +0700] "GET /log.php HTTP/1.1" 404 47 "http://mikitogeljitu.com/log.php" "Go-http-client/1.1"
121.101.129.98 - - [29/Oct/2025:21:36:40 +0700] "POST /cdn-cgi/rum? HTTP/1.1" 302 208 "https://kryexthemes.com/" "Mozilla/5.0 (Linux; Android 10; K) AppleWebKit/537.36 (KHTML, like Gecko) Chrome/141.0.0.0 Mobile Safari/537.36"
121.101.129.98 - - [29/Oct/2025:21:36:41 +0700] "GET / HTTP/1.1" 200 31184 "https://kryexthemes.com/" "Mozilla/5.0 (Linux; Android 10; K) AppleWebKit/537.36 (KHTML, like Gecko) Chrome/141.0.0.0 Mobile Safari/537.36"
172.245.102.52 - - [29/Oct/2025:21:36:41 +0700] "GET /as.php HTTP/1.1" 404 47 "http://mikitogeljitu.com/as.php" "Go-http-client/1.1"
172.245.102.52 - - [29/Oct/2025:21:36:43 +0700] "GET /class.api.php HTTP/1.1" 404 47 "http://mikitogeljitu.com/class.api.php" "Go-http-client/1.1"
172.245.102.52 - - [29/Oct/2025:21:36:45 +0700] "GET /ad.php HTTP/1.1" 404 47 "http://mikitogeljitu.com/ad.php" "Go-http-client/1.1"
172.245.102.52 - - [29/Oct/2025:21:36:47 +0700] "GET /sim.php HTTP/1.1" 404 47 "http://mikitogeljitu.com/sim.php" "Go-http-client/1.1"
172.245.102.52 - - [29/Oct/2025:21:36:48 +0700] "GET /g.php HTTP/1.1" 404 47 "http://mikitogeljitu.com/g.php" "Go-http-client/1.1"
172.245.102.52 - - [29/Oct/2025:21:36:49 +0700] "GET /uploads/index.php HTTP/1.1" 302 208 "http://mikitogeljitu.com/uploads/index.php" "Go-http-client/1.1"
172.245.102.52 - - [29/Oct/2025:21:36:50 +0700] "GET / HTTP/1.1" 200 35366 "https://kryexthemes.com/uploads/index.php" "Go-http-client/1.1"
172.245.102.52 - - [29/Oct/2025:21:36:51 +0700] "GET /assets/css/ HTTP/1.1" 302 208 "http://mikitogeljitu.com/assets/css/" "Go-http-client/1.1"
172.245.102.52 - - [29/Oct/2025:21:36:52 +0700] "GET / HTTP/1.1" 200 35366 "https://kryexthemes.com/assets/css/" "Go-http-client/1.1"
172.245.102.52 - - [29/Oct/2025:21:36:53 +0700] "GET /alfa.php HTTP/1.1" 404 47 "http://mikitogeljitu.com/alfa.php" "Go-http-client/1.1"
172.245.102.52 - - [29/Oct/2025:21:36:54 +0700] "GET /wp-includes/certificates/ HTTP/1.1" 302 208 "http://mikitogeljitu.com/wp-includes/certificates/" "Go-http-client/1.1"
172.245.102.52 - - [29/Oct/2025:21:36:55 +0700] "GET / HTTP/1.1" 200 35366 "https://kryexthemes.com/wp-includes/certificates/" "Go-http-client/1.1"
172.245.102.52 - - [29/Oct/2025:21:36:56 +0700] "GET /wp-admin/autoload_classmap.php HTTP/1.1" 302 208 "http://mikitogeljitu.com/wp-admin/autoload_classmap.php" "Go-http-client/1.1"
172.245.102.52 - - [29/Oct/2025:21:36:56 +0700] "GET / HTTP/1.1" 200 35366 "https://kryexthemes.com/wp-admin/autoload_classmap.php" "Go-http-client/1.1"
172.245.102.52 - - [29/Oct/2025:21:36:57 +0700] "GET /update/function.php HTTP/1.1" 302 208 "http://mikitogeljitu.com/update/function.php" "Go-http-client/1.1"
172.245.102.52 - - [29/Oct/2025:21:36:58 +0700] "GET / HTTP/1.1" 200 35366 "https://kryexthemes.com/update/function.php" "Go-http-client/1.1"
172.245.102.52 - - [29/Oct/2025:21:36:59 +0700] "GET /ja.php HTTP/1.1" 404 47 "http://mikitogeljitu.com/ja.php" "Go-http-client/1.1"
172.245.102.52 - - [29/Oct/2025:21:37:01 +0700] "GET /admin/upload/css.php HTTP/1.1" 302 208 "http://mikitogeljitu.com/admin/upload/css.php" "Go-http-client/1.1"
172.245.102.52 - - [29/Oct/2025:21:37:01 +0700] "GET / HTTP/1.1" 200 35366 "https://kryexthemes.com/admin/upload/css.php" "Go-http-client/1.1"
172.245.102.52 - - [29/Oct/2025:21:37:02 +0700] "GET /wp-includes/rest-api/endpoints/ HTTP/1.1" 302 208 "http://mikitogeljitu.com/wp-includes/rest-api/endpoints/" "Go-http-client/1.1"
172.245.102.52 - - [29/Oct/2025:21:37:03 +0700] "GET / HTTP/1.1" 200 35366 "https://kryexthemes.com/wp-includes/rest-api/endpoints/" "Go-http-client/1.1"
172.245.102.52 - - [29/Oct/2025:21:37:04 +0700] "GET /update/g.php HTTP/1.1" 302 208 "http://mikitogeljitu.com/update/g.php" "Go-http-client/1.1"
172.245.102.52 - - [29/Oct/2025:21:37:04 +0700] "GET / HTTP/1.1" 200 35366 "https://kryexthemes.com/update/g.php" "Go-http-client/1.1"
172.245.102.52 - - [29/Oct/2025:21:37:05 +0700] "GET /wp-content/themes/twentytwenty/404.php HTTP/1.1" 302 208 "http://mikitogeljitu.com/wp-content/themes/twentytwenty/404.php" "Go-http-client/1.1"
172.245.102.52 - - [29/Oct/2025:21:37:05 +0700] "GET / HTTP/1.1" 200 35366 "https://kryexthemes.com/wp-content/themes/twentytwenty/404.php" "Go-http-client/1.1"
172.245.102.52 - - [29/Oct/2025:21:37:06 +0700] "GET /wp-content/themes/404.php HTTP/1.1" 302 208 "http://mikitogeljitu.com/wp-content/themes/404.php" "Go-http-client/1.1"
172.245.102.52 - - [29/Oct/2025:21:37:07 +0700] "GET / HTTP/1.1" 200 35366 "https://kryexthemes.com/wp-content/themes/404.php" "Go-http-client/1.1"
172.245.102.52 - - [29/Oct/2025:21:37:08 +0700] "GET /wp-includes/IXR/about.php HTTP/1.1" 302 208 "http://mikitogeljitu.com/wp-includes/IXR/about.php" "Go-http-client/1.1"
172.245.102.52 - - [29/Oct/2025:21:37:08 +0700] "GET / HTTP/1.1" 200 35366 "https://kryexthemes.com/wp-includes/IXR/about.php" "Go-http-client/1.1"
172.245.102.52 - - [29/Oct/2025:21:37:09 +0700] "GET /system_log.php HTTP/1.1" 404 47 "http://mikitogeljitu.com/system_log.php" "Go-http-client/1.1"
172.245.102.52 - - [29/Oct/2025:21:37:10 +0700] "GET /fie.php HTTP/1.1" 404 47 "http://mikitogeljitu.com/fie.php" "Go-http-client/1.1"
172.245.102.52 - - [29/Oct/2025:21:37:12 +0700] "GET /users.php HTTP/1.1" 404 47 "http://mikitogeljitu.com/users.php" "Go-http-client/1.1"
172.245.102.52 - - [29/Oct/2025:21:37:14 +0700] "GET /wp-activate.php HTTP/1.1" 404 47 "http://mikitogeljitu.com/wp-activate.php" "Go-http-client/1.1"
172.245.102.52 - - [29/Oct/2025:21:37:15 +0700] "GET /asasx.php HTTP/1.1" 404 47 "http://mikitogeljitu.com/asasx.php" "Go-http-client/1.1"
172.245.102.52 - - [29/Oct/2025:21:37:16 +0700] "GET /leafmailer.php HTTP/1.1" 404 47 "http://mikitogeljitu.com/leafmailer.php" "Go-http-client/1.1"
172.245.102.52 - - [29/Oct/2025:21:37:19 +0700] "GET /sts.php HTTP/1.1" 404 47 "http://mikitogeljitu.com/sts.php" "Go-http-client/1.1"
172.245.102.52 - - [29/Oct/2025:21:37:20 +0700] "GET /back.php HTTP/1.1" 404 47 "http://mikitogeljitu.com/back.php" "Go-http-client/1.1"
172.245.102.52 - - [29/Oct/2025:21:37:21 +0700] "GET /leafmailer2.8.php HTTP/1.1" 404 47 "http://mikitogeljitu.com/leafmailer2.8.php" "Go-http-client/1.1"
172.245.102.52 - - [29/Oct/2025:21:37:22 +0700] "GET /wp-includes/class-json-ajax-session.php HTTP/1.1" 302 208 "http://mikitogeljitu.com/wp-includes/class-json-ajax-session.php" "Go-http-client/1.1"
172.245.102.52 - - [29/Oct/2025:21:37:22 +0700] "GET / HTTP/1.1" 200 35366 "https://kryexthemes.com/wp-includes/class-json-ajax-session.php" "Go-http-client/1.1"
172.245.102.52 - - [29/Oct/2025:21:37:24 +0700] "GET /wp-content/plugins/WordPressCore/include.php HTTP/1.1" 302 208 "http://mikitogeljitu.com/wp-content/plugins/WordPressCore/include.php" "Go-http-client/1.1"
172.245.102.52 - - [29/Oct/2025:21:37:24 +0700] "GET / HTTP/1.1" 200 35366 "https://kryexthemes.com/wp-content/plugins/WordPressCore/include.php" "Go-http-client/1.1"
172.245.102.52 - - [29/Oct/2025:21:37:27 +0700] "GET /wp-links.php HTTP/1.1" 404 47 "http://mikitogeljitu.com/wp-links.php" "Go-http-client/1.1"
172.245.102.52 - - [29/Oct/2025:21:37:28 +0700] "GET /inc.php HTTP/1.1" 404 47 "http://mikitogeljitu.com/inc.php" "Go-http-client/1.1"
172.245.102.52 - - [29/Oct/2025:21:37:29 +0700] "GET /webdb.php HTTP/1.1" 404 47 "http://mikitogeljitu.com/webdb.php" "Go-http-client/1.1"
172.245.102.52 - - [29/Oct/2025:21:37:30 +0700] "GET /wp-content/themes/twentyfive/include.php HTTP/1.1" 302 208 "http://mikitogeljitu.com/wp-content/themes/twentyfive/include.php" "Go-http-client/1.1"
172.245.102.52 - - [29/Oct/2025:21:37:30 +0700] "GET / HTTP/1.1" 200 35366 "https://kryexthemes.com/wp-content/themes/twentyfive/include.php" "Go-http-client/1.1"
114.119.132.108 - - [29/Oct/2025:21:37:36 +0700] "GET /voax/urun-kategori/fashion-boot?filter_beden=l&=mavi,turuncu HTTP/1.1" 302 208 "https://kryexthemes.com/voax/urun-kategori/fashion-boot/?filter_beden=l&filter_renk=mavi" "Mozilla/5.0 (Linux; Android 7.0;) AppleWebKit/537.36 (KHTML, like Gecko) Mobile Safari/537.36 (compatible; PetalBot;+https://webmaster.petalsearch.com/site/petalbot)"
114.119.132.108 - - [29/Oct/2025:21:37:37 +0700] "GET / HTTP/1.1" 200 35366 "https://kryexthemes.com/voax/urun-kategori/fashion-boot/?filter_beden=l&filter_renk=mavi" "Mozilla/5.0 (Linux; Android 7.0;) AppleWebKit/537.36 (KHTML, like Gecko) Mobile Safari/537.36 (compatible; PetalBot;+https://webmaster.petalsearch.com/site/petalbot)"
47.128.22.5 - - [29/Oct/2025:21:37:53 +0700] "GET /?m=1 HTTP/1.1" 200 31184 "-" "Mozilla/5.0 (Linux; Android 5.0) AppleWebKit/537.36 (KHTML, like Gecko) Mobile Safari/537.36 (compatible; Bytespider; spider-feedback@bytedance.com)"
40.77.167.159 - - [29/Oct/2025:21:38:03 +0700] "GET /genel/kryex-web-tasarim-ve-wordpress-hizmetleri/ HTTP/1.1" 302 208 "-" "Mozilla/5.0 AppleWebKit/537.36 (KHTML, like Gecko; compatible; bingbot/2.0; +http://www.bing.com/bingbot.htm) Chrome/116.0.1938.76 Safari/537.36"
43.173.178.96 - - [29/Oct/2025:21:38:15 +0700] "GET /2021/10/27/balas-dendam-pak-irvan-sinopsis-ikatan-cinta-rcti-malam-ini-27-oktober-2021-pukul-1930-wib.html HTTP/1.1" 302 208 "http://www.jatengkota.com/2021/10/27/balas-dendam-pak-irvan-sinopsis-ikatan-cinta-rcti-malam-ini-27-oktober-2021-pukul-1930-wib.html" "Mozilla/5.0 (Windows NT 6.1; Win64; x64) AppleWebKit/537.36 (KHTML, like Gecko) Chrome/126.0.6478.114 Safari/537.36"
43.173.178.96 - - [29/Oct/2025:21:38:15 +0700] "GET / HTTP/1.1" 200 35365 "https://kryexthemes.com/2021/10/27/balas-dendam-pak-irvan-sinopsis-ikatan-cinta-rcti-malam-ini-27-oktober-2021-pukul-1930-wib.html" "Mozilla/5.0 (Windows NT 6.1; Win64; x64) AppleWebKit/537.36 (KHTML, like Gecko) Chrome/126.0.6478.114 Safari/537.36"
66.249.79.193 - - [29/Oct/2025:21:38:28 +0700] "GET /robots.txt HTTP/1.1" 200 71 "-" "Mozilla/5.0 (compatible; Googlebot/2.1; +http://www.google.com/bot.html)"
114.10.102.189 - - [29/Oct/2025:21:38:33 +0700] "GET /register?referral_code=jaguar82&utm_medium=social&utm_source=heylink.me HTTP/1.1" 302 208 "https://heylink.me/LinkRecomendasi/" "Mozilla/5.0 (Linux; Android 10; K) AppleWebKit/537.36 (KHTML, like Gecko) Chrome/141.0.0.0 Mobile Safari/537.36"
114.10.102.189 - - [29/Oct/2025:21:38:33 +0700] "GET / HTTP/1.1" 200 31184 "https://heylink.me/LinkRecomendasi/" "Mozilla/5.0 (Linux; Android 10; K) AppleWebKit/537.36 (KHTML, like Gecko) Chrome/141.0.0.0 Mobile Safari/537.36"
114.10.102.189 - - [29/Oct/2025:21:38:34 +0700] "GET /bandar-mikitoto.webp HTTP/1.1" 200 79338 "https://kryexthemes.com/" "Mozilla/5.0 (Linux; Android 10; K) AppleWebKit/537.36 (KHTML, like Gecko) Chrome/141.0.0.0 Mobile Safari/537.36"
114.10.102.189 - - [29/Oct/2025:21:38:36 +0700] "POST /cdn-cgi/rum? HTTP/1.1" 302 208 "https://kryexthemes.com/" "Mozilla/5.0 (Linux; Android 10; K) AppleWebKit/537.36 (KHTML, like Gecko) Chrome/141.0.0.0 Mobile Safari/537.36"
114.10.102.189 - - [29/Oct/2025:21:38:36 +0700] "GET / HTTP/1.1" 200 31184 "https://kryexthemes.com/" "Mozilla/5.0 (Linux; Android 10; K) AppleWebKit/537.36 (KHTML, like Gecko) Chrome/141.0.0.0 Mobile Safari/537.36"
114.10.102.189 - - [29/Oct/2025:21:38:37 +0700] "POST /cdn-cgi/rum? HTTP/1.1" 302 208 "https://kryexthemes.com/" "Mozilla/5.0 (Linux; Android 10; K) AppleWebKit/537.36 (KHTML, like Gecko) Chrome/141.0.0.0 Mobile Safari/537.36"
114.10.102.189 - - [29/Oct/2025:21:38:37 +0700] "GET / HTTP/1.1" 200 31184 "https://kryexthemes.com/" "Mozilla/5.0 (Linux; Android 10; K) AppleWebKit/537.36 (KHTML, like Gecko) Chrome/141.0.0.0 Mobile Safari/537.36"
114.119.156.33 - - [29/Oct/2025:21:39:00 +0700] "GET /voax/urun-kategori/fashion-boot?filter_beden=l&=kirmizi,yesil HTTP/1.1" 302 208 "https://kryexthemes.com/voax/urun-kategori/fashion-boot/?filter_renk=kirmizi%2Cmavi%2Cyesil&filter_beden=l" "Mozilla/5.0 (Linux; Android 7.0;) AppleWebKit/537.36 (KHTML, like Gecko) Mobile Safari/537.36 (compatible; PetalBot;+https://webmaster.petalsearch.com/site/petalbot)"
114.119.156.33 - - [29/Oct/2025:21:39:01 +0700] "GET / HTTP/1.1" 200 35366 "https://kryexthemes.com/voax/urun-kategori/fashion-boot/?filter_renk=kirmizi%2Cmavi%2Cyesil&filter_beden=l" "Mozilla/5.0 (Linux; Android 7.0;) AppleWebKit/537.36 (KHTML, like Gecko) Mobile Safari/537.36 (compatible; PetalBot;+https://webmaster.petalsearch.com/site/petalbot)"
136.144.33.122 - - [29/Oct/2025:21:39:12 +0700] "GET /wp-content/themes/sketch/404.php HTTP/1.1" 302 0 "http://mikitogeljitu.com/wp-content/themes/sketch/404.php" "Go-http-client/1.1"
136.144.33.114 - - [29/Oct/2025:21:39:13 +0700] "GET /wp-includes/widgets/include.php HTTP/1.1" 302 208 "http://mikitogeljitu.com/wp-includes/widgets/include.php" "Go-http-client/1.1"
136.144.33.114 - - [29/Oct/2025:21:39:13 +0700] "GET / HTTP/1.1" 200 35366 "https://kryexthemes.com/wp-includes/widgets/include.php" "Go-http-client/1.1"
43.173.173.200 - - [29/Oct/2025:21:39:15 +0700] "GET /2020/03/12/kejaksaan-purbalinggaingatkan-kades-tidak-mengikuti-jejak-desa-bermasalah.html HTTP/1.1" 302 208 "http://www.jatengkota.com/2020/03/12/kejaksaan-purbalinggaingatkan-kades-tidak-mengikuti-jejak-desa-bermasalah.html" "Mozilla/5.0 (Windows NT 6.1; Win64; x64) AppleWebKit/537.36 (KHTML, like Gecko) Chrome/126.0.6478.114 Safari/537.36"
136.144.33.114 - - [29/Oct/2025:21:39:15 +0700] "GET /epinyins.php HTTP/1.1" 404 47 "http://mikitogeljitu.com/epinyins.php" "Go-http-client/1.1"
43.173.173.200 - - [29/Oct/2025:21:39:16 +0700] "GET / HTTP/1.1" 200 35365 "https://kryexthemes.com/2020/03/12/kejaksaan-purbalinggaingatkan-kades-tidak-mengikuti-jejak-desa-bermasalah.html" "Mozilla/5.0 (Windows NT 6.1; Win64; x64) AppleWebKit/537.36 (KHTML, like Gecko) Chrome/126.0.6478.114 Safari/537.36"
136.144.33.114 - - [29/Oct/2025:21:39:16 +0700] "GET /.well-known/acme-challenge/admin.php HTTP/1.1" 404 47 "http://mikitogeljitu.com/.well-known/acme-challenge/admin.php" "Go-http-client/1.1"
136.144.33.114 - - [29/Oct/2025:21:39:17 +0700] "GET /wp-admin/js/privacy-tools.min.php HTTP/1.1" 302 208 "http://mikitogeljitu.com/wp-admin/js/privacy-tools.min.php" "Go-http-client/1.1"
136.144.33.114 - - [29/Oct/2025:21:39:17 +0700] "GET / HTTP/1.1" 200 35366 "https://kryexthemes.com/wp-admin/js/privacy-tools.min.php" "Go-http-client/1.1"
136.144.33.114 - - [29/Oct/2025:21:39:19 +0700] "GET /wp-includes/html-api/ HTTP/1.1" 302 208 "http://mikitogeljitu.com/wp-includes/html-api/" "Go-http-client/1.1"
136.144.33.114 - - [29/Oct/2025:21:39:19 +0700] "GET / HTTP/1.1" 200 35366 "https://kryexthemes.com/wp-includes/html-api/" "Go-http-client/1.1"
136.144.33.114 - - [29/Oct/2025:21:39:21 +0700] "GET /wp-includes/PHPMailer/ HTTP/1.1" 302 208 "http://mikitogeljitu.com/wp-includes/PHPMailer/" "Go-http-client/1.1"
136.144.33.114 - - [29/Oct/2025:21:39:21 +0700] "GET / HTTP/1.1" 200 35366 "https://kryexthemes.com/wp-includes/PHPMailer/" "Go-http-client/1.1"
43.173.177.209 - - [29/Oct/2025:21:39:21 +0700] "GET /cdn-cgi/rum? HTTP/1.1" 302 208 "http://www.jatengkota.com/2020/03/12/kejaksaan-purbalinggaingatkan-kades-tidak-mengikuti-jejak-desa-bermasalah.html" "Mozilla/5.0 (Windows NT 6.1; Win64; x64) AppleWebKit/537.36 (KHTML, like Gecko) Chrome/126.0.6478.114 Safari/537.36"
43.173.177.209 - - [29/Oct/2025:21:39:21 +0700] "GET / HTTP/1.1" 200 35365 "http://www.jatengkota.com/2020/03/12/kejaksaan-purbalinggaingatkan-kades-tidak-mengikuti-jejak-desa-bermasalah.html" "Mozilla/5.0 (Windows NT 6.1; Win64; x64) AppleWebKit/537.36 (KHTML, like Gecko) Chrome/126.0.6478.114 Safari/537.36"
43.156.244.232 - - [29/Oct/2025:21:39:23 +0700] "OPTIONS /cdn-cgi/rum? HTTP/1.1" 200 0 "http://www.jatengkota.com/" "Mozilla/5.0 (Windows NT 6.1; Win64; x64) AppleWebKit/537.36 (KHTML, like Gecko) Chrome/126.0.6478.114 Safari/537.36"
136.144.33.114 - - [29/Oct/2025:21:39:25 +0700] "GET /wp-includes/images/ HTTP/1.1" 302 208 "http://mikitogeljitu.com/wp-includes/images/" "Go-http-client/1.1"
136.144.33.114 - - [29/Oct/2025:21:39:25 +0700] "GET / HTTP/1.1" 200 35366 "https://kryexthemes.com/wp-includes/images/" "Go-http-client/1.1"
136.144.33.114 - - [29/Oct/2025:21:39:26 +0700] "GET /wp-admin/bu4.php HTTP/1.1" 302 208 "http://mikitogeljitu.com/wp-admin/bu4.php" "Go-http-client/1.1"
136.144.33.114 - - [29/Oct/2025:21:39:27 +0700] "GET / HTTP/1.1" 200 35366 "https://kryexthemes.com/wp-admin/bu4.php" "Go-http-client/1.1"
43.173.181.92 - - [29/Oct/2025:21:39:27 +0700] "GET /2020/08/08/tak-terbukti-bersalah-ashanty-laporkan-balik-martin-pratiwi.html HTTP/1.1" 302 208 "https://www.jatengkota.com/2020/08/08/tak-terbukti-bersalah-ashanty-laporkan-balik-martin-pratiwi.html" "Mozilla/5.0 (Windows NT 6.1; Win64; x64) AppleWebKit/537.36 (KHTML, like Gecko) Chrome/126.0.6478.114 Safari/537.36"
43.173.181.92 - - [29/Oct/2025:21:39:27 +0700] "GET / HTTP/1.1" 200 35365 "https://kryexthemes.com/2020/08/08/tak-terbukti-bersalah-ashanty-laporkan-balik-martin-pratiwi.html" "Mozilla/5.0 (Windows NT 6.1; Win64; x64) AppleWebKit/537.36 (KHTML, like Gecko) Chrome/126.0.6478.114 Safari/537.36"
136.144.33.114 - - [29/Oct/2025:21:39:29 +0700] "GET /wp-includes/about.php HTTP/1.1" 302 208 "http://mikitogeljitu.com/wp-includes/about.php" "Go-http-client/1.1"
136.144.33.114 - - [29/Oct/2025:21:39:30 +0700] "GET / HTTP/1.1" 200 35366 "https://kryexthemes.com/wp-includes/about.php" "Go-http-client/1.1"
136.144.33.114 - - [29/Oct/2025:21:39:31 +0700] "GET /wp-includes/index.php HTTP/1.1" 302 208 "http://mikitogeljitu.com/wp-includes/index.php" "Go-http-client/1.1"
136.144.33.114 - - [29/Oct/2025:21:39:31 +0700] "GET / HTTP/1.1" 200 35366 "https://kryexthemes.com/wp-includes/index.php" "Go-http-client/1.1"
40.77.167.159 - - [29/Oct/2025:21:39:32 +0700] "GET /gtech/2020/12/ HTTP/1.1" 302 208 "-" "Mozilla/5.0 AppleWebKit/537.36 (KHTML, like Gecko; compatible; bingbot/2.0; +http://www.bing.com/bingbot.htm) Chrome/116.0.1938.76 Safari/537.36"
136.144.33.114 - - [29/Oct/2025:21:39:33 +0700] "GET /wp-admin/product.php HTTP/1.1" 302 208 "http://mikitogeljitu.com/wp-admin/product.php" "Go-http-client/1.1"
136.144.33.114 - - [29/Oct/2025:21:39:33 +0700] "GET / HTTP/1.1" 200 35366 "https://kryexthemes.com/wp-admin/product.php" "Go-http-client/1.1"
43.173.175.107 - - [29/Oct/2025:21:39:34 +0700] "GET /cdn-cgi/rum? HTTP/1.1" 302 208 "https://www.jatengkota.com/2020/08/08/tak-terbukti-bersalah-ashanty-laporkan-balik-martin-pratiwi.html" "Mozilla/5.0 (Windows NT 6.1; Win64; x64) AppleWebKit/537.36 (KHTML, like Gecko) Chrome/126.0.6478.114 Safari/537.36"
43.173.175.107 - - [29/Oct/2025:21:39:34 +0700] "GET / HTTP/1.1" 200 35365 "https://www.jatengkota.com/2020/08/08/tak-terbukti-bersalah-ashanty-laporkan-balik-martin-pratiwi.html" "Mozilla/5.0 (Windows NT 6.1; Win64; x64) AppleWebKit/537.36 (KHTML, like Gecko) Chrome/126.0.6478.114 Safari/537.36"
136.144.33.114 - - [29/Oct/2025:21:39:35 +0700] "GET /xleet.php HTTP/1.1" 404 47 "http://mikitogeljitu.com/xleet.php" "Go-http-client/1.1"
136.144.33.114 - - [29/Oct/2025:21:39:35 +0700] "GET /wp-content/plugins/admin.php HTTP/1.1" 302 208 "http://mikitogeljitu.com/wp-content/plugins/admin.php" "Go-http-client/1.1"
136.144.33.114 - - [29/Oct/2025:21:39:36 +0700] "GET / HTTP/1.1" 200 35366 "https://kryexthemes.com/wp-content/plugins/admin.php" "Go-http-client/1.1"
43.153.195.202 - - [29/Oct/2025:21:39:37 +0700] "OPTIONS /cdn-cgi/rum? HTTP/1.1" 200 0 "https://www.jatengkota.com/" "Mozilla/5.0 (Windows NT 6.1; Win64; x64) AppleWebKit/537.36 (KHTML, like Gecko) Chrome/126.0.6478.114 Safari/537.36"
136.144.33.114 - - [29/Oct/2025:21:39:37 +0700] "GET /dz.php HTTP/1.1" 404 47 "http://mikitogeljitu.com/dz.php" "Go-http-client/1.1"
136.144.33.114 - - [29/Oct/2025:21:39:38 +0700] "GET /install.php HTTP/1.1" 404 47 "http://mikitogeljitu.com/install.php" "Go-http-client/1.1"
136.144.33.114 - - [29/Oct/2025:21:39:39 +0700] "GET /wp-admin/install.php HTTP/1.1" 302 208 "http://mikitogeljitu.com/wp-admin/install.php" "Go-http-client/1.1"
136.144.33.114 - - [29/Oct/2025:21:39:39 +0700] "GET / HTTP/1.1" 200 35366 "https://kryexthemes.com/wp-admin/install.php" "Go-http-client/1.1"
43.173.182.167 - - [29/Oct/2025:21:39:39 +0700] "GET /2022/05/23/video-peluncuran-program-among-siswa-demi-tingkatkan-mutu-pendidikan-di-kendal.html HTTP/1.1" 302 208 "http://www.jatengkota.com/2022/05/23/video-peluncuran-program-among-siswa-demi-tingkatkan-mutu-pendidikan-di-kendal.html" "Mozilla/5.0 (Windows NT 6.1; Win64; x64) AppleWebKit/537.36 (KHTML, like Gecko) Chrome/126.0.6478.114 Safari/537.36"
43.173.182.167 - - [29/Oct/2025:21:39:39 +0700] "GET / HTTP/1.1" 200 35365 "https://kryexthemes.com/2022/05/23/video-peluncuran-program-among-siswa-demi-tingkatkan-mutu-pendidikan-di-kendal.html" "Mozilla/5.0 (Windows NT 6.1; Win64; x64) AppleWebKit/537.36 (KHTML, like Gecko) Chrome/126.0.6478.114 Safari/537.36"
136.144.33.114 - - [29/Oct/2025:21:39:40 +0700] "GET /mail.php HTTP/1.1" 404 47 "http://mikitogeljitu.com/mail.php" "Go-http-client/1.1"
136.144.33.114 - - [29/Oct/2025:21:39:41 +0700] "GET /site/buy.php HTTP/1.1" 302 208 "http://mikitogeljitu.com/site/buy.php" "Go-http-client/1.1"
136.144.33.114 - - [29/Oct/2025:21:39:41 +0700] "GET / HTTP/1.1" 200 35366 "https://kryexthemes.com/site/buy.php" "Go-http-client/1.1"
136.144.33.114 - - [29/Oct/2025:21:39:42 +0700] "GET /wp-includes/images/smilies/index.php HTTP/1.1" 302 208 "http://mikitogeljitu.com/wp-includes/images/smilies/index.php" "Go-http-client/1.1"
136.144.33.114 - - [29/Oct/2025:21:39:43 +0700] "GET / HTTP/1.1" 200 35366 "https://kryexthemes.com/wp-includes/images/smilies/index.php" "Go-http-client/1.1"
136.144.33.114 - - [29/Oct/2025:21:39:44 +0700] "GET /wp-includes/wp-class.php HTTP/1.1" 302 208 "http://mikitogeljitu.com/wp-includes/wp-class.php" "Go-http-client/1.1"
136.144.33.114 - - [29/Oct/2025:21:39:44 +0700] "GET / HTTP/1.1" 200 35366 "https://kryexthemes.com/wp-includes/wp-class.php" "Go-http-client/1.1"
136.144.33.114 - - [29/Oct/2025:21:39:45 +0700] "GET /wp-info.php HTTP/1.1" 404 47 "http://mikitogeljitu.com/wp-info.php" "Go-http-client/1.1"
136.144.33.114 - - [29/Oct/2025:21:39:46 +0700] "GET /media/ HTTP/1.1" 302 208 "http://mikitogeljitu.com/media/" "Go-http-client/1.1"
136.144.33.114 - - [29/Oct/2025:21:39:47 +0700] "GET / HTTP/1.1" 200 35366 "https://kryexthemes.com/media/" "Go-http-client/1.1"
136.144.33.114 - - [29/Oct/2025:21:39:48 +0700] "GET /menu.php HTTP/1.1" 404 47 "http://mikitogeljitu.com/menu.php" "Go-http-client/1.1"
136.144.33.114 - - [29/Oct/2025:21:39:49 +0700] "GET /wp-includes/Requests/index.php HTTP/1.1" 302 208 "http://mikitogeljitu.com/wp-includes/Requests/index.php" "Go-http-client/1.1"
136.144.33.114 - - [29/Oct/2025:21:39:49 +0700] "GET / HTTP/1.1" 200 35366 "https://kryexthemes.com/wp-includes/Requests/index.php" "Go-http-client/1.1"
136.144.33.114 - - [29/Oct/2025:21:39:51 +0700] "GET /text.php HTTP/1.1" 404 47 "http://mikitogeljitu.com/text.php" "Go-http-client/1.1"
136.144.33.114 - - [29/Oct/2025:21:39:52 +0700] "GET /2.php HTTP/1.1" 404 47 "http://mikitogeljitu.com/2.php" "Go-http-client/1.1"
136.144.33.114 - - [29/Oct/2025:21:39:53 +0700] "GET /wp-admin/includes/about.php HTTP/1.1" 302 208 "http://mikitogeljitu.com/wp-admin/includes/about.php" "Go-http-client/1.1"
136.144.33.114 - - [29/Oct/2025:21:39:53 +0700] "GET / HTTP/1.1" 200 35366 "https://kryexthemes.com/wp-admin/includes/about.php" "Go-http-client/1.1"
136.144.33.114 - - [29/Oct/2025:21:39:54 +0700] "GET /wp-includes/themes.php HTTP/1.1" 302 208 "http://mikitogeljitu.com/wp-includes/themes.php" "Go-http-client/1.1"
74.125.215.142 - - [29/Oct/2025:21:39:54 +0700] "HEAD /rss/alliekatzgraphics.xml HTTP/1.1" 302 0 "-" "FeedBurner/1.0 (http://www.FeedBurner.com)"
74.125.215.142 - - [29/Oct/2025:21:39:55 +0700] "HEAD / HTTP/1.1" 200 0 "-" "FeedBurner/1.0 (http://www.FeedBurner.com)"
136.144.33.114 - - [29/Oct/2025:21:39:55 +0700] "GET / HTTP/1.1" 200 35366 "https://kryexthemes.com/wp-includes/themes.php" "Go-http-client/1.1"
74.125.215.142 - - [29/Oct/2025:21:39:55 +0700] "GET /rss/alliekatzgraphics.xml HTTP/1.1" 302 208 "-" "FeedBurner/1.0 (http://www.FeedBurner.com)"
74.125.215.142 - - [29/Oct/2025:21:39:55 +0700] "GET / HTTP/1.1" 200 31184 "-" "FeedBurner/1.0 (http://www.FeedBurner.com)"
114.119.132.58 - - [29/Oct/2025:21:40:23 +0700] "GET /voax/urun-kategori/fashion-boot?filter_beden=l,xl&orderby=rating HTTP/1.1" 302 208 "https://kryexthemes.com/voax/urun-kategori/fashion-boot/?filter_beden=l%2Cxl&=mor" "Mozilla/5.0 (Linux; Android 7.0;) AppleWebKit/537.36 (KHTML, like Gecko) Mobile Safari/537.36 (compatible; PetalBot;+https://webmaster.petalsearch.com/site/petalbot)"
114.119.132.58 - - [29/Oct/2025:21:40:24 +0700] "GET / HTTP/1.1" 200 35366 "https://kryexthemes.com/voax/urun-kategori/fashion-boot/?filter_beden=l%2Cxl&=mor" "Mozilla/5.0 (Linux; Android 7.0;) AppleWebKit/537.36 (KHTML, like Gecko) Mobile Safari/537.36 (compatible; PetalBot;+https://webmaster.petalsearch.com/site/petalbot)"
136.144.33.114 - - [29/Oct/2025:21:40:42 +0700] "GET /wp-admin/js/about.php HTTP/1.1" 302 208 "http://mikitogeljitu.com/wp-admin/js/about.php" "Go-http-client/1.1"
136.144.33.114 - - [29/Oct/2025:21:40:42 +0700] "GET / HTTP/1.1" 200 35366 "https://kryexthemes.com/wp-admin/js/about.php" "Go-http-client/1.1"
136.144.33.114 - - [29/Oct/2025:21:40:43 +0700] "GET /wp-content/uploads/wp.php HTTP/1.1" 302 208 "http://mikitogeljitu.com/wp-content/uploads/wp.php" "Go-http-client/1.1"
136.144.33.114 - - [29/Oct/2025:21:40:43 +0700] "GET / HTTP/1.1" 200 35366 "https://kryexthemes.com/wp-content/uploads/wp.php" "Go-http-client/1.1"
136.144.33.114 - - [29/Oct/2025:21:40:44 +0700] "GET /db.php HTTP/1.1" 404 47 "http://mikitogeljitu.com/db.php" "Go-http-client/1.1"
136.144.33.114 - - [29/Oct/2025:21:40:46 +0700] "GET /wp-content/radio.php HTTP/1.1" 302 208 "http://mikitogeljitu.com/wp-content/radio.php" "Go-http-client/1.1"
136.144.33.114 - - [29/Oct/2025:21:40:46 +0700] "GET / HTTP/1.1" 200 35366 "https://kryexthemes.com/wp-content/radio.php" "Go-http-client/1.1"
136.144.33.114 - - [29/Oct/2025:21:40:47 +0700] "GET /moon.php HTTP/1.1" 404 47 "http://mikitogeljitu.com/moon.php" "Go-http-client/1.1"
136.144.33.114 - - [29/Oct/2025:21:40:48 +0700] "GET /wp-admin/maint/wp-login.php HTTP/1.1" 302 208 "http://mikitogeljitu.com/wp-admin/maint/wp-login.php" "Go-http-client/1.1"
136.144.33.114 - - [29/Oct/2025:21:40:48 +0700] "GET / HTTP/1.1" 200 35366 "https://kryexthemes.com/wp-admin/maint/wp-login.php" "Go-http-client/1.1"
136.144.33.114 - - [29/Oct/2025:21:40:49 +0700] "GET /wp-admin/options.php HTTP/1.1" 302 208 "http://mikitogeljitu.com/wp-admin/options.php" "Go-http-client/1.1"
136.144.33.114 - - [29/Oct/2025:21:40:49 +0700] "GET / HTTP/1.1" 200 35366 "https://kryexthemes.com/wp-admin/options.php" "Go-http-client/1.1"
136.144.33.114 - - [29/Oct/2025:21:40:51 +0700] "GET /copypaths.php HTTP/1.1" 404 47 "http://mikitogeljitu.com/copypaths.php" "Go-http-client/1.1"
136.144.33.114 - - [29/Oct/2025:21:40:52 +0700] "GET /plugin.php HTTP/1.1" 404 47 "http://mikitogeljitu.com/plugin.php" "Go-http-client/1.1"
136.144.33.114 - - [29/Oct/2025:21:40:53 +0700] "GET /files/ HTTP/1.1" 302 208 "http://mikitogeljitu.com/files/" "Go-http-client/1.1"
136.144.33.114 - - [29/Oct/2025:21:40:54 +0700] "GET / HTTP/1.1" 200 35366 "https://kryexthemes.com/files/" "Go-http-client/1.1"
136.144.33.114 - - [29/Oct/2025:21:40:55 +0700] "GET /web.php HTTP/1.1" 404 47 "http://mikitogeljitu.com/web.php" "Go-http-client/1.1"
136.144.33.114 - - [29/Oct/2025:21:40:57 +0700] "GET /new.php HTTP/1.1" 404 47 "http://mikitogeljitu.com/new.php" "Go-http-client/1.1"
136.144.33.114 - - [29/Oct/2025:21:41:00 +0700] "GET /wp-content/cache/index.php HTTP/1.1" 302 208 "http://mikitogeljitu.com/wp-content/cache/index.php" "Go-http-client/1.1"
136.144.33.114 - - [29/Oct/2025:21:41:01 +0700] "GET / HTTP/1.1" 200 35366 "https://kryexthemes.com/wp-content/cache/index.php" "Go-http-client/1.1"
136.144.33.114 - - [29/Oct/2025:21:41:02 +0700] "GET /templates/beez3/jsstrings.php HTTP/1.1" 302 208 "http://mikitogeljitu.com/templates/beez3/jsstrings.php" "Go-http-client/1.1"
136.144.33.114 - - [29/Oct/2025:21:41:02 +0700] "GET / HTTP/1.1" 200 35366 "https://kryexthemes.com/templates/beez3/jsstrings.php" "Go-http-client/1.1"
136.144.33.114 - - [29/Oct/2025:21:41:03 +0700] "GET /file5.php HTTP/1.1" 404 47 "http://mikitogeljitu.com/file5.php" "Go-http-client/1.1"
136.144.33.114 - - [29/Oct/2025:21:41:04 +0700] "GET /wp-includes/Text/Diff/index.php HTTP/1.1" 302 208 "http://mikitogeljitu.com/wp-includes/Text/Diff/index.php" "Go-http-client/1.1"
136.144.33.114 - - [29/Oct/2025:21:41:05 +0700] "GET / HTTP/1.1" 200 35366 "https://kryexthemes.com/wp-includes/Text/Diff/index.php" "Go-http-client/1.1"
136.144.33.114 - - [29/Oct/2025:21:41:05 +0700] "GET /ioxi-o.php HTTP/1.1" 404 47 "http://mikitogeljitu.com/ioxi-o.php" "Go-http-client/1.1"
136.144.33.114 - - [29/Oct/2025:21:41:06 +0700] "GET /wp-includes/rest-api/index.php HTTP/1.1" 302 208 "http://mikitogeljitu.com/wp-includes/rest-api/index.php" "Go-http-client/1.1"
136.144.33.114 - - [29/Oct/2025:21:41:07 +0700] "GET / HTTP/1.1" 200 35366 "https://kryexthemes.com/wp-includes/rest-api/index.php" "Go-http-client/1.1"
136.144.33.114 - - [29/Oct/2025:21:41:08 +0700] "GET /u.php HTTP/1.1" 404 47 "http://mikitogeljitu.com/u.php" "Go-http-client/1.1"
136.144.33.114 - - [29/Oct/2025:21:41:10 +0700] "GET /wp-includes/js/tinymce/utils/ HTTP/1.1" 302 208 "http://mikitogeljitu.com/wp-includes/js/tinymce/utils/" "Go-http-client/1.1"
136.144.33.114 - - [29/Oct/2025:21:41:10 +0700] "GET / HTTP/1.1" 200 35366 "https://kryexthemes.com/wp-includes/js/tinymce/utils/" "Go-http-client/1.1"
136.144.33.114 - - [29/Oct/2025:21:41:11 +0700] "GET /wp-content/cong.php HTTP/1.1" 302 208 "http://mikitogeljitu.com/wp-content/cong.php" "Go-http-client/1.1"
136.144.33.114 - - [29/Oct/2025:21:41:12 +0700] "GET / HTTP/1.1" 200 35366 "https://kryexthemes.com/wp-content/cong.php" "Go-http-client/1.1"
136.144.33.114 - - [29/Oct/2025:21:41:12 +0700] "GET /zex.php HTTP/1.1" 404 47 "http://mikitogeljitu.com/zex.php" "Go-http-client/1.1"
136.144.33.114 - - [29/Oct/2025:21:41:13 +0700] "GET /wp-content/uploads/2024/index.php HTTP/1.1" 302 208 "http://mikitogeljitu.com/wp-content/uploads/2024/index.php" "Go-http-client/1.1"
136.144.33.114 - - [29/Oct/2025:21:41:14 +0700] "GET / HTTP/1.1" 200 35366 "https://kryexthemes.com/wp-content/uploads/2024/index.php" "Go-http-client/1.1"
136.144.33.114 - - [29/Oct/2025:21:41:15 +0700] "GET /assets/ HTTP/1.1" 302 208 "http://mikitogeljitu.com/assets/" "Go-http-client/1.1"
