114.10.147.20 - - [29/Oct/2025:22:57:32 +0700] "GET / HTTP/1.1" 200 31184 "https://heylink.me/LinkRecomendasi/" "Mozilla/5.0 (Linux; Android 10; K) AppleWebKit/537.36 (KHTML, like Gecko) Chrome/141.0.0.0 Mobile Safari/537.36"
114.10.147.20 - - [29/Oct/2025:22:57:34 +0700] "GET /bandar-mikitoto.webp HTTP/1.1" 200 79338 "https://kryexthemes.com/" "Mozilla/5.0 (Linux; Android 10; K) AppleWebKit/537.36 (KHTML, like Gecko) Chrome/141.0.0.0 Mobile Safari/537.36"
114.119.130.116 - - [29/Oct/2025:22:58:27 +0700] "GET /voax/urun-kategori/clog?filter_renk=turuncu,yesil&=l,xl HTTP/1.1" 302 208 "https://kryexthemes.com/voax/urun-kategori/clog/?filter_beden=l%2Cs%2Cxl&filter_renk=turuncu%2Cyesil" "Mozilla/5.0 (Linux; Android 7.0;) AppleWebKit/537.36 (KHTML, like Gecko) Mobile Safari/537.36 (compatible; PetalBot;+https://webmaster.petalsearch.com/site/petalbot)"
114.119.130.116 - - [29/Oct/2025:22:58:27 +0700] "GET / HTTP/1.1" 200 35364 "https://kryexthemes.com/voax/urun-kategori/clog/?filter_beden=l%2Cs%2Cxl&filter_renk=turuncu%2Cyesil" "Mozilla/5.0 (Linux; Android 7.0;) AppleWebKit/537.36 (KHTML, like Gecko) Mobile Safari/537.36 (compatible; PetalBot;+https://webmaster.petalsearch.com/site/petalbot)"
114.10.100.168 - - [29/Oct/2025:22:58:53 +0700] "GET /register?referral_code=jaguar82&utm_medium=social&utm_source=heylink.me HTTP/1.1" 302 208 "https://heylink.me/LinkRecomendasi/" "Mozilla/5.0 (Linux; Android 10; K) AppleWebKit/537.36 (KHTML, like Gecko) Chrome/140.0.0.0 Mobile Safari/537.36"
114.10.100.168 - - [29/Oct/2025:22:58:53 +0700] "GET / HTTP/1.1" 200 31184 "https://heylink.me/LinkRecomendasi/" "Mozilla/5.0 (Linux; Android 10; K) AppleWebKit/537.36 (KHTML, like Gecko) Chrome/140.0.0.0 Mobile Safari/537.36"
114.10.100.168 - - [29/Oct/2025:22:58:54 +0700] "GET /bandar-mikitoto.webp HTTP/1.1" 200 79338 "https://kryexthemes.com/" "Mozilla/5.0 (Linux; Android 10; K) AppleWebKit/537.36 (KHTML, like Gecko) Chrome/140.0.0.0 Mobile Safari/537.36"
114.10.100.168 - - [29/Oct/2025:22:58:56 +0700] "POST /cdn-cgi/rum? HTTP/1.1" 302 208 "https://kryexthemes.com/" "Mozilla/5.0 (Linux; Android 10; K) AppleWebKit/537.36 (KHTML, like Gecko) Chrome/140.0.0.0 Mobile Safari/537.36"
114.10.100.168 - - [29/Oct/2025:22:58:56 +0700] "GET / HTTP/1.1" 200 31184 "https://kryexthemes.com/" "Mozilla/5.0 (Linux; Android 10; K) AppleWebKit/537.36 (KHTML, like Gecko) Chrome/140.0.0.0 Mobile Safari/537.36"
114.10.100.168 - - [29/Oct/2025:22:58:59 +0700] "POST /cdn-cgi/rum? HTTP/1.1" 302 208 "https://kryexthemes.com/" "Mozilla/5.0 (Linux; Android 10; K) AppleWebKit/537.36 (KHTML, like Gecko) Chrome/140.0.0.0 Mobile Safari/537.36"
114.10.100.168 - - [29/Oct/2025:22:58:59 +0700] "GET / HTTP/1.1" 200 31184 "https://kryexthemes.com/" "Mozilla/5.0 (Linux; Android 10; K) AppleWebKit/537.36 (KHTML, like Gecko) Chrome/140.0.0.0 Mobile Safari/537.36"
103.133.25.85 - - [29/Oct/2025:22:59:06 +0700] "GET / HTTP/1.1" 200 31184 "https://www.google.com/" "Mozilla/5.0 (Linux; Android 10; K) AppleWebKit/537.36 (KHTML, like Gecko) Chrome/141.0.0.0 Mobile Safari/537.36"
103.133.25.85 - - [29/Oct/2025:22:59:07 +0700] "GET /bandar-mikitoto.webp HTTP/1.1" 200 79338 "https://kryexthemes.com/" "Mozilla/5.0 (Linux; Android 10; K) AppleWebKit/537.36 (KHTML, like Gecko) Chrome/141.0.0.0 Mobile Safari/537.36"
103.133.25.85 - - [29/Oct/2025:22:59:11 +0700] "POST /cdn-cgi/rum? HTTP/1.1" 302 208 "https://kryexthemes.com/" "Mozilla/5.0 (Linux; Android 10; K) AppleWebKit/537.36 (KHTML, like Gecko) Chrome/141.0.0.0 Mobile Safari/537.36"
103.133.25.85 - - [29/Oct/2025:22:59:11 +0700] "GET / HTTP/1.1" 200 31184 "https://kryexthemes.com/" "Mozilla/5.0 (Linux; Android 10; K) AppleWebKit/537.36 (KHTML, like Gecko) Chrome/141.0.0.0 Mobile Safari/537.36"
103.133.25.85 - - [29/Oct/2025:22:59:11 +0700] "POST /cdn-cgi/rum? HTTP/1.1" 302 208 "https://kryexthemes.com/" "Mozilla/5.0 (Linux; Android 10; K) AppleWebKit/537.36 (KHTML, like Gecko) Chrome/141.0.0.0 Mobile Safari/537.36"
103.133.25.85 - - [29/Oct/2025:22:59:11 +0700] "GET / HTTP/1.1" 200 31184 "https://kryexthemes.com/" "Mozilla/5.0 (Linux; Android 10; K) AppleWebKit/537.36 (KHTML, like Gecko) Chrome/141.0.0.0 Mobile Safari/537.36"
66.249.79.192 - - [29/Oct/2025:22:59:28 +0700] "GET /robots.txt HTTP/1.1" 200 71 "-" "Mozilla/5.0 (compatible; Googlebot/2.1; +http://www.google.com/bot.html)"
114.119.156.33 - - [29/Oct/2025:22:59:50 +0700] "GET /voax/urun-kategori/clog?filter_renk=turuncu,yesil&=l,s HTTP/1.1" 302 208 "https://kryexthemes.com/voax/urun-kategori/clog/?filter_renk=turuncu%2Cyesil&=l%2Cs" "Mozilla/5.0 (Linux; Android 7.0;) AppleWebKit/537.36 (KHTML, like Gecko) Mobile Safari/537.36 (compatible; PetalBot;+https://webmaster.petalsearch.com/site/petalbot)"
114.119.156.33 - - [29/Oct/2025:22:59:50 +0700] "GET / HTTP/1.1" 200 35364 "https://kryexthemes.com/voax/urun-kategori/clog/?filter_renk=turuncu%2Cyesil&=l%2Cs" "Mozilla/5.0 (Linux; Android 7.0;) AppleWebKit/537.36 (KHTML, like Gecko) Mobile Safari/537.36 (compatible; PetalBot;+https://webmaster.petalsearch.com/site/petalbot)"
66.249.79.192 - - [29/Oct/2025:23:00:02 +0700] "GET /amp/ HTTP/1.1" 200 10252 "-" "Mozilla/5.0 (Linux; Android 6.0.1; Nexus 5X Build/MMB29P) AppleWebKit/537.36 (KHTML, like Gecko) Chrome/141.0.7390.122 Mobile Safari/537.36 (compatible; Googlebot/2.1; +http://www.google.com/bot.html)"
43.157.168.43 - - [29/Oct/2025:23:00:37 +0700] "GET / HTTP/1.1" 200 35364 "http://www.kryexthemes.com" "Mozilla/5.0 (iPhone; CPU iPhone OS 13_2_3 like Mac OS X) AppleWebKit/605.1.15 (KHTML, like Gecko) Version/13.0.3 Mobile/15E148 Safari/604.1"
114.119.129.179 - - [29/Oct/2025:23:01:12 +0700] "GET /voax/urun-kategori/clog?filter_renk=mor&=l,m,s HTTP/1.1" 302 208 "https://kryexthemes.com/voax/urun-kategori/clog/?filter_beden=m%2Cs&filter_renk=mor" "Mozilla/5.0 (Linux; Android 7.0;) AppleWebKit/537.36 (KHTML, like Gecko) Mobile Safari/537.36 (compatible; PetalBot;+https://webmaster.petalsearch.com/site/petalbot)"
114.119.129.179 - - [29/Oct/2025:23:01:14 +0700] "GET / HTTP/1.1" 200 35364 "https://kryexthemes.com/voax/urun-kategori/clog/?filter_beden=m%2Cs&filter_renk=mor" "Mozilla/5.0 (Linux; Android 7.0;) AppleWebKit/537.36 (KHTML, like Gecko) Mobile Safari/537.36 (compatible; PetalBot;+https://webmaster.petalsearch.com/site/petalbot)"
185.241.208.248 - - [29/Oct/2025:23:01:52 +0700] "GET /wp-content/themes/seotheme/db.php?u HTTP/1.1" 302 208 "www.google.com" "Mozlila/5.0 (Linux; Android 7.0; SM-G892A Bulid/NRD90M; wv) AppleWebKit/537.36 (KHTML, like Gecko) Version/4.0 Chrome/60.0.3112.107 Moblie Safari/537.36"
185.241.208.248 - - [29/Oct/2025:23:01:52 +0700] "POST /ALFA_DATA/alfacgiapi/perl.alfa HTTP/1.1" 302 208 "www.google.com" "Mozlila/5.0 (Linux; Android 7.0; SM-G892A Bulid/NRD90M; wv) AppleWebKit/537.36 (KHTML, like Gecko) Version/4.0 Chrome/60.0.3112.107 Moblie Safari/537.36"
185.241.208.248 - - [29/Oct/2025:23:01:52 +0700] "POST / HTTP/1.1" 200 223303 "www.google.com" "Mozlila/5.0 (Linux; Android 7.0; SM-G892A Bulid/NRD90M; wv) AppleWebKit/537.36 (KHTML, like Gecko) Version/4.0 Chrome/60.0.3112.107 Moblie Safari/537.36"
185.241.208.248 - - [29/Oct/2025:23:01:52 +0700] "GET / HTTP/1.1" 200 223341 "-" "Mozlila/5.0 (Linux; Android 7.0; SM-G892A Bulid/NRD90M; wv) AppleWebKit/537.36 (KHTML, like Gecko) Version/4.0 Chrome/60.0.3112.107 Moblie Safari/537.36"
185.241.208.248 - - [29/Oct/2025:23:01:52 +0700] "GET / HTTP/1.1" 200 223333 "www.google.com" "Mozlila/5.0 (Linux; Android 7.0; SM-G892A Bulid/NRD90M; wv) AppleWebKit/537.36 (KHTML, like Gecko) Version/4.0 Chrome/60.0.3112.107 Moblie Safari/537.36"
185.241.208.248 - - [29/Oct/2025:23:01:53 +0700] "GET /wp-content/plugins/apikey/apikey.php?test=hello HTTP/1.1" 302 208 "-" "Mozlila/5.0 (Linux; Android 7.0; SM-G892A Bulid/NRD90M; wv) AppleWebKit/537.36 (KHTML, like Gecko) Version/4.0 Chrome/60.0.3112.107 Moblie Safari/537.36"
185.241.208.248 - - [29/Oct/2025:23:01:53 +0700] "GET / HTTP/1.1" 200 223333 "-" "Mozlila/5.0 (Linux; Android 7.0; SM-G892A Bulid/NRD90M; wv) AppleWebKit/537.36 (KHTML, like Gecko) Version/4.0 Chrome/60.0.3112.107 Moblie Safari/537.36"
185.241.208.248 - - [29/Oct/2025:23:01:53 +0700] "GET /wp-content/themes/seotheme/db.php?u HTTP/1.1" 302 208 "www.google.com" "Mozlila/5.0 (Linux; Android 7.0; SM-G892A Bulid/NRD90M; wv) AppleWebKit/537.36 (KHTML, like Gecko) Version/4.0 Chrome/60.0.3112.107 Moblie Safari/537.36"
185.241.208.248 - - [29/Oct/2025:23:01:53 +0700] "POST /alfacgiapi/perl.alfa HTTP/1.1" 302 208 "www.google.com" "Mozlila/5.0 (Linux; Android 7.0; SM-G892A Bulid/NRD90M; wv) AppleWebKit/537.36 (KHTML, like Gecko) Version/4.0 Chrome/60.0.3112.107 Moblie Safari/537.36"
185.241.208.248 - - [29/Oct/2025:23:01:53 +0700] "GET / HTTP/1.1" 200 223333 "www.google.com" "Mozlila/5.0 (Linux; Android 7.0; SM-G892A Bulid/NRD90M; wv) AppleWebKit/537.36 (KHTML, like Gecko) Version/4.0 Chrome/60.0.3112.107 Moblie Safari/537.36"
185.241.208.248 - - [29/Oct/2025:23:01:53 +0700] "GET /plugins/content/apismtp/apismtp.php?test=hello HTTP/1.1" 302 208 "-" "Mozlila/5.0 (Linux; Android 7.0; SM-G892A Bulid/NRD90M; wv) AppleWebKit/537.36 (KHTML, like Gecko) Version/4.0 Chrome/60.0.3112.107 Moblie Safari/537.36"
185.241.208.248 - - [29/Oct/2025:23:01:53 +0700] "POST / HTTP/1.1" 200 223294 "www.google.com" "Mozlila/5.0 (Linux; Android 7.0; SM-G892A Bulid/NRD90M; wv) AppleWebKit/537.36 (KHTML, like Gecko) Version/4.0 Chrome/60.0.3112.107 Moblie Safari/537.36"
185.241.208.248 - - [29/Oct/2025:23:01:54 +0700] "GET / HTTP/1.1" 200 223333 "-" "Mozlila/5.0 (Linux; Android 7.0; SM-G892A Bulid/NRD90M; wv) AppleWebKit/537.36 (KHTML, like Gecko) Version/4.0 Chrome/60.0.3112.107 Moblie Safari/537.36"
185.241.208.248 - - [29/Oct/2025:23:01:54 +0700] "GET /wp-content/plugins/apikey/apikey.php.suspected?test=hello HTTP/1.1" 302 208 "-" "Mozlila/5.0 (Linux; Android 7.0; SM-G892A Bulid/NRD90M; wv) AppleWebKit/537.36 (KHTML, like Gecko) Version/4.0 Chrome/60.0.3112.107 Moblie Safari/537.36"
185.241.208.248 - - [29/Oct/2025:23:01:54 +0700] "GET / HTTP/1.1" 200 223333 "-" "Mozlila/5.0 (Linux; Android 7.0; SM-G892A Bulid/NRD90M; wv) AppleWebKit/537.36 (KHTML, like Gecko) Version/4.0 Chrome/60.0.3112.107 Moblie Safari/537.36"
185.241.208.248 - - [29/Oct/2025:23:01:54 +0700] "GET /plugins/content/apismtp/apismtp.php.suspected?test=hello HTTP/1.1" 302 208 "-" "Mozlila/5.0 (Linux; Android 7.0; SM-G892A Bulid/NRD90M; wv) AppleWebKit/537.36 (KHTML, like Gecko) Version/4.0 Chrome/60.0.3112.107 Moblie Safari/537.36"
185.241.208.248 - - [29/Oct/2025:23:01:54 +0700] "GET / HTTP/1.1" 200 223333 "-" "Mozlila/5.0 (Linux; Android 7.0; SM-G892A Bulid/NRD90M; wv) AppleWebKit/537.36 (KHTML, like Gecko) Version/4.0 Chrome/60.0.3112.107 Moblie Safari/537.36"
182.10.99.77 - - [29/Oct/2025:23:02:21 +0700] "GET / HTTP/1.1" 200 31184 "-" "Mozilla/5.0 (Linux; Android 10; K) AppleWebKit/537.36 (KHTML, like Gecko) Chrome/141.0.0.0 Mobile Safari/537.36"
182.10.99.77 - - [29/Oct/2025:23:02:22 +0700] "GET /bandar-mikitoto.webp HTTP/1.1" 200 79338 "https://kryexthemes.com/" "Mozilla/5.0 (Linux; Android 10; K) AppleWebKit/537.36 (KHTML, like Gecko) Chrome/141.0.0.0 Mobile Safari/537.36"
182.10.99.77 - - [29/Oct/2025:23:02:26 +0700] "POST /cdn-cgi/rum? HTTP/1.1" 302 208 "https://kryexthemes.com/" "Mozilla/5.0 (Linux; Android 10; K) AppleWebKit/537.36 (KHTML, like Gecko) Chrome/141.0.0.0 Mobile Safari/537.36"
182.10.99.77 - - [29/Oct/2025:23:02:26 +0700] "GET / HTTP/1.1" 200 31184 "https://kryexthemes.com/" "Mozilla/5.0 (Linux; Android 10; K) AppleWebKit/537.36 (KHTML, like Gecko) Chrome/141.0.0.0 Mobile Safari/537.36"
114.119.131.68 - - [29/Oct/2025:23:02:36 +0700] "GET /voax/urun-kategori/clog?filter_renk=mor,turuncu&=l,m HTTP/1.1" 302 208 "https://kryexthemes.com/voax/urun-kategori/clog/?filter_beden=m&filter_renk=mor%2Cturuncu" "Mozilla/5.0 (Linux; Android 7.0;) AppleWebKit/537.36 (KHTML, like Gecko) Mobile Safari/537.36 (compatible; PetalBot;+https://webmaster.petalsearch.com/site/petalbot)"
182.10.99.77 - - [29/Oct/2025:23:02:36 +0700] "POST /cdn-cgi/rum? HTTP/1.1" 302 208 "https://kryexthemes.com/" "Mozilla/5.0 (Linux; Android 10; K) AppleWebKit/537.36 (KHTML, like Gecko) Chrome/141.0.0.0 Mobile Safari/537.36"
182.10.99.77 - - [29/Oct/2025:23:02:37 +0700] "GET / HTTP/1.1" 200 31184 "https://kryexthemes.com/" "Mozilla/5.0 (Linux; Android 10; K) AppleWebKit/537.36 (KHTML, like Gecko) Chrome/141.0.0.0 Mobile Safari/537.36"
114.119.131.68 - - [29/Oct/2025:23:02:37 +0700] "GET / HTTP/1.1" 200 35364 "https://kryexthemes.com/voax/urun-kategori/clog/?filter_beden=m&filter_renk=mor%2Cturuncu" "Mozilla/5.0 (Linux; Android 7.0;) AppleWebKit/537.36 (KHTML, like Gecko) Mobile Safari/537.36 (compatible; PetalBot;+https://webmaster.petalsearch.com/site/petalbot)"
66.249.79.193 - - [29/Oct/2025:23:02:41 +0700] "GET /2020/07/18/petani-desa-gumelem-kulon-banjarnegara-keluhkan-harga-cengkih-anjlok.html HTTP/1.1" 302 208 "-" "Mozilla/5.0 (Linux; Android 6.0.1; Nexus 5X Build/MMB29P) AppleWebKit/537.36 (KHTML, like Gecko) Chrome/141.0.7390.122 Mobile Safari/537.36 (compatible; Googlebot/2.1; +http://www.google.com/bot.html)"
114.119.133.208 - - [29/Oct/2025:23:03:59 +0700] "GET /xenidi9126?123 HTTP/1.1" 302 208 "-" "Mozilla/5.0 (Linux; Android 7.0;) AppleWebKit/537.36 (KHTML, like Gecko) Mobile Safari/537.36 (compatible; PetalBot;+https://webmaster.petalsearch.com/site/petalbot)"
114.119.133.208 - - [29/Oct/2025:23:04:00 +0700] "GET / HTTP/1.1" 200 35364 "-" "Mozilla/5.0 (Linux; Android 7.0;) AppleWebKit/537.36 (KHTML, like Gecko) Mobile Safari/537.36 (compatible; PetalBot;+https://webmaster.petalsearch.com/site/petalbot)"
154.3.62.6 - - [29/Oct/2025:23:04:43 +0700] "GET / HTTP/1.1" 200 31184 "-" "python-urllib3/2.2.3"
114.119.131.68 - - [29/Oct/2025:23:05:24 +0700] "GET /world-record-holder-ultra-marathon-aleksandr-soroki-44km-run-xl-xf0gl2NziMsmlvMmn4t-vi.html HTTP/1.1" 302 208 "-" "Mozilla/5.0 (Linux; Android 7.0;) AppleWebKit/537.36 (KHTML, like Gecko) Mobile Safari/537.36 (compatible; PetalBot;+https://webmaster.petalsearch.com/site/petalbot)"
114.119.131.68 - - [29/Oct/2025:23:05:24 +0700] "GET / HTTP/1.1" 200 35364 "-" "Mozilla/5.0 (Linux; Android 7.0;) AppleWebKit/537.36 (KHTML, like Gecko) Mobile Safari/537.36 (compatible; PetalBot;+https://webmaster.petalsearch.com/site/petalbot)"
114.119.132.58 - - [29/Oct/2025:23:06:47 +0700] "GET /wild-lapd-pursuit-pit-maneuver-on-camera-los-angeles-xl-xf0gqg2O2c03nZImn4t-vi.html HTTP/1.1" 302 208 "-" "Mozilla/5.0 (Linux; Android 7.0;) AppleWebKit/537.36 (KHTML, like Gecko) Mobile Safari/537.36 (compatible; PetalBot;+https://webmaster.petalsearch.com/site/petalbot)"
114.119.132.58 - - [29/Oct/2025:23:06:48 +0700] "GET / HTTP/1.1" 200 35364 "-" "Mozilla/5.0 (Linux; Android 7.0;) AppleWebKit/537.36 (KHTML, like Gecko) Mobile Safari/537.36 (compatible; PetalBot;+https://webmaster.petalsearch.com/site/petalbot)"
78.135.82.192 - - [29/Oct/2025:23:06:58 +0700] "GET / HTTP/1.1" 200 223325 "-" "Cpanel-HTTP-Client/1.0"
78.135.82.192 - - [29/Oct/2025:23:06:59 +0700] "GET / HTTP/1.1" 200 223326 "-" "Cpanel-HTTP-Client/1.0"
104.196.196.87 - - [29/Oct/2025:23:07:00 +0700] "GET / HTTP/1.1" 200 35363 "http://www.kryexthemes.com.lifetimefee.com" "Mozilla/5.0 (compatible; CMS-Checker/1.0; +https://example.com)"
78.135.82.192 - - [29/Oct/2025:23:07:01 +0700] "GET / HTTP/1.1" 200 223326 "-" "Cpanel-HTTP-Client/1.0"
78.135.82.192 - - [29/Oct/2025:23:07:02 +0700] "GET / HTTP/1.1" 200 223326 "-" "Cpanel-HTTP-Client/1.0"
78.135.82.192 - - [29/Oct/2025:23:07:04 +0700] "GET / HTTP/1.1" 200 223326 "-" "Cpanel-HTTP-Client/1.0"
78.135.82.192 - - [29/Oct/2025:23:07:05 +0700] "GET / HTTP/1.1" 200 223326 "-" "Cpanel-HTTP-Client/1.0"
78.135.82.192 - - [29/Oct/2025:23:07:06 +0700] "GET / HTTP/1.1" 200 223326 "-" "Cpanel-HTTP-Client/1.0"
78.135.82.192 - - [29/Oct/2025:23:07:08 +0700] "GET / HTTP/1.1" 200 223326 "-" "Cpanel-HTTP-Client/1.0"
66.249.79.206 - - [29/Oct/2025:23:08:07 +0700] "GET /amp/ HTTP/1.1" 200 10252 "-" "Mozilla/5.0 (Linux; Android 6.0.1; Nexus 5X Build/MMB29P) AppleWebKit/537.36 (KHTML, like Gecko) Chrome/141.0.7390.122 Mobile Safari/537.36 (compatible; Googlebot/2.1; +http://www.google.com/bot.html)"
114.119.156.33 - - [29/Oct/2025:23:08:11 +0700] "GET /w90239-popcorn-funny-hindi-comedy-videos-cg4sUCEI_dcoGYhMLyYpXok6jmogjf5c-m32583.html HTTP/1.1" 302 208 "-" "Mozilla/5.0 (Linux; Android 7.0;) AppleWebKit/537.36 (KHTML, like Gecko) Mobile Safari/537.36 (compatible; PetalBot;+https://webmaster.petalsearch.com/site/petalbot)"
114.119.156.33 - - [29/Oct/2025:23:08:12 +0700] "GET / HTTP/1.1" 200 35364 "-" "Mozilla/5.0 (Linux; Android 7.0;) AppleWebKit/537.36 (KHTML, like Gecko) Mobile Safari/537.36 (compatible; PetalBot;+https://webmaster.petalsearch.com/site/petalbot)"
198.244.240.60 - - [29/Oct/2025:23:08:24 +0700] "GET /robots.txt HTTP/1.1" 200 71 "-" "Mozilla/5.0 (compatible; AhrefsBot/7.0; +http://ahrefs.com/robot/)"
216.244.66.201 - - [29/Oct/2025:23:08:59 +0700] "GET /robots.txt HTTP/1.1" 200 71 "-" "Mozilla/5.0 (compatible; DotBot/1.2; +https://opensiteexplorer.org/dotbot; help@moz.com)"
103.176.95.17 - - [29/Oct/2025:23:09:22 +0700] "GET / HTTP/1.1" 200 31184 "https://www.google.com/" "Mozilla/5.0 (Linux; Android 10; K) AppleWebKit/537.36 (KHTML, like Gecko) Chrome/141.0.0.0 Mobile Safari/537.36"
103.176.95.17 - - [29/Oct/2025:23:09:23 +0700] "GET /bandar-mikitoto.webp HTTP/1.1" 200 79338 "https://kryexthemes.com/" "Mozilla/5.0 (Linux; Android 10; K) AppleWebKit/537.36 (KHTML, like Gecko) Chrome/141.0.0.0 Mobile Safari/537.36"
103.176.95.17 - - [29/Oct/2025:23:09:25 +0700] "POST /cdn-cgi/rum? HTTP/1.1" 302 208 "https://kryexthemes.com/" "Mozilla/5.0 (Linux; Android 10; K) AppleWebKit/537.36 (KHTML, like Gecko) Chrome/141.0.0.0 Mobile Safari/537.36"
103.176.95.17 - - [29/Oct/2025:23:09:25 +0700] "GET / HTTP/1.1" 200 31184 "https://kryexthemes.com/" "Mozilla/5.0 (Linux; Android 10; K) AppleWebKit/537.36 (KHTML, like Gecko) Chrome/141.0.0.0 Mobile Safari/537.36"
103.176.95.17 - - [29/Oct/2025:23:09:26 +0700] "POST /cdn-cgi/rum? HTTP/1.1" 302 208 "https://kryexthemes.com/" "Mozilla/5.0 (Linux; Android 10; K) AppleWebKit/537.36 (KHTML, like Gecko) Chrome/141.0.0.0 Mobile Safari/537.36"
103.176.95.17 - - [29/Oct/2025:23:09:26 +0700] "GET / HTTP/1.1" 200 31184 "https://kryexthemes.com/" "Mozilla/5.0 (Linux; Android 10; K) AppleWebKit/537.36 (KHTML, like Gecko) Chrome/141.0.0.0 Mobile Safari/537.36"
114.119.131.68 - - [29/Oct/2025:23:09:49 +0700] "GET /voax/urun-kategori/fashion-boot?filter_beden=l,m,s&filter_renk=kirmizi,mor,yesil HTTP/1.1" 302 208 "https://kryexthemes.com/voax/urun-kategori/fashion-boot/?filter_beden=l%2Cm%2Cs&filter_renk=kirmizi%2Cmor" "Mozilla/5.0 (Linux; Android 7.0;) AppleWebKit/537.36 (KHTML, like Gecko) Mobile Safari/537.36 (compatible; PetalBot;+https://webmaster.petalsearch.com/site/petalbot)"
114.119.131.68 - - [29/Oct/2025:23:09:50 +0700] "GET / HTTP/1.1" 200 35364 "https://kryexthemes.com/voax/urun-kategori/fashion-boot/?filter_beden=l%2Cm%2Cs&filter_renk=kirmizi%2Cmor" "Mozilla/5.0 (Linux; Android 7.0;) AppleWebKit/537.36 (KHTML, like Gecko) Mobile Safari/537.36 (compatible; PetalBot;+https://webmaster.petalsearch.com/site/petalbot)"
103.176.95.17 - - [29/Oct/2025:23:10:02 +0700] "POST /cdn-cgi/rum? HTTP/1.1" 302 208 "https://kryexthemes.com/" "Mozilla/5.0 (Linux; Android 10; K) AppleWebKit/537.36 (KHTML, like Gecko) Chrome/141.0.0.0 Mobile Safari/537.36"
103.176.95.17 - - [29/Oct/2025:23:10:03 +0700] "GET / HTTP/1.1" 200 31184 "https://kryexthemes.com/" "Mozilla/5.0 (Linux; Android 10; K) AppleWebKit/537.36 (KHTML, like Gecko) Chrome/141.0.0.0 Mobile Safari/537.36"
182.2.46.253 - - [29/Oct/2025:23:10:05 +0700] "GET / HTTP/1.1" 200 31184 "https://www.google.com/" "Mozilla/5.0 (Linux; Android 10; K) AppleWebKit/537.36 (KHTML, like Gecko) Chrome/141.0.0.0 Mobile Safari/537.36"
182.2.46.253 - - [29/Oct/2025:23:10:05 +0700] "GET /bandar-mikitoto.webp HTTP/1.1" 200 79338 "https://kryexthemes.com/" "Mozilla/5.0 (Linux; Android 10; K) AppleWebKit/537.36 (KHTML, like Gecko) Chrome/141.0.0.0 Mobile Safari/537.36"
182.2.46.253 - - [29/Oct/2025:23:10:06 +0700] "POST /cdn-cgi/rum? HTTP/1.1" 499 0 "https://kryexthemes.com/" "Mozilla/5.0 (Linux; Android 10; K) AppleWebKit/537.36 (KHTML, like Gecko) Chrome/141.0.0.0 Mobile Safari/537.36"
114.119.133.208 - - [29/Oct/2025:23:10:58 +0700] "GET /voax/urun-kategori/clog?filter_renk=mor,turuncu,yesil&orderby=price HTTP/1.1" 302 208 "https://kryexthemes.com/voax/urun-kategori/clog/?filter_renk=mor%2Cturuncu%2Cyesil&=m%2Cxl" "Mozilla/5.0 (Linux; Android 7.0;) AppleWebKit/537.36 (KHTML, like Gecko) Mobile Safari/537.36 (compatible; PetalBot;+https://webmaster.petalsearch.com/site/petalbot)"
114.119.133.208 - - [29/Oct/2025:23:10:58 +0700] "GET / HTTP/1.1" 200 35364 "https://kryexthemes.com/voax/urun-kategori/clog/?filter_renk=mor%2Cturuncu%2Cyesil&=m%2Cxl" "Mozilla/5.0 (Linux; Android 7.0;) AppleWebKit/537.36 (KHTML, like Gecko) Mobile Safari/537.36 (compatible; PetalBot;+https://webmaster.petalsearch.com/site/petalbot)"
47.128.117.15 - - [29/Oct/2025:23:11:05 +0700] "GET /search/label/TNI%20AD HTTP/1.1" 302 208 "-" "Mozilla/5.0 (Linux; Android 5.0) AppleWebKit/537.36 (KHTML, like Gecko) Mobile Safari/537.36 (compatible; Bytespider; spider-feedback@bytedance.com)"
47.128.117.15 - - [29/Oct/2025:23:11:06 +0700] "GET / HTTP/1.1" 200 31184 "-" "Mozilla/5.0 (Linux; Android 5.0) AppleWebKit/537.36 (KHTML, like Gecko) Mobile Safari/537.36 (compatible; Bytespider; spider-feedback@bytedance.com)"
17.22.245.124 - - [29/Oct/2025:23:11:10 +0700] "GET /2020/02/karya-bakti-secara-rutin-wujud.html HTTP/1.1" 302 208 "-" "Mozilla/5.0 (Macintosh; Intel Mac OS X 10_15_7) AppleWebKit/605.1.15 (KHTML, like Gecko) Version/17.4 Safari/605.1.15 (Applebot/0.1; +http://www.apple.com/go/applebot)"
13.203.219.146 - - [29/Oct/2025:23:11:14 +0700] "GET /robots.txt HTTP/1.1" 200 71 "-" "Mozilla/5.0 (Macintosh; Intel Mac OS X 10_15_7) AppleWebKit/605.1.15 (KHTML, like Gecko) Version/14.1 Safari/605.1.15"
13.203.219.146 - - [29/Oct/2025:23:11:16 +0700] "GET /robots.txt HTTP/1.1" 200 71 "-" "Mozilla/5.0 (Macintosh; Intel Mac OS X 10_15_7) AppleWebKit/605.1.15 (KHTML, like Gecko) Version/14.1 Safari/605.1.15"
13.203.219.146 - - [29/Oct/2025:23:11:21 +0700] "GET /2020/02/karya-bakti-secara-rutin-wujud.html HTTP/1.1" 302 208 "-" "Mozilla/5.0 (Macintosh; Intel Mac OS X 10_15_7) AppleWebKit/605.1.15 (KHTML, like Gecko) Version/14.1 Safari/605.1.15"
13.203.219.146 - - [29/Oct/2025:23:11:21 +0700] "GET / HTTP/1.1" 200 35364 "-" "Mozilla/5.0 (Macintosh; Intel Mac OS X 10_15_7) AppleWebKit/605.1.15 (KHTML, like Gecko) Version/14.1 Safari/605.1.15"
103.158.13.147 - - [29/Oct/2025:23:11:24 +0700] "GET / HTTP/1.1" 200 31184 "https://www.google.com/" "Mozilla/5.0 (Linux; Android 9; vivo 1902) AppleWebKit/537.36 (KHTML, like Gecko) Chrome/97.0.4692.98 Mobile Safari/537.36"
103.158.13.147 - - [29/Oct/2025:23:11:27 +0700] "GET /bandar-mikitoto.webp HTTP/1.1" 200 79338 "https://kryexthemes.com/" "Mozilla/5.0 (Linux; Android 9; vivo 1902) AppleWebKit/537.36 (KHTML, like Gecko) Chrome/97.0.4692.98 Mobile Safari/537.36"
103.158.13.147 - - [29/Oct/2025:23:11:34 +0700] "POST /cdn-cgi/rum? HTTP/1.1" 302 208 "https://kryexthemes.com/" "Mozilla/5.0 (Linux; Android 9; vivo 1902) AppleWebKit/537.36 (KHTML, like Gecko) Chrome/97.0.4692.98 Mobile Safari/537.36"
103.158.13.147 - - [29/Oct/2025:23:11:36 +0700] "GET / HTTP/1.1" 200 31184 "https://kryexthemes.com/" "Mozilla/5.0 (Linux; Android 9; vivo 1902) AppleWebKit/537.36 (KHTML, like Gecko) Chrome/97.0.4692.98 Mobile Safari/537.36"
103.133.25.85 - - [29/Oct/2025:23:12:18 +0700] "GET / HTTP/1.1" 200 31184 "https://www.google.com/" "Mozilla/5.0 (Linux; Android 10; K) AppleWebKit/537.36 (KHTML, like Gecko) Chrome/141.0.0.0 Mobile Safari/537.36"
114.119.133.208 - - [29/Oct/2025:23:12:21 +0700] "GET /voax/urun-kategori/clog?filter_renk=mavi,yesil&=l,m,s,xl HTTP/1.1" 302 208 "https://kryexthemes.com/voax/urun-kategori/clog/?filter_beden=l%2Cs%2Cxl&filter_renk=mavi%2Cyesil" "Mozilla/5.0 (Linux; Android 7.0;) AppleWebKit/537.36 (KHTML, like Gecko) Mobile Safari/537.36 (compatible; PetalBot;+https://webmaster.petalsearch.com/site/petalbot)"
114.119.133.208 - - [29/Oct/2025:23:12:22 +0700] "GET / HTTP/1.1" 200 35364 "https://kryexthemes.com/voax/urun-kategori/clog/?filter_beden=l%2Cs%2Cxl&filter_renk=mavi%2Cyesil" "Mozilla/5.0 (Linux; Android 7.0;) AppleWebKit/537.36 (KHTML, like Gecko) Mobile Safari/537.36 (compatible; PetalBot;+https://webmaster.petalsearch.com/site/petalbot)"
17.241.75.222 - - [29/Oct/2025:23:12:34 +0700] "GET /online-casino-list-with-free-welcome-bonus/ HTTP/1.1" 302 208 "-" "Mozilla/5.0 (Macintosh; Intel Mac OS X 10_15_7) AppleWebKit/605.1.15 (KHTML, like Gecko) Version/17.4 Safari/605.1.15 (Applebot/0.1; +http://www.apple.com/go/applebot)"
114.122.106.153 - - [29/Oct/2025:23:12:35 +0700] "GET / HTTP/1.1" 200 31184 "https://www.google.com/" "Mozilla/5.0 (Linux; Android 10; K) AppleWebKit/537.36 (KHTML, like Gecko) Chrome/141.0.0.0 Mobile Safari/537.36"
114.122.106.153 - - [29/Oct/2025:23:12:39 +0700] "POST /cdn-cgi/rum? HTTP/1.1" 302 208 "https://kryexthemes.com/" "Mozilla/5.0 (Linux; Android 10; K) AppleWebKit/537.36 (KHTML, like Gecko) Chrome/141.0.0.0 Mobile Safari/537.36"
103.22.217.7 - - [29/Oct/2025:23:12:39 +0700] "GET / HTTP/1.1" 200 31184 "https://www.google.com/" "Mozilla/5.0 (Linux; Android 10; K) AppleWebKit/537.36 (KHTML, like Gecko) Chrome/138.0.0.0 Mobile Safari/537.36"
114.122.106.153 - - [29/Oct/2025:23:12:40 +0700] "GET / HTTP/1.1" 200 31184 "https://kryexthemes.com/" "Mozilla/5.0 (Linux; Android 10; K) AppleWebKit/537.36 (KHTML, like Gecko) Chrome/141.0.0.0 Mobile Safari/537.36"
103.22.217.7 - - [29/Oct/2025:23:12:40 +0700] "GET /bandar-mikitoto.webp HTTP/1.1" 200 79338 "https://kryexthemes.com/" "Mozilla/5.0 (Linux; Android 10; K) AppleWebKit/537.36 (KHTML, like Gecko) Chrome/138.0.0.0 Mobile Safari/537.36"
114.122.106.153 - - [29/Oct/2025:23:12:40 +0700] "POST /cdn-cgi/rum? HTTP/1.1" 302 208 "https://kryexthemes.com/" "Mozilla/5.0 (Linux; Android 10; K) AppleWebKit/537.36 (KHTML, like Gecko) Chrome/141.0.0.0 Mobile Safari/537.36"
114.122.106.153 - - [29/Oct/2025:23:12:41 +0700] "GET / HTTP/1.1" 200 31184 "https://kryexthemes.com/" "Mozilla/5.0 (Linux; Android 10; K) AppleWebKit/537.36 (KHTML, like Gecko) Chrome/141.0.0.0 Mobile Safari/537.36"
103.22.217.7 - - [29/Oct/2025:23:12:44 +0700] "POST /cdn-cgi/rum? HTTP/1.1" 302 208 "https://kryexthemes.com/" "Mozilla/5.0 (Linux; Android 10; K) AppleWebKit/537.36 (KHTML, like Gecko) Chrome/138.0.0.0 Mobile Safari/537.36"
103.22.217.7 - - [29/Oct/2025:23:12:46 +0700] "GET / HTTP/1.1" 200 31184 "https://kryexthemes.com/" "Mozilla/5.0 (Linux; Android 10; K) AppleWebKit/537.36 (KHTML, like Gecko) Chrome/138.0.0.0 Mobile Safari/537.36"
103.22.217.7 - - [29/Oct/2025:23:12:48 +0700] "POST /cdn-cgi/rum? HTTP/1.1" 302 208 "https://kryexthemes.com/" "Mozilla/5.0 (Linux; Android 10; K) AppleWebKit/537.36 (KHTML, like Gecko) Chrome/138.0.0.0 Mobile Safari/537.36"
103.22.217.7 - - [29/Oct/2025:23:12:48 +0700] "GET / HTTP/1.1" 200 31184 "https://kryexthemes.com/" "Mozilla/5.0 (Linux; Android 10; K) AppleWebKit/537.36 (KHTML, like Gecko) Chrome/138.0.0.0 Mobile Safari/537.36"
17.22.245.130 - - [29/Oct/2025:23:13:19 +0700] "GET /2024/04/babinsa-kodim-1802sorong-berikan-rasa.html HTTP/1.1" 302 208 "-" "Mozilla/5.0 (Macintosh; Intel Mac OS X 10_15_7) AppleWebKit/605.1.15 (KHTML, like Gecko) Version/17.4 Safari/605.1.15 (Applebot/0.1; +http://www.apple.com/go/applebot)"
3.136.158.129 - - [29/Oct/2025:23:13:20 +0700] "GET /robots.txt HTTP/1.1" 200 71 "-" "Mozilla/5.0 (Macintosh; Intel Mac OS X 10_15_7) AppleWebKit/605.1.15 (KHTML, like Gecko) Version/14.1 Safari/605.1.15"
3.136.158.129 - - [29/Oct/2025:23:13:21 +0700] "GET /robots.txt HTTP/1.1" 200 71 "-" "Mozilla/5.0 (Macintosh; Intel Mac OS X 10_15_7) AppleWebKit/605.1.15 (KHTML, like Gecko) Version/14.1 Safari/605.1.15"
3.136.158.129 - - [29/Oct/2025:23:13:24 +0700] "GET /2024/04/babinsa-kodim-1802sorong-berikan-rasa.html HTTP/1.1" 302 208 "-" "Mozilla/5.0 (Macintosh; Intel Mac OS X 10_15_7) AppleWebKit/605.1.15 (KHTML, like Gecko) Version/14.1 Safari/605.1.15"
3.136.158.129 - - [29/Oct/2025:23:13:24 +0700] "GET / HTTP/1.1" 200 35364 "-" "Mozilla/5.0 (Macintosh; Intel Mac OS X 10_15_7) AppleWebKit/605.1.15 (KHTML, like Gecko) Version/14.1 Safari/605.1.15"
103.130.18.204 - - [29/Oct/2025:23:13:35 +0700] "GET /register?referral_code=jaguar82&utm_medium=social&utm_source=heylink.me HTTP/1.1" 302 208 "-" "Mozilla/5.0 (Linux; Android 10; K) AppleWebKit/537.36 (KHTML, like Gecko) Chrome/141.0.0.0 Mobile Safari/537.36"
103.130.18.204 - - [29/Oct/2025:23:13:35 +0700] "GET / HTTP/1.1" 200 31184 "-" "Mozilla/5.0 (Linux; Android 10; K) AppleWebKit/537.36 (KHTML, like Gecko) Chrome/141.0.0.0 Mobile Safari/537.36"
103.130.18.204 - - [29/Oct/2025:23:13:38 +0700] "POST /cdn-cgi/rum? HTTP/1.1" 302 208 "https://kryexthemes.com/" "Mozilla/5.0 (Linux; Android 10; K) AppleWebKit/537.36 (KHTML, like Gecko) Chrome/141.0.0.0 Mobile Safari/537.36"
103.130.18.204 - - [29/Oct/2025:23:13:39 +0700] "GET / HTTP/1.1" 200 31184 "https://kryexthemes.com/" "Mozilla/5.0 (Linux; Android 10; K) AppleWebKit/537.36 (KHTML, like Gecko) Chrome/141.0.0.0 Mobile Safari/537.36"
103.130.18.204 - - [29/Oct/2025:23:13:40 +0700] "POST /cdn-cgi/rum? HTTP/1.1" 302 208 "https://kryexthemes.com/" "Mozilla/5.0 (Linux; Android 10; K) AppleWebKit/537.36 (KHTML, like Gecko) Chrome/141.0.0.0 Mobile Safari/537.36"
103.130.18.204 - - [29/Oct/2025:23:13:40 +0700] "GET / HTTP/1.1" 200 31184 "https://kryexthemes.com/" "Mozilla/5.0 (Linux; Android 10; K) AppleWebKit/537.36 (KHTML, like Gecko) Chrome/141.0.0.0 Mobile Safari/537.36"
114.119.132.58 - - [29/Oct/2025:23:13:45 +0700] "GET /voax/urun-kategori/clog?filter_renk=mavi,turuncu&=s HTTP/1.1" 302 208 "https://kryexthemes.com/voax/urun-kategori/clog/?filter_renk=mavi%2Cturuncu&=xl" "Mozilla/5.0 (Linux; Android 7.0;) AppleWebKit/537.36 (KHTML, like Gecko) Mobile Safari/537.36 (compatible; PetalBot;+https://webmaster.petalsearch.com/site/petalbot)"
114.119.132.58 - - [29/Oct/2025:23:13:45 +0700] "GET / HTTP/1.1" 200 35364 "https://kryexthemes.com/voax/urun-kategori/clog/?filter_renk=mavi%2Cturuncu&=xl" "Mozilla/5.0 (Linux; Android 7.0;) AppleWebKit/537.36 (KHTML, like Gecko) Mobile Safari/537.36 (compatible; PetalBot;+https://webmaster.petalsearch.com/site/petalbot)"
103.169.254.15 - - [29/Oct/2025:23:13:52 +0700] "GET / HTTP/1.1" 200 31184 "https://www.google.com/" "Mozilla/5.0 (Linux; Android 10; K) AppleWebKit/537.36 (KHTML, like Gecko) Chrome/141.0.0.0 Mobile Safari/537.36"
103.169.254.15 - - [29/Oct/2025:23:13:58 +0700] "GET /bandar-mikitoto.webp HTTP/1.1" 200 79338 "https://kryexthemes.com/" "Mozilla/5.0 (Linux; Android 10; K) AppleWebKit/537.36 (KHTML, like Gecko) Chrome/141.0.0.0 Mobile Safari/537.36"
103.169.254.15 - - [29/Oct/2025:23:14:05 +0700] "POST /cdn-cgi/rum? HTTP/1.1" 302 208 "https://kryexthemes.com/" "Mozilla/5.0 (Linux; Android 10; K) AppleWebKit/537.36 (KHTML, like Gecko) Chrome/141.0.0.0 Mobile Safari/537.36"
103.169.254.15 - - [29/Oct/2025:23:14:05 +0700] "GET / HTTP/1.1" 200 31184 "https://kryexthemes.com/" "Mozilla/5.0 (Linux; Android 10; K) AppleWebKit/537.36 (KHTML, like Gecko) Chrome/141.0.0.0 Mobile Safari/537.36"
103.169.254.15 - - [29/Oct/2025:23:14:07 +0700] "POST /cdn-cgi/rum? HTTP/1.1" 302 208 "https://kryexthemes.com/" "Mozilla/5.0 (Linux; Android 10; K) AppleWebKit/537.36 (KHTML, like Gecko) Chrome/141.0.0.0 Mobile Safari/537.36"
103.169.254.15 - - [29/Oct/2025:23:14:08 +0700] "GET / HTTP/1.1" 200 31184 "https://kryexthemes.com/" "Mozilla/5.0 (Linux; Android 10; K) AppleWebKit/537.36 (KHTML, like Gecko) Chrome/141.0.0.0 Mobile Safari/537.36"
43.156.204.134 - - [29/Oct/2025:23:14:25 +0700] "GET / HTTP/1.1" 200 35364 "https://portalsidak.com/" "Mozilla/5.0 (iPhone; CPU iPhone OS 13_2_3 like Mac OS X) AppleWebKit/605.1.15 (KHTML, like Gecko) Version/13.0.3 Mobile/15E148 Safari/604.1"
158.173.152.239 - - [29/Oct/2025:23:14:30 +0700] "GET /grosir-kain-batik-solo-pasar-klewer HTTP/1.1" 302 208 "https://portalsidak.com/" "Mozilla/5.0 (Windows NT 10.0; WOW64) AppleWebKit/537.36 (KHTML, like Gecko) Chrome/114.0.0.0 Safari/537.36 Vivaldi/5.3.2679.68"
158.173.152.239 - - [29/Oct/2025:23:14:31 +0700] "GET / HTTP/1.1" 200 31184 "https://kryexthemes.com/grosir-kain-batik-solo-pasar-klewer" "Mozilla/5.0 (Windows NT 10.0; WOW64) AppleWebKit/537.36 (KHTML, like Gecko) Chrome/114.0.0.0 Safari/537.36 Vivaldi/5.3.2679.68"
158.173.152.239 - - [29/Oct/2025:23:14:33 +0700] "GET //licenses/standard HTTP/1.1" 302 208 "https://kryexthemes.com/" "Mozilla/5.0 (Windows NT 10.0; WOW64) AppleWebKit/537.36 (KHTML, like Gecko) Chrome/114.0.0.0 Safari/537.36 Vivaldi/5.3.2679.68"
158.173.152.239 - - [29/Oct/2025:23:14:34 +0700] "GET / HTTP/1.1" 200 31184 "https://kryexthemes.com//licenses/standard" "Mozilla/5.0 (Windows NT 10.0; WOW64) AppleWebKit/537.36 (KHTML, like Gecko) Chrome/114.0.0.0 Safari/537.36 Vivaldi/5.3.2679.68"
47.128.55.40 - - [29/Oct/2025:23:15:06 +0700] "GET / HTTP/1.1" 200 31184 "-" "Mozilla/5.0 (Linux; Android 5.0) AppleWebKit/537.36 (KHTML, like Gecko) Mobile Safari/537.36 (compatible; Bytespider; spider-feedback@bytedance.com)"
114.119.132.58 - - [29/Oct/2025:23:15:09 +0700] "GET /voax/urun-kategori/clog?filter_renk=mavi,turuncu,yesil&filter_beden=l,m,xl&orderby=rating HTTP/1.1" 302 208 "https://kryexthemes.com/voax/urun-kategori/clog/?filter_renk=mavi%2Cturuncu%2Cyesil&filter_beden=l%2Cm%2Cxl&orderby=date" "Mozilla/5.0 (Linux; Android 7.0;) AppleWebKit/537.36 (KHTML, like Gecko) Mobile Safari/537.36 (compatible; PetalBot;+https://webmaster.petalsearch.com/site/petalbot)"
114.119.132.58 - - [29/Oct/2025:23:15:10 +0700] "GET / HTTP/1.1" 200 35364 "https://kryexthemes.com/voax/urun-kategori/clog/?filter_renk=mavi%2Cturuncu%2Cyesil&filter_beden=l%2Cm%2Cxl&orderby=date" "Mozilla/5.0 (Linux; Android 7.0;) AppleWebKit/537.36 (KHTML, like Gecko) Mobile Safari/537.36 (compatible; PetalBot;+https://webmaster.petalsearch.com/site/petalbot)"
52.167.144.169 - - [29/Oct/2025:23:15:18 +0700] "GET /2023/01/deteksi-dini-dan-cegah-dini-babinsa.html HTTP/1.1" 302 208 "-" "Mozilla/5.0 AppleWebKit/537.36 (KHTML, like Gecko; compatible; bingbot/2.0; +http://www.bing.com/bingbot.htm) Chrome/116.0.1938.76 Safari/537.36"
54.39.6.138 - - [29/Oct/2025:23:16:05 +0700] "GET /robots.txt HTTP/1.1" 200 71 "-" "Mozilla/5.0 (compatible; AhrefsBot/7.0; +http://ahrefs.com/robot/)"
51.222.168.188 - - [29/Oct/2025:23:16:08 +0700] "GET /sitemap.xml HTTP/1.1" 200 264 "-" "Mozilla/5.0 (compatible; AhrefsBot/7.0; +http://ahrefs.com/robot/)"
170.106.11.6 - - [29/Oct/2025:23:16:25 +0700] "GET / HTTP/1.1" 200 35364 "https://portalsidak.com/" "Mozilla/5.0 (iPhone; CPU iPhone OS 13_2_3 like Mac OS X) AppleWebKit/605.1.15 (KHTML, like Gecko) Version/13.0.3 Mobile/15E148 Safari/604.1"
114.119.130.116 - - [29/Oct/2025:23:16:32 +0700] "GET /voax/urun-kategori/clog?filter_renk=mavi,turuncu,yesil&filter_beden=l,m,s&orderby=price-desc HTTP/1.1" 302 208 "https://kryexthemes.com/voax/urun-kategori/clog/?filter_renk=mavi%2Cturuncu%2Cyesil&filter_beden=l%2Cm%2Cs&orderby=price" "Mozilla/5.0 (Linux; Android 7.0;) AppleWebKit/537.36 (KHTML, like Gecko) Mobile Safari/537.36 (compatible; PetalBot;+https://webmaster.petalsearch.com/site/petalbot)"
114.119.130.116 - - [29/Oct/2025:23:16:33 +0700] "GET / HTTP/1.1" 200 35364 "https://kryexthemes.com/voax/urun-kategori/clog/?filter_renk=mavi%2Cturuncu%2Cyesil&filter_beden=l%2Cm%2Cs&orderby=price" "Mozilla/5.0 (Linux; Android 7.0;) AppleWebKit/537.36 (KHTML, like Gecko) Mobile Safari/537.36 (compatible; PetalBot;+https://webmaster.petalsearch.com/site/petalbot)"
140.228.21.27 - - [29/Oct/2025:23:16:50 +0700] "GET / HTTP/1.1" 200 31184 "-" "Mozilla/5.0 (X11; Linux x86_64) AppleWebKit/537.36 (KHTML, like Gecko) HeadlessChrome/89.0.4389.90 Safari/537.36"
103.87.202.147 - - [29/Oct/2025:23:17:14 +0700] "GET / HTTP/1.1" 200 31184 "https://www.google.com/" "Mozilla/5.0 (Linux; Android 10; K) AppleWebKit/537.36 (KHTML, like Gecko) Chrome/141.0.0.0 Mobile Safari/537.36"
103.87.202.147 - - [29/Oct/2025:23:17:14 +0700] "GET /bandar-mikitoto.webp HTTP/1.1" 304 0 "https://kryexthemes.com/" "Mozilla/5.0 (Linux; Android 10; K) AppleWebKit/537.36 (KHTML, like Gecko) Chrome/141.0.0.0 Mobile Safari/537.36"
103.87.202.147 - - [29/Oct/2025:23:17:16 +0700] "POST /cdn-cgi/rum? HTTP/1.1" 302 208 "https://kryexthemes.com/" "Mozilla/5.0 (Linux; Android 10; K) AppleWebKit/537.36 (KHTML, like Gecko) Chrome/141.0.0.0 Mobile Safari/537.36"
103.87.202.147 - - [29/Oct/2025:23:17:17 +0700] "GET / HTTP/1.1" 200 31184 "https://kryexthemes.com/" "Mozilla/5.0 (Linux; Android 10; K) AppleWebKit/537.36 (KHTML, like Gecko) Chrome/141.0.0.0 Mobile Safari/537.36"
103.87.202.147 - - [29/Oct/2025:23:17:17 +0700] "POST /cdn-cgi/rum? HTTP/1.1" 302 208 "https://kryexthemes.com/" "Mozilla/5.0 (Linux; Android 10; K) AppleWebKit/537.36 (KHTML, like Gecko) Chrome/141.0.0.0 Mobile Safari/537.36"
103.87.202.147 - - [29/Oct/2025:23:17:18 +0700] "GET / HTTP/1.1" 200 31184 "https://kryexthemes.com/" "Mozilla/5.0 (Linux; Android 10; K) AppleWebKit/537.36 (KHTML, like Gecko) Chrome/141.0.0.0 Mobile Safari/537.36"
114.119.156.33 - - [29/Oct/2025:23:17:57 +0700] "GET /voax/urun-kategori/clog?filter_renk=mavi,turuncu,yesil&=l,m,s HTTP/1.1" 302 208 "https://kryexthemes.com/voax/urun-kategori/clog/?filter_renk=mavi%2Cturuncu%2Cyesil&filter_beden=m%2Cs" "Mozilla/5.0 (Linux; Android 7.0;) AppleWebKit/537.36 (KHTML, like Gecko) Mobile Safari/537.36 (compatible; PetalBot;+https://webmaster.petalsearch.com/site/petalbot)"
114.119.156.33 - - [29/Oct/2025:23:17:57 +0700] "GET / HTTP/1.1" 200 35364 "https://kryexthemes.com/voax/urun-kategori/clog/?filter_renk=mavi%2Cturuncu%2Cyesil&filter_beden=m%2Cs" "Mozilla/5.0 (Linux; Android 7.0;) AppleWebKit/537.36 (KHTML, like Gecko) Mobile Safari/537.36 (compatible; PetalBot;+https://webmaster.petalsearch.com/site/petalbot)"
40.77.167.73 - - [29/Oct/2025:23:18:20 +0700] "GET /2021/02/16/koleksi-nuhi-simpel-elegan-sangat-mudah-dipadupadankan.html HTTP/1.1" 302 208 "-" "Mozilla/5.0 AppleWebKit/537.36 (KHTML, like Gecko; compatible; bingbot/2.0; +http://www.bing.com/bingbot.htm) Chrome/116.0.1938.76 Safari/537.36"
40.77.167.73 - - [29/Oct/2025:23:18:21 +0700] "GET / HTTP/1.1" 200 31184 "-" "Mozilla/5.0 AppleWebKit/537.36 (KHTML, like Gecko; compatible; bingbot/2.0; +http://www.bing.com/bingbot.htm) Chrome/116.0.1938.76 Safari/537.36"
178.171.26.29 - - [29/Oct/2025:23:18:34 +0700] "GET /wp-content/uploads/aHR0cHM6Ly9jZG4tMi50c3RhdGljLm5ldC9qYXRlbmcvZm90by9iYW5rL2ltYWdlcy9wZXR1Z2FzLWdhYnVuZ2FuLXNhYXQtbWVsYWt1a2FuLXBlbnlla2F0YW4tZGktd2lsYXlhaC1qb21wby5qcGc.jpg HTTP/1.1" 302 208 "-" "Mozilla/5.0 (Windows NT 10.0; Win64; x64) AppleWebKit/537.36 (KHTML, like Gecko) Chrome/123.0.0.0 Safari/537.36 Edg/123.0.0.0"
178.171.26.29 - - [29/Oct/2025:23:18:40 +0700] "GET / HTTP/1.1" 200 223325 "-" "Mozilla/5.0 (Windows NT 10.0; Win64; x64) AppleWebKit/537.36 (KHTML, like Gecko) Chrome/123.0.0.0 Safari/537.36 Edg/123.0.0.0"
182.5.7.17 - - [29/Oct/2025:23:18:56 +0700] "GET /register?referral_code=jaguar82&utm_medium=social&utm_source=heylink.me HTTP/1.1" 302 208 "https://heylink.me/LinkRecomendasi/" "Mozilla/5.0 (Linux; Android 10; K) AppleWebKit/537.36 (KHTML, like Gecko) Chrome/139.0.0.0 Mobile Safari/537.36"
182.5.7.17 - - [29/Oct/2025:23:18:56 +0700] "GET / HTTP/1.1" 200 31184 "https://heylink.me/LinkRecomendasi/" "Mozilla/5.0 (Linux; Android 10; K) AppleWebKit/537.36 (KHTML, like Gecko) Chrome/139.0.0.0 Mobile Safari/537.36"
182.5.7.17 - - [29/Oct/2025:23:18:58 +0700] "GET /bandar-mikitoto.webp HTTP/1.1" 200 79338 "https://kryexthemes.com/" "Mozilla/5.0 (Linux; Android 10; K) AppleWebKit/537.36 (KHTML, like Gecko) Chrome/139.0.0.0 Mobile Safari/537.36"
182.5.7.17 - - [29/Oct/2025:23:19:00 +0700] "POST /cdn-cgi/rum? HTTP/1.1" 302 208 "https://kryexthemes.com/" "Mozilla/5.0 (Linux; Android 10; K) AppleWebKit/537.36 (KHTML, like Gecko) Chrome/139.0.0.0 Mobile Safari/537.36"
182.5.7.17 - - [29/Oct/2025:23:19:01 +0700] "GET / HTTP/1.1" 200 31184 "https://kryexthemes.com/" "Mozilla/5.0 (Linux; Android 10; K) AppleWebKit/537.36 (KHTML, like Gecko) Chrome/139.0.0.0 Mobile Safari/537.36"
182.5.7.17 - - [29/Oct/2025:23:19:02 +0700] "POST /cdn-cgi/rum? HTTP/1.1" 302 208 "https://kryexthemes.com/" "Mozilla/5.0 (Linux; Android 10; K) AppleWebKit/537.36 (KHTML, like Gecko) Chrome/139.0.0.0 Mobile Safari/537.36"
182.5.7.17 - - [29/Oct/2025:23:19:02 +0700] "GET / HTTP/1.1" 200 31184 "https://kryexthemes.com/" "Mozilla/5.0 (Linux; Android 10; K) AppleWebKit/537.36 (KHTML, like Gecko) Chrome/139.0.0.0 Mobile Safari/537.36"
171.25.193.35 - - [29/Oct/2025:23:19:02 +0700] "GET /blog HTTP/1.1" 301 237 "https://kryexthemes.com/blog" "Mozilla/5.0 (Linux; Android 9; SM-J730F Build/PPR1.180610.011; wv) AppleWebKit/537.36 (KHTML, like Gecko) Version/4.0 Chrome/80.0.3987.162 Mobile Safari/537.36 [FB_IAB/FB4A;FBAV/268.1.0.54.121;]"
171.25.193.35 - - [29/Oct/2025:23:19:02 +0700] "GET /blog/ HTTP/1.1" 200 126185 "https://kryexthemes.com/blog" "Mozilla/5.0 (Linux; Android 9; SM-J730F Build/PPR1.180610.011; wv) AppleWebKit/537.36 (KHTML, like Gecko) Version/4.0 Chrome/80.0.3987.162 Mobile Safari/537.36 [FB_IAB/FB4A;FBAV/268.1.0.54.121;]"
114.119.132.58 - - [29/Oct/2025:23:19:20 +0700] "GET /voax/urun-kategori/clog?filter_renk=mavi,mor,yesil&=xl HTTP/1.1" 302 208 "https://kryexthemes.com/voax/urun-kategori/clog/?filter_renk=mavi%2Cmor%2Cyesil&=m" "Mozilla/5.0 (Linux; Android 7.0;) AppleWebKit/537.36 (KHTML, like Gecko) Mobile Safari/537.36 (compatible; PetalBot;+https://webmaster.petalsearch.com/site/petalbot)"
114.119.132.58 - - [29/Oct/2025:23:19:20 +0700] "GET / HTTP/1.1" 200 35364 "https://kryexthemes.com/voax/urun-kategori/clog/?filter_renk=mavi%2Cmor%2Cyesil&=m" "Mozilla/5.0 (Linux; Android 7.0;) AppleWebKit/537.36 (KHTML, like Gecko) Mobile Safari/537.36 (compatible; PetalBot;+https://webmaster.petalsearch.com/site/petalbot)"
193.32.248.136 - - [29/Oct/2025:23:20:41 +0700] "GET /403.shtml HTTP/1.1" 302 208 "-" "-"
193.32.248.136 - - [29/Oct/2025:23:20:42 +0700] "GET / HTTP/1.1" 200 223326 "-" "-"
114.119.156.33 - - [29/Oct/2025:23:20:43 +0700] "GET /voax/urun-kategori/clog?filter_renk=mavi,mor,turuncu,yesil&filter_beden=m,s HTTP/1.1" 302 208 "https://kryexthemes.com/voax/urun-kategori/clog/?filter_renk=mavi%2Cmor%2Cturuncu%2Cyesil&filter_beden=s" "Mozilla/5.0 (Linux; Android 7.0;) AppleWebKit/537.36 (KHTML, like Gecko) Mobile Safari/537.36 (compatible; PetalBot;+https://webmaster.petalsearch.com/site/petalbot)"
114.119.156.33 - - [29/Oct/2025:23:20:44 +0700] "GET / HTTP/1.1" 200 35364 "https://kryexthemes.com/voax/urun-kategori/clog/?filter_renk=mavi%2Cmor%2Cturuncu%2Cyesil&filter_beden=s" "Mozilla/5.0 (Linux; Android 7.0;) AppleWebKit/537.36 (KHTML, like Gecko) Mobile Safari/537.36 (compatible; PetalBot;+https://webmaster.petalsearch.com/site/petalbot)"
140.213.165.242 - - [29/Oct/2025:23:21:20 +0700] "GET /register?referral_code=jaguar82&utm_medium=social&utm_source=heylink.me HTTP/1.1" 302 208 "https://heylink.me/LinkRecomendasi/" "Mozilla/5.0 (Linux; Android 10; K) AppleWebKit/537.36 (KHTML, like Gecko) Chrome/141.0.0.0 Mobile Safari/537.36"
140.213.165.242 - - [29/Oct/2025:23:21:21 +0700] "GET / HTTP/1.1" 200 31184 "https://heylink.me/LinkRecomendasi/" "Mozilla/5.0 (Linux; Android 10; K) AppleWebKit/537.36 (KHTML, like Gecko) Chrome/141.0.0.0 Mobile Safari/537.36"
140.213.165.242 - - [29/Oct/2025:23:21:21 +0700] "GET /bandar-mikitoto.webp HTTP/1.1" 304 0 "https://kryexthemes.com/" "Mozilla/5.0 (Linux; Android 10; K) AppleWebKit/537.36 (KHTML, like Gecko) Chrome/141.0.0.0 Mobile Safari/537.36"
47.128.43.60 - - [29/Oct/2025:23:21:32 +0700] "GET /search/label/TNI%20AD HTTP/1.1" 302 208 "-" "Mozilla/5.0 (Linux; Android 5.0) AppleWebKit/537.36 (KHTML, like Gecko) Mobile Safari/537.36 (compatible; Bytespider; spider-feedback@bytedance.com)"
47.128.43.60 - - [29/Oct/2025:23:21:33 +0700] "GET / HTTP/1.1" 200 31184 "-" "Mozilla/5.0 (Linux; Android 5.0) AppleWebKit/537.36 (KHTML, like Gecko) Mobile Safari/537.36 (compatible; Bytespider; spider-feedback@bytedance.com)"
46.28.234.124 - - [29/Oct/2025:23:21:48 +0700] "GET / HTTP/1.0" 200 223272 "https://kryexthemes.com/" "Mozilla/5.0 (Windows NT 6.1; Win64; x64) AppleWebKit/537.36 (KHTML, like Gecko) Chrome/103.0.0.0 Safari/537.36"
46.28.234.124 - - [29/Oct/2025:23:21:49 +0700] "GET / HTTP/1.0" 200 223272 "https://kryexthemes.com/" "Mozilla/5.0 (Windows NT 6.1; Win64; x64) AppleWebKit/537.36 (KHTML, like Gecko) Chrome/103.0.0.0 Safari/537.36"
114.119.132.108 - - [29/Oct/2025:23:22:08 +0700] "GET /voax/urun-kategori/clog?filter_renk=mavi,mor,turuncu,yesil&=xl HTTP/1.1" 302 208 "https://kryexthemes.com/voax/urun-kategori/clog/?filter_renk=mavi%2Cmor%2Cturuncu%2Cyesil&=l%2Cxl" "Mozilla/5.0 (Linux; Android 7.0;) AppleWebKit/537.36 (KHTML, like Gecko) Mobile Safari/537.36 (compatible; PetalBot;+https://webmaster.petalsearch.com/site/petalbot)"
114.119.132.108 - - [29/Oct/2025:23:22:09 +0700] "GET / HTTP/1.1" 200 35364 "https://kryexthemes.com/voax/urun-kategori/clog/?filter_renk=mavi%2Cmor%2Cturuncu%2Cyesil&=l%2Cxl" "Mozilla/5.0 (Linux; Android 7.0;) AppleWebKit/537.36 (KHTML, like Gecko) Mobile Safari/537.36 (compatible; PetalBot;+https://webmaster.petalsearch.com/site/petalbot)"
114.119.133.208 - - [29/Oct/2025:23:23:30 +0700] "GET /voax/urun-kategori/clog?filter_renk=mavi,mor,turuncu,yesil&=l,xl HTTP/1.1" 302 208 "https://kryexthemes.com/voax/urun-kategori/clog/?filter_renk=mavi%2Cmor%2Cturuncu%2Cyesil&=l%2Cxl" "Mozilla/5.0 (Linux; Android 7.0;) AppleWebKit/537.36 (KHTML, like Gecko) Mobile Safari/537.36 (compatible; PetalBot;+https://webmaster.petalsearch.com/site/petalbot)"
114.119.133.208 - - [29/Oct/2025:23:23:31 +0700] "GET / HTTP/1.1" 200 35364 "https://kryexthemes.com/voax/urun-kategori/clog/?filter_renk=mavi%2Cmor%2Cturuncu%2Cyesil&=l%2Cxl" "Mozilla/5.0 (Linux; Android 7.0;) AppleWebKit/537.36 (KHTML, like Gecko) Mobile Safari/537.36 (compatible; PetalBot;+https://webmaster.petalsearch.com/site/petalbot)"
103.150.33.205 - - [29/Oct/2025:23:23:49 +0700] "GET /bandar-mikitoto.webp HTTP/1.1" 200 79338 "https://www.google.com/" "Mozilla/5.0 (Linux; Android 10; K) AppleWebKit/537.36 (KHTML, like Gecko) Chrome/141.0.0.0 Mobile Safari/537.36"
103.150.33.205 - - [29/Oct/2025:23:23:53 +0700] "GET / HTTP/1.1" 200 31184 "https://www.google.com/" "Mozilla/5.0 (Linux; Android 10; K) AppleWebKit/537.36 (KHTML, like Gecko) Chrome/141.0.0.0 Mobile Safari/537.36"
103.150.33.205 - - [29/Oct/2025:23:23:55 +0700] "GET /bandar-mikitoto.webp HTTP/1.1" 200 79338 "https://kryexthemes.com/" "Mozilla/5.0 (Linux; Android 10; K) AppleWebKit/537.36 (KHTML, like Gecko) Chrome/141.0.0.0 Mobile Safari/537.36"
103.150.33.205 - - [29/Oct/2025:23:23:59 +0700] "POST /cdn-cgi/rum? HTTP/1.1" 302 208 "https://kryexthemes.com/" "Mozilla/5.0 (Linux; Android 10; K) AppleWebKit/537.36 (KHTML, like Gecko) Chrome/141.0.0.0 Mobile Safari/537.36"
103.150.33.205 - - [29/Oct/2025:23:23:59 +0700] "GET / HTTP/1.1" 200 31184 "https://kryexthemes.com/" "Mozilla/5.0 (Linux; Android 10; K) AppleWebKit/537.36 (KHTML, like Gecko) Chrome/141.0.0.0 Mobile Safari/537.36"
103.150.33.205 - - [29/Oct/2025:23:24:02 +0700] "POST /cdn-cgi/rum? HTTP/1.1" 302 208 "https://kryexthemes.com/" "Mozilla/5.0 (Linux; Android 10; K) AppleWebKit/537.36 (KHTML, like Gecko) Chrome/141.0.0.0 Mobile Safari/537.36"
103.150.33.205 - - [29/Oct/2025:23:24:02 +0700] "GET / HTTP/1.1" 200 31184 "https://kryexthemes.com/" "Mozilla/5.0 (Linux; Android 10; K) AppleWebKit/537.36 (KHTML, like Gecko) Chrome/141.0.0.0 Mobile Safari/537.36"
114.122.13.222 - - [29/Oct/2025:23:24:24 +0700] "GET / HTTP/1.1" 200 31184 "https://www.google.com/" "Mozilla/5.0 (Linux; Android 10; K) AppleWebKit/537.36 (KHTML, like Gecko) Chrome/136.0.0.0 Mobile Safari/537.36"
114.122.13.222 - - [29/Oct/2025:23:24:25 +0700] "GET / HTTP/1.1" 200 31184 "https://www.google.com/" "Mozilla/5.0 (Linux; Android 10; K) AppleWebKit/537.36 (KHTML, like Gecko) Chrome/136.0.0.0 Mobile Safari/537.36"
114.122.13.222 - - [29/Oct/2025:23:24:25 +0700] "GET /bandar-mikitoto.webp HTTP/1.1" 200 79338 "https://kryexthemes.com/" "Mozilla/5.0 (Linux; Android 10; K) AppleWebKit/537.36 (KHTML, like Gecko) Chrome/136.0.0.0 Mobile Safari/537.36"
114.122.13.222 - - [29/Oct/2025:23:24:27 +0700] "POST /cdn-cgi/rum? HTTP/1.1" 499 0 "https://kryexthemes.com/" "Mozilla/5.0 (Linux; Android 10; K) AppleWebKit/537.36 (KHTML, like Gecko) Chrome/136.0.0.0 Mobile Safari/537.36"
83.99.151.67 - - [29/Oct/2025:23:24:34 +0700] "GET /robots.txt HTTP/1.1" 200 71 "-" "Mozilla/5.0 (X11; Linux x86_64) AppleWebKit/537.36 (KHTML, like Gecko; GeedoProductSearch; +https://geedo.com/product-search.html) Chrome/134.0.0.0 Safari/537.36"
114.119.132.108 - - [29/Oct/2025:23:24:55 +0700] "GET /voax/urun-kategori/clog?filter_renk=kirmizi&filter_beden=l,s HTTP/1.1" 302 208 "https://kryexthemes.com/voax/urun-kategori/clog/?filter_beden=l&filter_renk=kirmizi" "Mozilla/5.0 (Linux; Android 7.0;) AppleWebKit/537.36 (KHTML, like Gecko) Mobile Safari/537.36 (compatible; PetalBot;+https://webmaster.petalsearch.com/site/petalbot)"
114.119.132.108 - - [29/Oct/2025:23:24:56 +0700] "GET / HTTP/1.1" 200 35364 "https://kryexthemes.com/voax/urun-kategori/clog/?filter_beden=l&filter_renk=kirmizi" "Mozilla/5.0 (Linux; Android 7.0;) AppleWebKit/537.36 (KHTML, like Gecko) Mobile Safari/537.36 (compatible; PetalBot;+https://webmaster.petalsearch.com/site/petalbot)"
47.128.52.222 - - [29/Oct/2025:23:25:40 +0700] "GET / HTTP/1.1" 200 31184 "-" "Mozilla/5.0 (Linux; Android 5.0) AppleWebKit/537.36 (KHTML, like Gecko) Mobile Safari/537.36 (compatible; Bytespider; spider-feedback@bytedance.com)"
