43.173.178.137 - - [30/Oct/2025:02:48:10 +0700] "GET /2022/08/06/ganjar-minta-lokasi-kebakaran-rsjd-surakarta-steril-untuk-penyelidikan.html HTTP/1.1" 302 208 "http://www.jatengkota.com/2022/08/06/ganjar-minta-lokasi-kebakaran-rsjd-surakarta-steril-untuk-penyelidikan.html" "Mozilla/5.0 (Windows NT 6.1; Win64; x64) AppleWebKit/537.36 (KHTML, like Gecko) Chrome/126.0.6478.114 Safari/537.36"
43.173.178.137 - - [30/Oct/2025:02:48:11 +0700] "GET / HTTP/1.1" 200 35364 "https://kryexthemes.com/2022/08/06/ganjar-minta-lokasi-kebakaran-rsjd-surakarta-steril-untuk-penyelidikan.html" "Mozilla/5.0 (Windows NT 6.1; Win64; x64) AppleWebKit/537.36 (KHTML, like Gecko) Chrome/126.0.6478.114 Safari/537.36"
217.182.92.119 - - [30/Oct/2025:02:48:19 +0700] "GET /robots.txt HTTP/1.1" 200 71 "-" "Mozilla/5.0 (compatible; HaloBot/1.0; +bot@haloscan.com; +https://www.haloscan.com/)"
43.173.182.32 - - [30/Oct/2025:02:48:23 +0700] "GET /cdn-cgi/rum? HTTP/1.1" 302 208 "http://www.jatengkota.com/2022/08/06/ganjar-minta-lokasi-kebakaran-rsjd-surakarta-steril-untuk-penyelidikan.html" "Mozilla/5.0 (Windows NT 6.1; Win64; x64) AppleWebKit/537.36 (KHTML, like Gecko) Chrome/126.0.6478.114 Safari/537.36"
43.173.182.32 - - [30/Oct/2025:02:48:23 +0700] "GET / HTTP/1.1" 200 35364 "http://www.jatengkota.com/2022/08/06/ganjar-minta-lokasi-kebakaran-rsjd-surakarta-steril-untuk-penyelidikan.html" "Mozilla/5.0 (Windows NT 6.1; Win64; x64) AppleWebKit/537.36 (KHTML, like Gecko) Chrome/126.0.6478.114 Safari/537.36"
43.156.122.210 - - [30/Oct/2025:02:48:24 +0700] "OPTIONS /cdn-cgi/rum? HTTP/1.1" 200 0 "http://www.jatengkota.com/" "Mozilla/5.0 (Windows NT 6.1; Win64; x64) AppleWebKit/537.36 (KHTML, like Gecko) Chrome/126.0.6478.114 Safari/537.36"
43.173.176.43 - - [30/Oct/2025:02:48:25 +0700] "GET /2021/08/13/aplikasi-penghasil-uang-baru-youtube-shorts-kreator-bisa-dibayar-rp-1439-juta-per-bulan.html HTTP/1.1" 302 208 "http://www.jatengkota.com/2021/08/13/aplikasi-penghasil-uang-baru-youtube-shorts-kreator-bisa-dibayar-rp-1439-juta-per-bulan.html" "Mozilla/5.0 (Windows NT 6.1; Win64; x64) AppleWebKit/537.36 (KHTML, like Gecko) Chrome/126.0.6478.114 Safari/537.36"
43.173.176.43 - - [30/Oct/2025:02:48:25 +0700] "GET / HTTP/1.1" 200 35364 "https://kryexthemes.com/2021/08/13/aplikasi-penghasil-uang-baru-youtube-shorts-kreator-bisa-dibayar-rp-1439-juta-per-bulan.html" "Mozilla/5.0 (Windows NT 6.1; Win64; x64) AppleWebKit/537.36 (KHTML, like Gecko) Chrome/126.0.6478.114 Safari/537.36"
114.119.132.108 - - [30/Oct/2025:02:48:26 +0700] "GET /wardtouque/followers HTTP/1.1" 302 208 "-" "Mozilla/5.0 (Linux; Android 7.0;) AppleWebKit/537.36 (KHTML, like Gecko) Mobile Safari/537.36 (compatible; PetalBot;+https://webmaster.petalsearch.com/site/petalbot)"
114.119.132.108 - - [30/Oct/2025:02:48:26 +0700] "GET / HTTP/1.1" 200 35366 "-" "Mozilla/5.0 (Linux; Android 7.0;) AppleWebKit/537.36 (KHTML, like Gecko) Mobile Safari/537.36 (compatible; PetalBot;+https://webmaster.petalsearch.com/site/petalbot)"
43.173.175.63 - - [30/Oct/2025:02:48:33 +0700] "GET /cdn-cgi/rum? HTTP/1.1" 302 208 "http://www.jatengkota.com/2021/08/13/aplikasi-penghasil-uang-baru-youtube-shorts-kreator-bisa-dibayar-rp-1439-juta-per-bulan.html" "Mozilla/5.0 (Windows NT 6.1; Win64; x64) AppleWebKit/537.36 (KHTML, like Gecko) Chrome/126.0.6478.114 Safari/537.36"
43.173.175.63 - - [30/Oct/2025:02:48:33 +0700] "GET / HTTP/1.1" 200 35364 "http://www.jatengkota.com/2021/08/13/aplikasi-penghasil-uang-baru-youtube-shorts-kreator-bisa-dibayar-rp-1439-juta-per-bulan.html" "Mozilla/5.0 (Windows NT 6.1; Win64; x64) AppleWebKit/537.36 (KHTML, like Gecko) Chrome/126.0.6478.114 Safari/537.36"
43.156.2.67 - - [30/Oct/2025:02:48:35 +0700] "OPTIONS /cdn-cgi/rum? HTTP/1.1" 200 0 "http://www.jatengkota.com/" "Mozilla/5.0 (Windows NT 6.1; Win64; x64) AppleWebKit/537.36 (KHTML, like Gecko) Chrome/126.0.6478.114 Safari/537.36"
43.173.182.75 - - [30/Oct/2025:02:48:35 +0700] "GET /2022/06/26/lumbir-banyumas-banjir-lagi-air-masuk-rumah-mulai-jam-1530-sore.html HTTP/1.1" 302 208 "http://www.jatengkota.com/2022/06/26/lumbir-banyumas-banjir-lagi-air-masuk-rumah-mulai-jam-1530-sore.html" "Mozilla/5.0 (Windows NT 10.0; Win64; x64) AppleWebKit/537.36 (KHTML, like Gecko) Chrome/106.0.5249.119 Safari/537.36"
43.173.182.75 - - [30/Oct/2025:02:48:36 +0700] "GET / HTTP/1.1" 200 35366 "https://kryexthemes.com/2022/06/26/lumbir-banyumas-banjir-lagi-air-masuk-rumah-mulai-jam-1530-sore.html" "Mozilla/5.0 (Windows NT 10.0; Win64; x64) AppleWebKit/537.36 (KHTML, like Gecko) Chrome/106.0.5249.119 Safari/537.36"
111.119.218.92 - - [30/Oct/2025:02:49:06 +0700] "GET /demo2/urun-etiketi/beat?filter_renk=mavi%2csiyah&orderby=rating HTTP/1.1" 302 208 "https://kryexthemes.com/demo2/urun-etiketi/beat?filter_renk=mavi%2csiyah&orderby=rating" "Mozilla/5.0 (Windows NT 10.0; Win64; x64) AppleWebKit/537.36 (KHTML, like Gecko) Chrome/101.0.4951.64 Safari/537.36 Edg/101.0.1210.47"
111.119.218.92 - - [30/Oct/2025:02:49:07 +0700] "GET / HTTP/1.1" 200 31185 "https://kryexthemes.com/" "Mozilla/5.0 (Windows NT 10.0; Win64; x64) AppleWebKit/537.36 (KHTML, like Gecko) Chrome/101.0.4951.64 Safari/537.36 Edg/101.0.1210.47"
104.248.152.148 - - [30/Oct/2025:02:49:28 +0700] "GET /bandar-mikitoto.webp HTTP/1.1" 200 79338 "https://kryexthemes.com" "Mozilla/5.0 (iPhone; CPU iPhone OS 17_0_1 like Mac OS X) AppleWebKit/605.1.15 (KHTML, like Gecko) Version/17.0 Mobile/15E148 Safari/604.1, Mozilla/5.0 (Macintosh; Intel Mac OS X 10_15_7) AppleWebKit/537.36 (KHTML, like Gecko) Chrome/126.0.0.0 Safari/537.36"
43.173.181.75 - - [30/Oct/2025:02:49:45 +0700] "GET /2021/11/30/ngopi-surup-kisah-syamsuddin-guru-teladan-yang-kini-jadi-plh-bupati-banjarnegara.html HTTP/1.1" 302 208 "http://www.jatengkota.com/2021/11/30/ngopi-surup-kisah-syamsuddin-guru-teladan-yang-kini-jadi-plh-bupati-banjarnegara.html" "Mozilla/5.0 (Windows NT 6.1; Win64; x64) AppleWebKit/537.36 (KHTML, like Gecko) Chrome/126.0.6478.114 Safari/537.36"
43.173.181.75 - - [30/Oct/2025:02:49:46 +0700] "GET / HTTP/1.1" 200 35364 "https://kryexthemes.com/2021/11/30/ngopi-surup-kisah-syamsuddin-guru-teladan-yang-kini-jadi-plh-bupati-banjarnegara.html" "Mozilla/5.0 (Windows NT 6.1; Win64; x64) AppleWebKit/537.36 (KHTML, like Gecko) Chrome/126.0.6478.114 Safari/537.36"
43.173.181.131 - - [30/Oct/2025:02:49:50 +0700] "GET /cdn-cgi/rum? HTTP/1.1" 302 208 "http://www.jatengkota.com/2021/11/30/ngopi-surup-kisah-syamsuddin-guru-teladan-yang-kini-jadi-plh-bupati-banjarnegara.html" "Mozilla/5.0 (Windows NT 6.1; Win64; x64) AppleWebKit/537.36 (KHTML, like Gecko) Chrome/126.0.6478.114 Safari/537.36"
43.173.181.131 - - [30/Oct/2025:02:49:51 +0700] "GET / HTTP/1.1" 200 35364 "http://www.jatengkota.com/2021/11/30/ngopi-surup-kisah-syamsuddin-guru-teladan-yang-kini-jadi-plh-bupati-banjarnegara.html" "Mozilla/5.0 (Windows NT 6.1; Win64; x64) AppleWebKit/537.36 (KHTML, like Gecko) Chrome/126.0.6478.114 Safari/537.36"
114.119.132.58 - - [30/Oct/2025:02:49:51 +0700] "GET /w90239-whip-it-up-with-jay-cg4sUCeRAgh_672ZbOiDTg2pzTmwjf5c-m32583.html HTTP/1.1" 302 208 "-" "Mozilla/5.0 (Linux; Android 7.0;) AppleWebKit/537.36 (KHTML, like Gecko) Mobile Safari/537.36 (compatible; PetalBot;+https://webmaster.petalsearch.com/site/petalbot)"
43.134.67.104 - - [30/Oct/2025:02:49:52 +0700] "OPTIONS /cdn-cgi/rum? HTTP/1.1" 200 0 "http://www.jatengkota.com/" "Mozilla/5.0 (Windows NT 6.1; Win64; x64) AppleWebKit/537.36 (KHTML, like Gecko) Chrome/126.0.6478.114 Safari/537.36"
114.119.132.58 - - [30/Oct/2025:02:49:52 +0700] "GET / HTTP/1.1" 200 35366 "-" "Mozilla/5.0 (Linux; Android 7.0;) AppleWebKit/537.36 (KHTML, like Gecko) Mobile Safari/537.36 (compatible; PetalBot;+https://webmaster.petalsearch.com/site/petalbot)"
47.128.51.206 - - [30/Oct/2025:02:50:03 +0700] "GET /search/label/TNI%20AD HTTP/1.1" 302 208 "-" "Mozilla/5.0 (Linux; Android 5.0) AppleWebKit/537.36 (KHTML, like Gecko) Mobile Safari/537.36 (compatible; Bytespider; spider-feedback@bytedance.com)"
47.128.51.206 - - [30/Oct/2025:02:50:04 +0700] "GET / HTTP/1.1" 200 31184 "-" "Mozilla/5.0 (Linux; Android 5.0) AppleWebKit/537.36 (KHTML, like Gecko) Mobile Safari/537.36 (compatible; Bytespider; spider-feedback@bytedance.com)"
111.119.234.168 - - [30/Oct/2025:02:50:09 +0700] "GET / HTTP/1.1" 200 31185 "-" "Mozilla/5.0 (iPhone; CPU iPhone OS 16_0 like Mac OS X) AppleWebKit/605.1.15 (KHTML, like Gecko) Version/18.0 Mobile/15E148 Safari/604.1"
114.119.129.179 - - [30/Oct/2025:02:51:15 +0700] "GET /voax/wp-content/uploads/sites/26/2019/10/product-524-300x400.jpg HTTP/1.1" 302 208 "https://kryexthemes.com/voax/urun-kategori/desert-boot/dress-shoe/?filter_agirlik=12-kg" "Mozilla/5.0 (Linux; Android 7.0;) AppleWebKit/537.36 (KHTML, like Gecko) Mobile Safari/537.36 (compatible; PetalBot;+https://webmaster.petalsearch.com/site/petalbot)"
114.119.129.179 - - [30/Oct/2025:02:51:16 +0700] "GET / HTTP/1.1" 200 35366 "https://kryexthemes.com/voax/urun-kategori/desert-boot/dress-shoe/?filter_agirlik=12-kg" "Mozilla/5.0 (Linux; Android 7.0;) AppleWebKit/537.36 (KHTML, like Gecko) Mobile Safari/537.36 (compatible; PetalBot;+https://webmaster.petalsearch.com/site/petalbot)"
5.255.231.249 - - [30/Oct/2025:02:51:26 +0700] "GET /robots.txt HTTP/1.1" 200 71 "-" "Mozilla/5.0 (compatible; YandexBot/3.0; +http://yandex.com/bots)"
52.167.144.166 - - [30/Oct/2025:02:51:53 +0700] "GET /gtech/tag/yapay-siniri-aglari/ HTTP/1.1" 302 208 "-" "Mozilla/5.0 AppleWebKit/537.36 (KHTML, like Gecko; compatible; bingbot/2.0; +http://www.bing.com/bingbot.htm) Chrome/116.0.1938.76 Safari/537.36"
87.250.224.27 - - [30/Oct/2025:02:52:00 +0700] "GET /2022/02/17/tukang-becak-di-tuban-meringkuk-di-penjara-setelah-cabuli-4-wanita.html HTTP/1.1" 302 208 "-" "Mozilla/5.0 (compatible; YandexBot/3.0; +http://yandex.com/bots)"
87.250.224.3 - - [30/Oct/2025:02:52:01 +0700] "GET / HTTP/1.1" 200 35366 "-" "Mozilla/5.0 (compatible; YandexBot/3.0; +http://yandex.com/bots)"
45.89.70.30 - - [30/Oct/2025:02:52:36 +0700] "GET / HTTP/1.0" 200 223272 "https://kryexthemes.com/" "Mozilla/5.0 (Windows NT 10.0; Win64; x64) AppleWebKit/537.36 (KHTML, like Gecko) Chrome/129.0.0.0 Safari/537.36"
45.89.70.30 - - [30/Oct/2025:02:52:37 +0700] "GET / HTTP/1.0" 200 223272 "https://kryexthemes.com/" "Mozilla/5.0 (Windows NT 10.0; Win64; x64) AppleWebKit/537.36 (KHTML, like Gecko) Chrome/129.0.0.0 Safari/537.36"
114.119.156.33 - - [30/Oct/2025:02:52:37 +0700] "GET /voax/urun-kategori/sandal?filter_renk=mavi,yesil&orderby=price HTTP/1.1" 302 208 "https://kryexthemes.com/voax/urun-kategori/sandal/?filter_renk=mavi%2Cyesil&orderby=popularity" "Mozilla/5.0 (Linux; Android 7.0;) AppleWebKit/537.36 (KHTML, like Gecko) Mobile Safari/537.36 (compatible; PetalBot;+https://webmaster.petalsearch.com/site/petalbot)"
114.119.156.33 - - [30/Oct/2025:02:52:38 +0700] "GET / HTTP/1.1" 200 35366 "https://kryexthemes.com/voax/urun-kategori/sandal/?filter_renk=mavi%2Cyesil&orderby=popularity" "Mozilla/5.0 (Linux; Android 7.0;) AppleWebKit/537.36 (KHTML, like Gecko) Mobile Safari/537.36 (compatible; PetalBot;+https://webmaster.petalsearch.com/site/petalbot)"
176.37.78.37 - - [30/Oct/2025:02:52:54 +0700] "GET / HTTP/1.0" 200 223272 "https://kryexthemes.com/" "Mozilla/5.0 (Windows NT 6.1) AppleWebKit/537.36 (KHTML, like Gecko) Chrome/103.0.0.0 Safari/537.36"
176.37.78.37 - - [30/Oct/2025:02:52:55 +0700] "GET / HTTP/1.0" 200 223272 "https://kryexthemes.com/" "Mozilla/5.0 (Windows NT 6.1) AppleWebKit/537.36 (KHTML, like Gecko) Chrome/103.0.0.0 Safari/537.36"
40.77.167.48 - - [30/Oct/2025:02:53:48 +0700] "GET /sitemaps.xml HTTP/1.1" 302 208 "-" "Mozilla/5.0 AppleWebKit/537.36 (KHTML, like Gecko; compatible; bingbot/2.0; +http://www.bing.com/bingbot.htm) Chrome/116.0.1938.76 Safari/537.36"
40.77.167.48 - - [30/Oct/2025:02:53:49 +0700] "GET / HTTP/1.1" 200 31184 "-" "Mozilla/5.0 AppleWebKit/537.36 (KHTML, like Gecko; compatible; bingbot/2.0; +http://www.bing.com/bingbot.htm) Chrome/116.0.1938.76 Safari/537.36"
69.171.231.4 - - [30/Oct/2025:02:54:01 +0700] "GET /robots.txt HTTP/1.1" 206 71 "-" "facebookexternalhit/1.1 (+http://www.facebook.com/externalhit_uatext.php)"
114.119.131.68 - - [30/Oct/2025:02:54:01 +0700] "GET /voax/urun-kategori/fashion-boot?orderby=rating&filter_renk=yesil HTTP/1.1" 302 208 "https://kryexthemes.com/voax/urun-kategori/fashion-boot/?orderby=rating&filter_renk=turuncu%2Cyesil&=l%2Cm%2Cs%2Cxl" "Mozilla/5.0 (Linux; Android 7.0;) AppleWebKit/537.36 (KHTML, like Gecko) Mobile Safari/537.36 (compatible; PetalBot;+https://webmaster.petalsearch.com/site/petalbot)"
114.119.131.68 - - [30/Oct/2025:02:54:02 +0700] "GET / HTTP/1.1" 200 35366 "https://kryexthemes.com/voax/urun-kategori/fashion-boot/?orderby=rating&filter_renk=turuncu%2Cyesil&=l%2Cm%2Cs%2Cxl" "Mozilla/5.0 (Linux; Android 7.0;) AppleWebKit/537.36 (KHTML, like Gecko) Mobile Safari/537.36 (compatible; PetalBot;+https://webmaster.petalsearch.com/site/petalbot)"
114.119.130.116 - - [30/Oct/2025:02:55:25 +0700] "GET /voax/urun-kategori/fashion-boot?orderby=rating&=s,xl&filter_renk=mavi HTTP/1.1" 302 208 "https://kryexthemes.com/voax/urun-kategori/fashion-boot/?orderby=rating&filter_beden=s%2Cxl&filter_renk=kirmizi%2Cmavi" "Mozilla/5.0 (Linux; Android 7.0;) AppleWebKit/537.36 (KHTML, like Gecko) Mobile Safari/537.36 (compatible; PetalBot;+https://webmaster.petalsearch.com/site/petalbot)"
114.119.130.116 - - [30/Oct/2025:02:55:26 +0700] "GET / HTTP/1.1" 200 35366 "https://kryexthemes.com/voax/urun-kategori/fashion-boot/?orderby=rating&filter_beden=s%2Cxl&filter_renk=kirmizi%2Cmavi" "Mozilla/5.0 (Linux; Android 7.0;) AppleWebKit/537.36 (KHTML, like Gecko) Mobile Safari/537.36 (compatible; PetalBot;+https://webmaster.petalsearch.com/site/petalbot)"
114.119.133.208 - - [30/Oct/2025:02:56:50 +0700] "GET /voax/urun-kategori/fashion-boot?orderby=rating&=mor,yesil&filter_beden=l HTTP/1.1" 302 208 "https://kryexthemes.com/voax/urun-kategori/fashion-boot/?filter_beden=l%2Cs&filter_renk=mor%2Cyesil&orderby=rating" "Mozilla/5.0 (Linux; Android 7.0;) AppleWebKit/537.36 (KHTML, like Gecko) Mobile Safari/537.36 (compatible; PetalBot;+https://webmaster.petalsearch.com/site/petalbot)"
114.119.133.208 - - [30/Oct/2025:02:56:51 +0700] "GET / HTTP/1.1" 200 35366 "https://kryexthemes.com/voax/urun-kategori/fashion-boot/?filter_beden=l%2Cs&filter_renk=mor%2Cyesil&orderby=rating" "Mozilla/5.0 (Linux; Android 7.0;) AppleWebKit/537.36 (KHTML, like Gecko) Mobile Safari/537.36 (compatible; PetalBot;+https://webmaster.petalsearch.com/site/petalbot)"
51.210.112.19 - - [30/Oct/2025:02:56:55 +0700] "GET /blog/ HTTP/1.0" 200 126148 "https://kryexthemes.com/blog/" "Mozilla/5.0 (Windows NT 10.0; Win64; x64) AppleWebKit/537.36 (KHTML, like Gecko) Chrome/131.0.0.0 Safari/537.36"
51.210.112.19 - - [30/Oct/2025:02:56:56 +0700] "GET /hhttps:/kryexthemes.com/blog/ HTTP/1.0" 302 208 "https://kryexthemes.com/hhttps:/kryexthemes.com/blog/" "Mozilla/5.0 (Windows NT 10.0; Win64; x64) AppleWebKit/537.36 (KHTML, like Gecko) Chrome/131.0.0.0 Safari/537.36"
51.210.112.19 - - [30/Oct/2025:02:56:56 +0700] "GET / HTTP/1.0" 200 223272 "https://kryexthemes.com/" "Mozilla/5.0 (Windows NT 10.0; Win64; x64) AppleWebKit/537.36 (KHTML, like Gecko) Chrome/131.0.0.0 Safari/537.36"
51.210.112.19 - - [30/Oct/2025:02:56:57 +0700] "GET / HTTP/1.0" 200 223272 "https://kryexthemes.com/" "Mozilla/5.0 (Windows NT 10.0; Win64; x64) AppleWebKit/537.36 (KHTML, like Gecko) Chrome/131.0.0.0 Safari/537.36"
51.210.112.19 - - [30/Oct/2025:02:56:58 +0700] "GET / HTTP/1.0" 200 223272 "https://kryexthemes.com/" "Mozilla/5.0 (Windows NT 10.0; Win64; x64) AppleWebKit/537.36 (KHTML, like Gecko) Chrome/131.0.0.0 Safari/537.36"
217.182.92.119 - - [30/Oct/2025:02:57:29 +0700] "GET /robots.txt HTTP/1.1" 200 71 "-" "Mozilla/5.0 (compatible; HaloBot/1.0; +bot@haloscan.com; +https://www.haloscan.com/)"
217.182.92.119 - - [30/Oct/2025:02:57:36 +0700] "GET /live-result-hasil-pengeluaran-togel-hk-hari-ini HTTP/1.1" 302 208 "-" "Mozilla/5.0 (compatible; HaloBot/1.0; +bot@haloscan.com; +https://www.haloscan.com/)"
47.128.35.163 - - [30/Oct/2025:02:57:41 +0700] "GET / HTTP/1.1" 200 31184 "-" "Mozilla/5.0 (Linux; Android 5.0) AppleWebKit/537.36 (KHTML, like Gecko) Mobile Safari/537.36 (compatible; Bytespider; spider-feedback@bytedance.com)"
114.119.156.33 - - [30/Oct/2025:02:58:11 +0700] "GET /voax/urun-kategori/fashion-boot?orderby=rating&=l,s&filter_renk=mavi,yesil HTTP/1.1" 302 208 "https://kryexthemes.com/voax/urun-kategori/fashion-boot/?orderby=rating&filter_beden=l%2Cs&filter_renk=mavi%2Cturuncu%2Cyesil" "Mozilla/5.0 (Linux; Android 7.0;) AppleWebKit/537.36 (KHTML, like Gecko) Mobile Safari/537.36 (compatible; PetalBot;+https://webmaster.petalsearch.com/site/petalbot)"
114.119.156.33 - - [30/Oct/2025:02:58:12 +0700] "GET / HTTP/1.1" 200 35366 "https://kryexthemes.com/voax/urun-kategori/fashion-boot/?orderby=rating&filter_beden=l%2Cs&filter_renk=mavi%2Cturuncu%2Cyesil" "Mozilla/5.0 (Linux; Android 7.0;) AppleWebKit/537.36 (KHTML, like Gecko) Mobile Safari/537.36 (compatible; PetalBot;+https://webmaster.petalsearch.com/site/petalbot)"
31.204.1.119 - - [30/Oct/2025:02:59:10 +0700] "GET /wp-content/uploads/aHR0cHM6Ly9jZG4tMi50c3RhdGljLm5ldC90cmlidW5uZXdzL2ZvdG8vYmFuay9pbWFnZXMvbWVudGVyaS1wZXJ0YWhhbmFuLXByYWJvd28tc3ViaWFudG8tZ3ViZXJudXItZGtpLWpha2FydGFsLmpwZw.jpg HTTP/1.1" 302 208 "-" "Mozilla/5.0 (Windows NT 10.0; Win64; x64) AppleWebKit/537.36 (KHTML, like Gecko) Chrome/123.0.0.0 Safari/537.36 Edg/123.0.0.0"
31.204.1.119 - - [30/Oct/2025:02:59:11 +0700] "GET / HTTP/1.1" 200 223325 "-" "Mozilla/5.0 (Windows NT 10.0; Win64; x64) AppleWebKit/537.36 (KHTML, like Gecko) Chrome/123.0.0.0 Safari/537.36 Edg/123.0.0.0"
114.119.130.116 - - [30/Oct/2025:02:59:35 +0700] "GET /voax/urun-kategori/fashion-boot?orderby=price-desc&filter_renk=kirmizi,turuncu HTTP/1.1" 302 208 "https://kryexthemes.com/voax/urun-kategori/fashion-boot/?orderby=price-desc&filter_renk=kirmizi&=m" "Mozilla/5.0 (Linux; Android 7.0;) AppleWebKit/537.36 (KHTML, like Gecko) Mobile Safari/537.36 (compatible; PetalBot;+https://webmaster.petalsearch.com/site/petalbot)"
114.119.130.116 - - [30/Oct/2025:02:59:36 +0700] "GET / HTTP/1.1" 200 35366 "https://kryexthemes.com/voax/urun-kategori/fashion-boot/?orderby=price-desc&filter_renk=kirmizi&=m" "Mozilla/5.0 (Linux; Android 7.0;) AppleWebKit/537.36 (KHTML, like Gecko) Mobile Safari/537.36 (compatible; PetalBot;+https://webmaster.petalsearch.com/site/petalbot)"
20.171.207.101 - - [30/Oct/2025:02:59:56 +0700] "GET /birthday1.php HTTP/1.1" 404 31 "-" "Mozilla/5.0 AppleWebKit/537.36 (KHTML, like Gecko; compatible; GPTBot/1.2; +https://openai.com/gptbot)"
114.119.130.116 - - [30/Oct/2025:03:00:59 +0700] "GET /voax/urun-kategori/fashion-boot?orderby=price-desc&=kirmizi,mor,turuncu,yesil HTTP/1.1" 302 208 "https://kryexthemes.com/voax/urun-kategori/fashion-boot/?filter_renk=kirmizi%2Cmor%2Cturuncu&filter_beden=m%2Cs&orderby=price-desc" "Mozilla/5.0 (Linux; Android 7.0;) AppleWebKit/537.36 (KHTML, like Gecko) Mobile Safari/537.36 (compatible; PetalBot;+https://webmaster.petalsearch.com/site/petalbot)"
114.119.130.116 - - [30/Oct/2025:03:00:59 +0700] "GET / HTTP/1.1" 200 35366 "https://kryexthemes.com/voax/urun-kategori/fashion-boot/?filter_renk=kirmizi%2Cmor%2Cturuncu&filter_beden=m%2Cs&orderby=price-desc" "Mozilla/5.0 (Linux; Android 7.0;) AppleWebKit/537.36 (KHTML, like Gecko) Mobile Safari/537.36 (compatible; PetalBot;+https://webmaster.petalsearch.com/site/petalbot)"
47.128.19.177 - - [30/Oct/2025:03:01:41 +0700] "GET /search/label/TNI%20AD HTTP/1.1" 302 208 "-" "Mozilla/5.0 (Linux; Android 5.0) AppleWebKit/537.36 (KHTML, like Gecko) Mobile Safari/537.36 (compatible; Bytespider; spider-feedback@bytedance.com)"
47.128.19.177 - - [30/Oct/2025:03:01:41 +0700] "GET / HTTP/1.1" 200 31184 "-" "Mozilla/5.0 (Linux; Android 5.0) AppleWebKit/537.36 (KHTML, like Gecko) Mobile Safari/537.36 (compatible; Bytespider; spider-feedback@bytedance.com)"
180.101.81.152 - - [30/Oct/2025:03:02:11 +0700] "HEAD /web.7z HTTP/1.1" 302 0 "-" "python-requests/2.27.1"
140.213.169.198 - - [30/Oct/2025:03:02:13 +0700] "GET / HTTP/1.1" 200 31184 "https://www.google.com/" "Mozilla/5.0 (Linux; Android 10; K) AppleWebKit/537.36 (KHTML, like Gecko) Chrome/141.0.0.0 Mobile Safari/537.36"
140.213.169.198 - - [30/Oct/2025:03:02:13 +0700] "GET / HTTP/1.1" 200 31184 "https://www.google.com/" "Mozilla/5.0 (Linux; Android 10; K) AppleWebKit/537.36 (KHTML, like Gecko) Chrome/141.0.0.0 Mobile Safari/537.36"
140.213.169.198 - - [30/Oct/2025:03:02:14 +0700] "GET /bandar-mikitoto.webp HTTP/1.1" 200 79338 "https://kryexthemes.com/" "Mozilla/5.0 (Linux; Android 10; K) AppleWebKit/537.36 (KHTML, like Gecko) Chrome/141.0.0.0 Mobile Safari/537.36"
140.213.169.198 - - [30/Oct/2025:03:02:15 +0700] "POST /cdn-cgi/rum? HTTP/1.1" 302 208 "https://kryexthemes.com/" "Mozilla/5.0 (Linux; Android 10; K) AppleWebKit/537.36 (KHTML, like Gecko) Chrome/141.0.0.0 Mobile Safari/537.36"
140.213.161.195 - - [30/Oct/2025:03:02:16 +0700] "GET / HTTP/1.1" 200 31184 "https://www.google.com/" "Mozilla/5.0 (Linux; Android 10; K) AppleWebKit/537.36 (KHTML, like Gecko) Chrome/141.0.0.0 Mobile Safari/537.36"
140.213.161.195 - - [30/Oct/2025:03:02:18 +0700] "POST /cdn-cgi/rum? HTTP/1.1" 302 208 "https://kryexthemes.com/" "Mozilla/5.0 (Linux; Android 10; K) AppleWebKit/537.36 (KHTML, like Gecko) Chrome/141.0.0.0 Mobile Safari/537.36"
140.213.161.195 - - [30/Oct/2025:03:02:18 +0700] "GET / HTTP/1.1" 200 31184 "https://kryexthemes.com/" "Mozilla/5.0 (Linux; Android 10; K) AppleWebKit/537.36 (KHTML, like Gecko) Chrome/141.0.0.0 Mobile Safari/537.36"
140.213.169.198 - - [30/Oct/2025:03:02:18 +0700] "POST /cdn-cgi/rum? HTTP/1.1" 302 208 "https://kryexthemes.com/" "Mozilla/5.0 (Linux; Android 10; K) AppleWebKit/537.36 (KHTML, like Gecko) Chrome/141.0.0.0 Mobile Safari/537.36"
140.213.169.198 - - [30/Oct/2025:03:02:19 +0700] "GET / HTTP/1.1" 200 31184 "https://kryexthemes.com/" "Mozilla/5.0 (Linux; Android 10; K) AppleWebKit/537.36 (KHTML, like Gecko) Chrome/141.0.0.0 Mobile Safari/537.36"
144.124.244.65 - - [30/Oct/2025:03:02:27 +0700] "GET /blog/ HTTP/1.0" 200 126148 "https://kryexthemes.com/blog/" "Mozilla/5.0 (Windows NT 10.0; Win64; x64) AppleWebKit/537.36 (KHTML, like Gecko) Chrome/103.0.5060.66 Safari/537.36"
144.124.244.65 - - [30/Oct/2025:03:02:27 +0700] "GET /hhttps:/kryexthemes.com/blog/ HTTP/1.0" 302 208 "https://kryexthemes.com/hhttps:/kryexthemes.com/blog/" "Mozilla/5.0 (Windows NT 10.0; Win64; x64) AppleWebKit/537.36 (KHTML, like Gecko) Chrome/103.0.5060.66 Safari/537.36"
114.119.134.12 - - [30/Oct/2025:03:02:28 +0700] "GET /voax/urun-kategori/fashion-boot?orderby=price&filter_renk=yesil HTTP/1.1" 302 208 "https://kryexthemes.com/voax/urun-kategori/fashion-boot/?orderby=date&filter_renk=yesil&=xl" "Mozilla/5.0 (Linux; Android 7.0;) AppleWebKit/537.36 (KHTML, like Gecko) Mobile Safari/537.36 (compatible; PetalBot;+https://webmaster.petalsearch.com/site/petalbot)"
144.124.244.65 - - [30/Oct/2025:03:02:28 +0700] "GET / HTTP/1.0" 200 223272 "https://kryexthemes.com/" "Mozilla/5.0 (Windows NT 10.0; Win64; x64) AppleWebKit/537.36 (KHTML, like Gecko) Chrome/103.0.5060.66 Safari/537.36"
144.124.244.65 - - [30/Oct/2025:03:02:29 +0700] "GET / HTTP/1.0" 200 223272 "https://kryexthemes.com/" "Mozilla/5.0 (Windows NT 10.0; Win64; x64) AppleWebKit/537.36 (KHTML, like Gecko) Chrome/103.0.5060.66 Safari/537.36"
114.119.134.12 - - [30/Oct/2025:03:02:29 +0700] "GET / HTTP/1.1" 200 35366 "https://kryexthemes.com/voax/urun-kategori/fashion-boot/?orderby=date&filter_renk=yesil&=xl" "Mozilla/5.0 (Linux; Android 7.0;) AppleWebKit/537.36 (KHTML, like Gecko) Mobile Safari/537.36 (compatible; PetalBot;+https://webmaster.petalsearch.com/site/petalbot)"
144.124.244.65 - - [30/Oct/2025:03:02:30 +0700] "GET / HTTP/1.0" 200 223272 "https://kryexthemes.com/" "Mozilla/5.0 (Windows NT 10.0; Win64; x64) AppleWebKit/537.36 (KHTML, like Gecko) Chrome/103.0.5060.66 Safari/537.36"
158.46.223.171 - - [30/Oct/2025:03:02:34 +0700] "GET /wp-content/uploads/aHR0cHM6Ly9jZG4tMi50c3RhdGljLm5ldC9qYXRlbmcvZm90by9iYW5rL2ltYWdlcy92YWxlbnRpbm8tcm9zc2lfMjAxODA1MDRfMTI1ODAxLmpwZw.jpg HTTP/1.1" 302 208 "-" "Mozilla/5.0 (Macintosh; Intel Mac OS X 10_15_7) AppleWebKit/537.36 (KHTML, like Gecko) Chrome/122.0.0.0 Safari/537.36"
158.46.223.171 - - [30/Oct/2025:03:02:34 +0700] "GET / HTTP/1.1" 200 223325 "-" "Mozilla/5.0 (Macintosh; Intel Mac OS X 10_15_7) AppleWebKit/537.36 (KHTML, like Gecko) Chrome/122.0.0.0 Safari/537.36"
64.233.173.36 - - [30/Oct/2025:03:02:37 +0700] "GET /wp-content/uploads/aHR0cHM6Ly9jZG4tMi50c3RhdGljLm5ldC90cmlidW5uZXdzL2ZvdG8vYmFuay9pbWFnZXMvYWxleGlzLXNhbmNoZXotZGFuLWxhdXRhcm8tbWFydGluZXouanBn.jpg HTTP/1.1" 302 208 "-" "Mozilla/5.0 (Windows NT 5.1; rv:11.0) Gecko Firefox/11.0 (via ggpht.com GoogleImageProxy)"
64.233.173.37 - - [30/Oct/2025:03:02:38 +0700] "GET / HTTP/1.1" 200 31184 "-" "Mozilla/5.0 (Windows NT 5.1; rv:11.0) Gecko Firefox/11.0 (via ggpht.com GoogleImageProxy)"
103.150.33.205 - - [30/Oct/2025:03:02:38 +0700] "POST /cdn-cgi/rum? HTTP/1.1" 302 208 "https://kryexthemes.com/" "Mozilla/5.0 (Linux; Android 10; K) AppleWebKit/537.36 (KHTML, like Gecko) Chrome/141.0.0.0 Mobile Safari/537.36"
103.150.33.205 - - [30/Oct/2025:03:02:43 +0700] "POST /cdn-cgi/rum? HTTP/1.1" 302 208 "https://kryexthemes.com/" "Mozilla/5.0 (Linux; Android 10; K) AppleWebKit/537.36 (KHTML, like Gecko) Chrome/141.0.0.0 Mobile Safari/537.36"
103.150.33.205 - - [30/Oct/2025:03:02:43 +0700] "GET / HTTP/1.1" 200 31184 "https://kryexthemes.com/" "Mozilla/5.0 (Linux; Android 10; K) AppleWebKit/537.36 (KHTML, like Gecko) Chrome/141.0.0.0 Mobile Safari/537.36"
114.119.132.58 - - [30/Oct/2025:03:03:46 +0700] "GET /voax/urun-kategori/fashion-boot?orderby=price&filter_renk=mor,turuncu,yesil&=l,xl HTTP/1.1" 302 208 "https://kryexthemes.com/voax/urun-kategori/fashion-boot/?orderby=price&filter_renk=mor%2Cturuncu%2Cyesil&filter_beden=l" "Mozilla/5.0 (Linux; Android 7.0;) AppleWebKit/537.36 (KHTML, like Gecko) Mobile Safari/537.36 (compatible; PetalBot;+https://webmaster.petalsearch.com/site/petalbot)"
114.119.132.58 - - [30/Oct/2025:03:03:47 +0700] "GET / HTTP/1.1" 200 35366 "https://kryexthemes.com/voax/urun-kategori/fashion-boot/?orderby=price&filter_renk=mor%2Cturuncu%2Cyesil&filter_beden=l" "Mozilla/5.0 (Linux; Android 7.0;) AppleWebKit/537.36 (KHTML, like Gecko) Mobile Safari/537.36 (compatible; PetalBot;+https://webmaster.petalsearch.com/site/petalbot)"
185.129.62.64 - - [30/Oct/2025:03:04:23 +0700] "GET /blog HTTP/1.1" 301 237 "https://kryexthemes.com/blog" "Mozilla/5.0 (Linux; Android 7.1.1; CPH1723) AppleWebKit/537.36 (KHTML, like Gecko) Chrome/81.0.4044.138 Mobile Safari/537.36"
185.129.62.64 - - [30/Oct/2025:03:04:23 +0700] "GET /blog/ HTTP/1.1" 200 126185 "https://kryexthemes.com/blog" "Mozilla/5.0 (Linux; Android 7.1.1; CPH1723) AppleWebKit/537.36 (KHTML, like Gecko) Chrome/81.0.4044.138 Mobile Safari/537.36"
114.119.129.179 - - [30/Oct/2025:03:05:10 +0700] "GET /w90239-canacana-family-cg4sUCPrjycK4eiQhUw2PnVIq7Ggjf5c-m32583.html HTTP/1.1" 302 208 "-" "Mozilla/5.0 (Linux; Android 7.0;) AppleWebKit/537.36 (KHTML, like Gecko) Mobile Safari/537.36 (compatible; PetalBot;+https://webmaster.petalsearch.com/site/petalbot)"
114.119.129.179 - - [30/Oct/2025:03:05:10 +0700] "GET / HTTP/1.1" 200 35366 "-" "Mozilla/5.0 (Linux; Android 7.0;) AppleWebKit/537.36 (KHTML, like Gecko) Mobile Safari/537.36 (compatible; PetalBot;+https://webmaster.petalsearch.com/site/petalbot)"
185.39.19.43 - - [30/Oct/2025:03:06:16 +0700] "GET / HTTP/1.0" 200 223272 "https://kryexthemes.com/" "Mozilla/5.0 (Windows NT 10.0; Win64; x64) AppleWebKit/537.36 (KHTML, like Gecko) Chrome/131.0.0.0 Safari/537.36"
114.119.130.116 - - [30/Oct/2025:03:06:34 +0700] "GET /voax/urun-kategori/fashion-boot?orderby=price-desc&filter_renk=kirmizi,turuncu,yesil&=m,xl HTTP/1.1" 302 208 "-" "Mozilla/5.0 (Linux; Android 7.0;) AppleWebKit/537.36 (KHTML, like Gecko) Mobile Safari/537.36 (compatible; PetalBot;+https://webmaster.petalsearch.com/site/petalbot)"
114.119.130.116 - - [30/Oct/2025:03:06:35 +0700] "GET / HTTP/1.1" 200 35366 "-" "Mozilla/5.0 (Linux; Android 7.0;) AppleWebKit/537.36 (KHTML, like Gecko) Mobile Safari/537.36 (compatible; PetalBot;+https://webmaster.petalsearch.com/site/petalbot)"
114.119.133.208 - - [30/Oct/2025:03:07:57 +0700] "GET /voax/urun-kategori/fashion-boot?orderby=price-desc&filter_renk=kirmizi,mor,yesil&=l,xl HTTP/1.1" 302 208 "https://kryexthemes.com/voax/urun-kategori/fashion-boot/?orderby=price-desc&filter_beden=xl&filter_renk=kirmizi%2Cmor%2Cyesil" "Mozilla/5.0 (Linux; Android 7.0;) AppleWebKit/537.36 (KHTML, like Gecko) Mobile Safari/537.36 (compatible; PetalBot;+https://webmaster.petalsearch.com/site/petalbot)"
114.119.133.208 - - [30/Oct/2025:03:07:58 +0700] "GET / HTTP/1.1" 200 35366 "https://kryexthemes.com/voax/urun-kategori/fashion-boot/?orderby=price-desc&filter_beden=xl&filter_renk=kirmizi%2Cmor%2Cyesil" "Mozilla/5.0 (Linux; Android 7.0;) AppleWebKit/537.36 (KHTML, like Gecko) Mobile Safari/537.36 (compatible; PetalBot;+https://webmaster.petalsearch.com/site/petalbot)"
78.174.211.158 - - [30/Oct/2025:03:08:10 +0700] "GET /voax/wp-content/uploads/sites/26/2021/03/hizli-teslimat.png HTTP/1.1" 302 208 "-" "Mozilla/5.0 (Linux; Android 10; K) AppleWebKit/537.36 (KHTML, like Gecko) Chrome/141.0.0.0 Mobile Safari/537.36"
78.174.211.158 - - [30/Oct/2025:03:08:10 +0700] "GET /voax/wp-content/uploads/sites/26/2021/03/kapida-odeme.png HTTP/1.1" 302 208 "-" "Mozilla/5.0 (Linux; Android 10; K) AppleWebKit/537.36 (KHTML, like Gecko) Chrome/141.0.0.0 Mobile Safari/537.36"
78.174.211.158 - - [30/Oct/2025:03:08:10 +0700] "GET / HTTP/1.1" 200 31184 "-" "Mozilla/5.0 (Linux; Android 10; K) AppleWebKit/537.36 (KHTML, like Gecko) Chrome/141.0.0.0 Mobile Safari/537.36"
78.174.211.158 - - [30/Oct/2025:03:08:11 +0700] "GET / HTTP/1.1" 200 31184 "-" "Mozilla/5.0 (Linux; Android 10; K) AppleWebKit/537.36 (KHTML, like Gecko) Chrome/141.0.0.0 Mobile Safari/537.36"
78.174.211.158 - - [30/Oct/2025:03:08:12 +0700] "GET /voax/wp-content/uploads/sites/26/2021/03/guvenli-alisveris.png HTTP/1.1" 302 208 "-" "Mozilla/5.0 (Linux; Android 10; K) AppleWebKit/537.36 (KHTML, like Gecko) Chrome/141.0.0.0 Mobile Safari/537.36"
78.174.211.158 - - [30/Oct/2025:03:08:12 +0700] "GET /voax/wp-content/uploads/sites/26/2021/03/musteri-hizmetleri.png HTTP/1.1" 302 208 "-" "Mozilla/5.0 (Linux; Android 10; K) AppleWebKit/537.36 (KHTML, like Gecko) Chrome/141.0.0.0 Mobile Safari/537.36"
78.174.211.158 - - [30/Oct/2025:03:08:12 +0700] "GET / HTTP/1.1" 200 31184 "-" "Mozilla/5.0 (Linux; Android 10; K) AppleWebKit/537.36 (KHTML, like Gecko) Chrome/141.0.0.0 Mobile Safari/537.36"
78.174.211.158 - - [30/Oct/2025:03:08:13 +0700] "GET / HTTP/1.1" 200 31184 "-" "Mozilla/5.0 (Linux; Android 10; K) AppleWebKit/537.36 (KHTML, like Gecko) Chrome/141.0.0.0 Mobile Safari/537.36"
47.128.17.72 - - [30/Oct/2025:03:08:17 +0700] "GET / HTTP/1.1" 200 31184 "-" "Mozilla/5.0 (Linux; Android 5.0) AppleWebKit/537.36 (KHTML, like Gecko) Mobile Safari/537.36 (compatible; Bytespider; spider-feedback@bytedance.com)"
194.61.40.65 - - [30/Oct/2025:03:09:23 +0700] "GET / HTTP/1.1" 200 35366 "http://jatengkota.com/" "Go-http-client/1.1"
194.61.40.65 - - [30/Oct/2025:03:09:24 +0700] "GET /wp-includes/css/buttons.css HTTP/1.1" 302 208 "http://jatengkota.com/wp-includes/css/buttons.css" "Go-http-client/1.1"
194.61.40.65 - - [30/Oct/2025:03:09:24 +0700] "GET / HTTP/1.1" 200 35366 "https://kryexthemes.com/wp-includes/css/buttons.css" "Go-http-client/1.1"
114.119.130.116 - - [30/Oct/2025:03:09:24 +0700] "GET /voax/urun-kategori/fashion-boot?orderby=price-desc&filter_beden=xl&=yesil HTTP/1.1" 302 208 "https://kryexthemes.com/voax/urun-kategori/fashion-boot/?orderby=price-desc&filter_renk=mor%2Cyesil&filter_beden=xl" "Mozilla/5.0 (Linux; Android 7.0;) AppleWebKit/537.36 (KHTML, like Gecko) Mobile Safari/537.36 (compatible; PetalBot;+https://webmaster.petalsearch.com/site/petalbot)"
194.61.40.65 - - [30/Oct/2025:03:09:25 +0700] "GET /media/system/js/core.js HTTP/1.1" 302 208 "http://jatengkota.com/media/system/js/core.js" "Go-http-client/1.1"
194.61.40.65 - - [30/Oct/2025:03:09:25 +0700] "GET / HTTP/1.1" 200 35366 "https://kryexthemes.com/media/system/js/core.js" "Go-http-client/1.1"
114.119.130.116 - - [30/Oct/2025:03:09:25 +0700] "GET / HTTP/1.1" 200 35366 "https://kryexthemes.com/voax/urun-kategori/fashion-boot/?orderby=price-desc&filter_renk=mor%2Cyesil&filter_beden=xl" "Mozilla/5.0 (Linux; Android 7.0;) AppleWebKit/537.36 (KHTML, like Gecko) Mobile Safari/537.36 (compatible; PetalBot;+https://webmaster.petalsearch.com/site/petalbot)"
114.119.129.179 - - [30/Oct/2025:03:10:45 +0700] "GET /voax/urun-kategori/fashion-boot?orderby=price&filter_beden=l,m,xl&=yesil HTTP/1.1" 302 208 "https://kryexthemes.com/voax/urun-kategori/fashion-boot/?orderby=price&=mavi&filter_beden=l%2Cm%2Cxl" "Mozilla/5.0 (Linux; Android 7.0;) AppleWebKit/537.36 (KHTML, like Gecko) Mobile Safari/537.36 (compatible; PetalBot;+https://webmaster.petalsearch.com/site/petalbot)"
114.119.129.179 - - [30/Oct/2025:03:10:47 +0700] "GET / HTTP/1.1" 200 35366 "https://kryexthemes.com/voax/urun-kategori/fashion-boot/?orderby=price&=mavi&filter_beden=l%2Cm%2Cxl" "Mozilla/5.0 (Linux; Android 7.0;) AppleWebKit/537.36 (KHTML, like Gecko) Mobile Safari/537.36 (compatible; PetalBot;+https://webmaster.petalsearch.com/site/petalbot)"
85.158.184.216 - - [30/Oct/2025:03:10:54 +0700] "GET /wp-content/plugins/WordPressCore/include.php HTTP/1.1" 302 208 "-" "Mozilla/5.0 (Macintosh; Intel Mac OS X 10_15_7) AppleWebKit/605.1.15 (KHTML, like Gecko) Version/18.3 Safari/605.1.15"
85.158.184.216 - - [30/Oct/2025:03:10:55 +0700] "GET / HTTP/1.1" 200 223333 "-" "Mozilla/5.0 (Macintosh; Intel Mac OS X 10_15_7) AppleWebKit/605.1.15 (KHTML, like Gecko) Version/18.3 Safari/605.1.15"
114.119.156.33 - - [30/Oct/2025:03:12:07 +0700] "GET /voax/urun-kategori/fashion-boot?orderby=price&filter_beden=l,m,xl HTTP/1.1" 302 208 "https://kryexthemes.com/voax/urun-kategori/fashion-boot/?orderby=price&filter_renk=yesil&filter_beden=l%2Cm%2Cxl" "Mozilla/5.0 (Linux; Android 7.0;) AppleWebKit/537.36 (KHTML, like Gecko) Mobile Safari/537.36 (compatible; PetalBot;+https://webmaster.petalsearch.com/site/petalbot)"
114.119.156.33 - - [30/Oct/2025:03:12:08 +0700] "GET / HTTP/1.1" 200 35366 "https://kryexthemes.com/voax/urun-kategori/fashion-boot/?orderby=price&filter_renk=yesil&filter_beden=l%2Cm%2Cxl" "Mozilla/5.0 (Linux; Android 7.0;) AppleWebKit/537.36 (KHTML, like Gecko) Mobile Safari/537.36 (compatible; PetalBot;+https://webmaster.petalsearch.com/site/petalbot)"
47.128.96.68 - - [30/Oct/2025:03:12:18 +0700] "GET /search/label/TNI%20AD HTTP/1.1" 302 208 "-" "Mozilla/5.0 (Linux; Android 5.0) AppleWebKit/537.36 (KHTML, like Gecko) Mobile Safari/537.36 (compatible; Bytespider; spider-feedback@bytedance.com)"
47.128.96.68 - - [30/Oct/2025:03:12:18 +0700] "GET / HTTP/1.1" 200 31184 "-" "Mozilla/5.0 (Linux; Android 5.0) AppleWebKit/537.36 (KHTML, like Gecko) Mobile Safari/537.36 (compatible; Bytespider; spider-feedback@bytedance.com)"
114.119.130.116 - - [30/Oct/2025:03:13:31 +0700] "GET /voax/urun-kategori/fashion-boot?orderby=price&=mavi,turuncu,yesil HTTP/1.1" 302 208 "https://kryexthemes.com/voax/urun-kategori/fashion-boot/?orderby=price&filter_renk=mavi%2Cturuncu%2Cyesil&filter_beden=s" "Mozilla/5.0 (Linux; Android 7.0;) AppleWebKit/537.36 (KHTML, like Gecko) Mobile Safari/537.36 (compatible; PetalBot;+https://webmaster.petalsearch.com/site/petalbot)"
114.119.130.116 - - [30/Oct/2025:03:13:32 +0700] "GET / HTTP/1.1" 200 35366 "https://kryexthemes.com/voax/urun-kategori/fashion-boot/?orderby=price&filter_renk=mavi%2Cturuncu%2Cyesil&filter_beden=s" "Mozilla/5.0 (Linux; Android 7.0;) AppleWebKit/537.36 (KHTML, like Gecko) Mobile Safari/537.36 (compatible; PetalBot;+https://webmaster.petalsearch.com/site/petalbot)"
34.174.251.232 - - [30/Oct/2025:03:13:34 +0700] "GET /wp-content/uploads/aHR0cHM6Ly9jZG4tMi50c3RhdGljLm5ldC9qYXRlbmcvZm90by9iYW5rL2ltYWdlcy9kaXNrdXNpLXZpcnR1YWwtcGVyYW4tYXlhaC5qcGc.jpg HTTP/1.1" 302 208 "-" "Mozilla/5.0 (X11; Linux x86_64) AppleWebKit/537.36 (KHTML, like Gecko) Chrome/121.0.0.0 Safari/537.36"
34.174.251.232 - - [30/Oct/2025:03:13:34 +0700] "GET / HTTP/1.1" 200 223325 "-" "Mozilla/5.0 (X11; Linux x86_64) AppleWebKit/537.36 (KHTML, like Gecko) Chrome/121.0.0.0 Safari/537.36"
54.39.0.38 - - [30/Oct/2025:03:13:49 +0700] "GET /sitemap.xml HTTP/1.1" 200 264 "-" "Mozilla/5.0 (compatible; AhrefsBot/7.0; +http://ahrefs.com/robot/)"
202.67.45.9 - - [30/Oct/2025:03:14:14 +0700] "GET /bandar-mikitoto.webp HTTP/1.1" 200 79338 "https://www.google.com/" "Mozilla/5.0 (Linux; Android 10; K) AppleWebKit/537.36 (KHTML, like Gecko) Chrome/138.0.0.0 Mobile Safari/537.36"
202.67.45.9 - - [30/Oct/2025:03:14:14 +0700] "GET / HTTP/1.1" 200 31184 "https://www.google.com/" "Mozilla/5.0 (Linux; Android 10; K) AppleWebKit/537.36 (KHTML, like Gecko) Chrome/138.0.0.0 Mobile Safari/537.36"
202.67.45.9 - - [30/Oct/2025:03:14:15 +0700] "GET /bandar-mikitoto.webp HTTP/1.1" 304 0 "https://kryexthemes.com/" "Mozilla/5.0 (Linux; Android 10; K) AppleWebKit/537.36 (KHTML, like Gecko) Chrome/138.0.0.0 Mobile Safari/537.36"
202.67.45.9 - - [30/Oct/2025:03:14:17 +0700] "POST /cdn-cgi/rum? HTTP/1.1" 302 208 "https://kryexthemes.com/" "Mozilla/5.0 (Linux; Android 10; K) AppleWebKit/537.36 (KHTML, like Gecko) Chrome/138.0.0.0 Mobile Safari/537.36"
202.67.45.9 - - [30/Oct/2025:03:14:18 +0700] "GET / HTTP/1.1" 200 31184 "https://kryexthemes.com/" "Mozilla/5.0 (Linux; Android 10; K) AppleWebKit/537.36 (KHTML, like Gecko) Chrome/138.0.0.0 Mobile Safari/537.36"
202.67.45.9 - - [30/Oct/2025:03:14:19 +0700] "POST /cdn-cgi/rum? HTTP/1.1" 302 208 "https://kryexthemes.com/" "Mozilla/5.0 (Linux; Android 10; K) AppleWebKit/537.36 (KHTML, like Gecko) Chrome/138.0.0.0 Mobile Safari/537.36"
202.67.45.9 - - [30/Oct/2025:03:14:19 +0700] "GET / HTTP/1.1" 200 31184 "https://kryexthemes.com/" "Mozilla/5.0 (Linux; Android 10; K) AppleWebKit/537.36 (KHTML, like Gecko) Chrome/138.0.0.0 Mobile Safari/537.36"
114.119.132.108 - - [30/Oct/2025:03:14:55 +0700] "GET /voax/urun-kategori/fashion-boot?orderby=popularity&filter_beden=m,s,xl&filter_renk=kirmizi,mavi,mor,yesil HTTP/1.1" 302 208 "https://kryexthemes.com/voax/urun-kategori/fashion-boot/?orderby=popularity&filter_beden=m%2Cs%2Cxl&filter_renk=kirmizi%2Cmavi%2Cyesil" "Mozilla/5.0 (Linux; Android 7.0;) AppleWebKit/537.36 (KHTML, like Gecko) Mobile Safari/537.36 (compatible; PetalBot;+https://webmaster.petalsearch.com/site/petalbot)"
114.119.132.108 - - [30/Oct/2025:03:14:56 +0700] "GET / HTTP/1.1" 200 35366 "https://kryexthemes.com/voax/urun-kategori/fashion-boot/?orderby=popularity&filter_beden=m%2Cs%2Cxl&filter_renk=kirmizi%2Cmavi%2Cyesil" "Mozilla/5.0 (Linux; Android 7.0;) AppleWebKit/537.36 (KHTML, like Gecko) Mobile Safari/537.36 (compatible; PetalBot;+https://webmaster.petalsearch.com/site/petalbot)"
88.229.183.122 - - [30/Oct/2025:03:15:12 +0700] "GET /voax/wp-content/uploads/sites/26/2021/03/hizli-teslimat.png HTTP/1.1" 302 208 "-" "Mozilla/5.0 (iPhone; CPU iPhone OS 26_0_1 like Mac OS X) AppleWebKit/605.1.15 (KHTML, like Gecko) CriOS/141.0.7390.96 Mobile/15E148 Safari/604.1"
88.229.183.122 - - [30/Oct/2025:03:15:12 +0700] "GET / HTTP/1.1" 200 31184 "-" "Mozilla/5.0 (iPhone; CPU iPhone OS 26_0_1 like Mac OS X) AppleWebKit/605.1.15 (KHTML, like Gecko) CriOS/141.0.7390.96 Mobile/15E148 Safari/604.1"
88.229.183.122 - - [30/Oct/2025:03:15:12 +0700] "GET /voax/wp-content/uploads/sites/26/2021/03/kapida-odeme.png HTTP/1.1" 302 208 "-" "Mozilla/5.0 (iPhone; CPU iPhone OS 26_0_1 like Mac OS X) AppleWebKit/605.1.15 (KHTML, like Gecko) CriOS/141.0.7390.96 Mobile/15E148 Safari/604.1"
88.229.183.122 - - [30/Oct/2025:03:15:12 +0700] "GET / HTTP/1.1" 200 31184 "-" "Mozilla/5.0 (iPhone; CPU iPhone OS 26_0_1 like Mac OS X) AppleWebKit/605.1.15 (KHTML, like Gecko) CriOS/141.0.7390.96 Mobile/15E148 Safari/604.1"
88.229.183.122 - - [30/Oct/2025:03:15:13 +0700] "GET /voax/wp-content/uploads/sites/26/2021/03/guvenli-alisveris.png HTTP/1.1" 302 208 "-" "Mozilla/5.0 (iPhone; CPU iPhone OS 26_0_1 like Mac OS X) AppleWebKit/605.1.15 (KHTML, like Gecko) CriOS/141.0.7390.96 Mobile/15E148 Safari/604.1"
88.229.183.122 - - [30/Oct/2025:03:15:13 +0700] "GET /voax/wp-content/uploads/sites/26/2021/03/musteri-hizmetleri.png HTTP/1.1" 302 208 "-" "Mozilla/5.0 (iPhone; CPU iPhone OS 26_0_1 like Mac OS X) AppleWebKit/605.1.15 (KHTML, like Gecko) CriOS/141.0.7390.96 Mobile/15E148 Safari/604.1"
88.229.183.122 - - [30/Oct/2025:03:15:13 +0700] "GET / HTTP/1.1" 200 31184 "-" "Mozilla/5.0 (iPhone; CPU iPhone OS 26_0_1 like Mac OS X) AppleWebKit/605.1.15 (KHTML, like Gecko) CriOS/141.0.7390.96 Mobile/15E148 Safari/604.1"
88.229.183.122 - - [30/Oct/2025:03:15:13 +0700] "GET / HTTP/1.1" 200 31184 "-" "Mozilla/5.0 (iPhone; CPU iPhone OS 26_0_1 like Mac OS X) AppleWebKit/605.1.15 (KHTML, like Gecko) CriOS/141.0.7390.96 Mobile/15E148 Safari/604.1"
202.67.45.9 - - [30/Oct/2025:03:15:26 +0700] "POST /cdn-cgi/rum? HTTP/1.1" 302 208 "https://kryexthemes.com/" "Mozilla/5.0 (Linux; Android 10; K) AppleWebKit/537.36 (KHTML, like Gecko) Chrome/138.0.0.0 Mobile Safari/537.36"
202.67.45.9 - - [30/Oct/2025:03:15:26 +0700] "GET / HTTP/1.1" 200 31184 "https://kryexthemes.com/" "Mozilla/5.0 (Linux; Android 10; K) AppleWebKit/537.36 (KHTML, like Gecko) Chrome/138.0.0.0 Mobile Safari/537.36"
213.180.203.224 - - [30/Oct/2025:03:16:04 +0700] "GET /robots.txt HTTP/1.1" 200 71 "-" "Mozilla/5.0 (compatible; YandexBot/3.0; +http://yandex.com/bots)"
114.119.132.58 - - [30/Oct/2025:03:16:19 +0700] "GET /voax/urun-kategori/fashion-boot?orderby=popularity&=mavi HTTP/1.1" 302 208 "https://kryexthemes.com/voax/urun-kategori/fashion-boot/?orderby=popularity&filter_renk=mavi%2Cyesil&filter_beden=m%2Cs%2Cxl" "Mozilla/5.0 (Linux; Android 7.0;) AppleWebKit/537.36 (KHTML, like Gecko) Mobile Safari/537.36 (compatible; PetalBot;+https://webmaster.petalsearch.com/site/petalbot)"
114.119.132.58 - - [30/Oct/2025:03:16:20 +0700] "GET / HTTP/1.1" 200 35366 "https://kryexthemes.com/voax/urun-kategori/fashion-boot/?orderby=popularity&filter_renk=mavi%2Cyesil&filter_beden=m%2Cs%2Cxl" "Mozilla/5.0 (Linux; Android 7.0;) AppleWebKit/537.36 (KHTML, like Gecko) Mobile Safari/537.36 (compatible; PetalBot;+https://webmaster.petalsearch.com/site/petalbot)"
216.126.227.113 - - [30/Oct/2025:03:16:20 +0700] "GET /wp-admin/network/index.php HTTP/1.1" 302 208 "-" "Mozlila/5.0 (Linux; Android 7.0; SM-G892A Bulid/NRD90M; wv) AppleWebKit/537.36 (KHTML, like Gecko) Version/4.0 Chrome/60.0.3112.107 Moblie Safari/537.36"
216.126.227.113 - - [30/Oct/2025:03:16:20 +0700] "GET / HTTP/1.1" 200 35364 "-" "Mozlila/5.0 (Linux; Android 7.0; SM-G892A Bulid/NRD90M; wv) AppleWebKit/537.36 (KHTML, like Gecko) Version/4.0 Chrome/60.0.3112.107 Moblie Safari/537.36"
216.126.227.113 - - [30/Oct/2025:03:16:26 +0700] "GET /wp-admin/js/index.php HTTP/1.1" 302 208 "-" "Mozlila/5.0 (Linux; Android 7.0; SM-G892A Bulid/NRD90M; wv) AppleWebKit/537.36 (KHTML, like Gecko) Version/4.0 Chrome/60.0.3112.107 Moblie Safari/537.36"
216.126.227.113 - - [30/Oct/2025:03:16:26 +0700] "GET / HTTP/1.1" 200 35364 "-" "Mozlila/5.0 (Linux; Android 7.0; SM-G892A Bulid/NRD90M; wv) AppleWebKit/537.36 (KHTML, like Gecko) Version/4.0 Chrome/60.0.3112.107 Moblie Safari/537.36"
216.126.227.113 - - [30/Oct/2025:03:16:35 +0700] "GET /wp-admin/images/index.php HTTP/1.1" 302 208 "-" "Mozlila/5.0 (Linux; Android 7.0; SM-G892A Bulid/NRD90M; wv) AppleWebKit/537.36 (KHTML, like Gecko) Version/4.0 Chrome/60.0.3112.107 Moblie Safari/537.36"
216.126.227.113 - - [30/Oct/2025:03:16:35 +0700] "GET / HTTP/1.1" 200 35364 "-" "Mozlila/5.0 (Linux; Android 7.0; SM-G892A Bulid/NRD90M; wv) AppleWebKit/537.36 (KHTML, like Gecko) Version/4.0 Chrome/60.0.3112.107 Moblie Safari/537.36"
216.126.227.113 - - [30/Oct/2025:03:17:12 +0700] "GET /wp-admin/css/index.php HTTP/1.1" 302 208 "-" "Mozlila/5.0 (Linux; Android 7.0; SM-G892A Bulid/NRD90M; wv) AppleWebKit/537.36 (KHTML, like Gecko) Version/4.0 Chrome/60.0.3112.107 Moblie Safari/537.36"
216.126.227.113 - - [30/Oct/2025:03:17:12 +0700] "GET / HTTP/1.1" 200 35364 "-" "Mozlila/5.0 (Linux; Android 7.0; SM-G892A Bulid/NRD90M; wv) AppleWebKit/537.36 (KHTML, like Gecko) Version/4.0 Chrome/60.0.3112.107 Moblie Safari/537.36"
40.77.167.116 - - [30/Oct/2025:03:17:18 +0700] "GET /MARKETICA_PREVIEW/00-marketica-preview-sale37.jpg HTTP/1.1" 302 208 "-" "Mozilla/5.0 AppleWebKit/537.36 (KHTML, like Gecko; compatible; bingbot/2.0; +http://www.bing.com/bingbot.htm) Chrome/116.0.1938.76 Safari/537.36"
40.77.167.116 - - [30/Oct/2025:03:17:19 +0700] "GET / HTTP/1.1" 200 31184 "-" "Mozilla/5.0 AppleWebKit/537.36 (KHTML, like Gecko; compatible; bingbot/2.0; +http://www.bing.com/bingbot.htm) Chrome/116.0.1938.76 Safari/537.36"
114.10.100.143 - - [30/Oct/2025:03:17:26 +0700] "GET / HTTP/1.1" 200 31184 "https://www.google.com/" "Mozilla/5.0 (Linux; Android 10; K) AppleWebKit/537.36 (KHTML, like Gecko) Chrome/131.0.0.0 Mobile Safari/537.36"
114.10.100.143 - - [30/Oct/2025:03:17:30 +0700] "GET /bandar-mikitoto.webp HTTP/1.1" 200 79338 "https://kryexthemes.com/" "Mozilla/5.0 (Linux; Android 10; K) AppleWebKit/537.36 (KHTML, like Gecko) Chrome/131.0.0.0 Mobile Safari/537.36"
114.10.100.143 - - [30/Oct/2025:03:17:34 +0700] "POST /cdn-cgi/rum? HTTP/1.1" 302 208 "https://kryexthemes.com/" "Mozilla/5.0 (Linux; Android 10; K) AppleWebKit/537.36 (KHTML, like Gecko) Chrome/131.0.0.0 Mobile Safari/537.36"
114.10.100.143 - - [30/Oct/2025:03:17:34 +0700] "GET / HTTP/1.1" 200 31184 "https://kryexthemes.com/" "Mozilla/5.0 (Linux; Android 10; K) AppleWebKit/537.36 (KHTML, like Gecko) Chrome/131.0.0.0 Mobile Safari/537.36"
114.10.100.143 - - [30/Oct/2025:03:17:35 +0700] "POST /cdn-cgi/rum? HTTP/1.1" 302 208 "https://kryexthemes.com/" "Mozilla/5.0 (Linux; Android 10; K) AppleWebKit/537.36 (KHTML, like Gecko) Chrome/131.0.0.0 Mobile Safari/537.36"
114.10.100.143 - - [30/Oct/2025:03:17:35 +0700] "GET / HTTP/1.1" 200 31184 "https://kryexthemes.com/" "Mozilla/5.0 (Linux; Android 10; K) AppleWebKit/537.36 (KHTML, like Gecko) Chrome/131.0.0.0 Mobile Safari/537.36"
216.126.227.113 - - [30/Oct/2025:03:17:36 +0700] "GET /wp-includes/SimplePie/Content/Type/index.php HTTP/1.1" 302 208 "-" "Mozlila/5.0 (Linux; Android 7.0; SM-G892A Bulid/NRD90M; wv) AppleWebKit/537.36 (KHTML, like Gecko) Version/4.0 Chrome/60.0.3112.107 Moblie Safari/537.36"
216.126.227.113 - - [30/Oct/2025:03:17:36 +0700] "GET / HTTP/1.1" 200 35364 "-" "Mozlila/5.0 (Linux; Android 7.0; SM-G892A Bulid/NRD90M; wv) AppleWebKit/537.36 (KHTML, like Gecko) Version/4.0 Chrome/60.0.3112.107 Moblie Safari/537.36"
114.119.131.68 - - [30/Oct/2025:03:17:42 +0700] "GET /voax/urun-kategori/fashion-boot?orderby=date&filter_renk=mavi,turuncu HTTP/1.1" 302 208 "https://kryexthemes.com/voax/urun-kategori/fashion-boot/?orderby=date&=s&filter_renk=turuncu" "Mozilla/5.0 (Linux; Android 7.0;) AppleWebKit/537.36 (KHTML, like Gecko) Mobile Safari/537.36 (compatible; PetalBot;+https://webmaster.petalsearch.com/site/petalbot)"
114.119.131.68 - - [30/Oct/2025:03:17:43 +0700] "GET / HTTP/1.1" 200 35366 "https://kryexthemes.com/voax/urun-kategori/fashion-boot/?orderby=date&=s&filter_renk=turuncu" "Mozilla/5.0 (Linux; Android 7.0;) AppleWebKit/537.36 (KHTML, like Gecko) Mobile Safari/537.36 (compatible; PetalBot;+https://webmaster.petalsearch.com/site/petalbot)"
216.126.227.113 - - [30/Oct/2025:03:17:48 +0700] "GET /wp-includes/Requests/Auth/index.php HTTP/1.1" 302 208 "-" "Mozlila/5.0 (Linux; Android 7.0; SM-G892A Bulid/NRD90M; wv) AppleWebKit/537.36 (KHTML, like Gecko) Version/4.0 Chrome/60.0.3112.107 Moblie Safari/537.36"
216.126.227.113 - - [30/Oct/2025:03:17:48 +0700] "GET / HTTP/1.1" 200 35364 "-" "Mozlila/5.0 (Linux; Android 7.0; SM-G892A Bulid/NRD90M; wv) AppleWebKit/537.36 (KHTML, like Gecko) Version/4.0 Chrome/60.0.3112.107 Moblie Safari/537.36"
216.126.227.113 - - [30/Oct/2025:03:17:51 +0700] "GET /wp-admin/css/colors/index.php HTTP/1.1" 302 208 "-" "Mozlila/5.0 (Linux; Android 7.0; SM-G892A Bulid/NRD90M; wv) AppleWebKit/537.36 (KHTML, like Gecko) Version/4.0 Chrome/60.0.3112.107 Moblie Safari/537.36"
216.126.227.113 - - [30/Oct/2025:03:17:51 +0700] "GET / HTTP/1.1" 200 35364 "-" "Mozlila/5.0 (Linux; Android 7.0; SM-G892A Bulid/NRD90M; wv) AppleWebKit/537.36 (KHTML, like Gecko) Version/4.0 Chrome/60.0.3112.107 Moblie Safari/537.36"
114.10.100.143 - - [30/Oct/2025:03:17:54 +0700] "POST /cdn-cgi/rum? HTTP/1.1" 302 208 "https://kryexthemes.com/" "Mozilla/5.0 (Linux; Android 10; K) AppleWebKit/537.36 (KHTML, like Gecko) Chrome/131.0.0.0 Mobile Safari/537.36"
114.10.100.143 - - [30/Oct/2025:03:17:55 +0700] "GET / HTTP/1.1" 200 31184 "https://kryexthemes.com/" "Mozilla/5.0 (Linux; Android 10; K) AppleWebKit/537.36 (KHTML, like Gecko) Chrome/131.0.0.0 Mobile Safari/537.36"
217.182.92.119 - - [30/Oct/2025:03:18:05 +0700] "GET /live-result-hasil-pengeluaran-togel-sd-hari-ini HTTP/1.1" 302 208 "-" "Mozilla/5.0 (compatible; HaloBot/1.0; +bot@haloscan.com; +https://www.haloscan.com/)"
217.182.92.119 - - [30/Oct/2025:03:18:13 +0700] "GET /live-result-hasil-pengeluaran-togel-sg-hari-ini HTTP/1.1" 302 208 "-" "Mozilla/5.0 (compatible; HaloBot/1.0; +bot@haloscan.com; +https://www.haloscan.com/)"
216.126.227.113 - - [30/Oct/2025:03:18:15 +0700] "GET /wp-content/languages/index.php HTTP/1.1" 302 208 "-" "Mozlila/5.0 (Linux; Android 7.0; SM-G892A Bulid/NRD90M; wv) AppleWebKit/537.36 (KHTML, like Gecko) Version/4.0 Chrome/60.0.3112.107 Moblie Safari/537.36"
216.126.227.113 - - [30/Oct/2025:03:18:15 +0700] "GET / HTTP/1.1" 200 35364 "-" "Mozlila/5.0 (Linux; Android 7.0; SM-G892A Bulid/NRD90M; wv) AppleWebKit/537.36 (KHTML, like Gecko) Version/4.0 Chrome/60.0.3112.107 Moblie Safari/537.36"
