Submit
Path:
~
/
home
/
angker
/
logs
/
File Content:
portaljateng.com.lifetimefee.com-ssl_log.bkup
40.77.167.116 - - [01/Nov/2025:19:07:05 +0700] "GET /news/4977 HTTP/1.1" 301 240 "-" "Mozilla/5.0 AppleWebKit/537.36 (KHTML, like Gecko; compatible; bingbot/2.0; +http://www.bing.com/bingbot.htm) Chrome/116.0.1938.76 Safari/537.36"
66.249.74.134 - - [01/Nov/2025:19:08:42 +0700] "GET /amp HTTP/1.1" 301 234 "-" "Mozilla/5.0 (Linux; Android 6.0.1; Nexus 5X Build/MMB29P) AppleWebKit/537.36 (KHTML, like Gecko) Chrome/141.0.7390.122 Mobile Safari/537.36 (compatible; Googlebot/2.1; +http://www.google.com/bot.html)"
66.249.74.134 - - [01/Nov/2025:19:09:31 +0700] "GET /amp HTTP/1.1" 301 234 "-" "Mozilla/5.0 (Linux; Android 6.0.1; Nexus 5X Build/MMB29P) AppleWebKit/537.36 (KHTML, like Gecko) Chrome/141.0.7390.122 Mobile Safari/537.36 (compatible; Googlebot/2.1; +http://www.google.com/bot.html)"
66.249.74.134 - - [01/Nov/2025:19:12:26 +0700] "GET /amp HTTP/1.1" 301 234 "-" "Mozilla/5.0 (Linux; Android 6.0.1; Nexus 5X Build/MMB29P) AppleWebKit/537.36 (KHTML, like Gecko) Chrome/141.0.7390.122 Mobile Safari/537.36 (compatible; Googlebot/2.1; +http://www.google.com/bot.html)"
114.10.100.46 - - [01/Nov/2025:19:12:39 +0700] "GET /amp/ HTTP/1.1" 301 235 "https://www.google.com/" "Mozilla/5.0 (Linux; Android 10; K) AppleWebKit/537.36 (KHTML, like Gecko) Chrome/141.0.0.0 Mobile Safari/537.36"
66.249.74.133 - - [01/Nov/2025:19:13:16 +0700] "GET /amp HTTP/1.1" 301 234 "-" "Mozilla/5.0 (Linux; Android 6.0.1; Nexus 5X Build/MMB29P) AppleWebKit/537.36 (KHTML, like Gecko) Chrome/141.0.7390.122 Mobile Safari/537.36 (compatible; Googlebot/2.1; +http://www.google.com/bot.html)"
66.249.74.133 - - [01/Nov/2025:19:15:51 +0700] "GET /amp HTTP/1.1" 301 234 "-" "Mozilla/5.0 (Linux; Android 6.0.1; Nexus 5X Build/MMB29P) AppleWebKit/537.36 (KHTML, like Gecko) Chrome/141.0.7390.122 Mobile Safari/537.36 (compatible; Googlebot/2.1; +http://www.google.com/bot.html)"
66.249.74.132 - - [01/Nov/2025:19:18:01 +0700] "GET /amp HTTP/1.1" 301 234 "-" "Mozilla/5.0 (Linux; Android 6.0.1; Nexus 5X Build/MMB29P) AppleWebKit/537.36 (KHTML, like Gecko) Chrome/141.0.7390.122 Mobile Safari/537.36 (compatible; Googlebot/2.1; +http://www.google.com/bot.html)"
216.73.216.9 - - [01/Nov/2025:19:18:38 +0700] "GET /robots.txt HTTP/1.1" 301 241 "-" "Mozilla/5.0 AppleWebKit/537.36 (KHTML, like Gecko; compatible; ClaudeBot/1.0; +claudebot@anthropic.com)"
66.249.74.133 - - [01/Nov/2025:19:21:15 +0700] "GET /amp HTTP/1.1" 301 234 "-" "Mozilla/5.0 (Linux; Android 6.0.1; Nexus 5X Build/MMB29P) AppleWebKit/537.36 (KHTML, like Gecko) Chrome/141.0.7390.122 Mobile Safari/537.36 (compatible; Googlebot/2.1; +http://www.google.com/bot.html)"
157.20.252.105 - - [01/Nov/2025:19:23:51 +0700] "GET / HTTP/1.1" 301 231 "-" "Mozilla/5.0 (Linux; Android 10; K) AppleWebKit/537.36 (KHTML, like Gecko) Chrome/141.0.0.0 Mobile Safari/537.36"
66.249.74.132 - - [01/Nov/2025:19:25:45 +0700] "GET /amp HTTP/1.1" 301 234 "-" "Mozilla/5.0 (Linux; Android 6.0.1; Nexus 5X Build/MMB29P) AppleWebKit/537.36 (KHTML, like Gecko) Chrome/141.0.7390.122 Mobile Safari/537.36 (compatible; Googlebot/2.1; +http://www.google.com/bot.html)"
66.249.74.133 - - [01/Nov/2025:19:27:33 +0700] "GET /amp HTTP/1.1" 301 234 "-" "Mozilla/5.0 (Linux; Android 6.0.1; Nexus 5X Build/MMB29P) AppleWebKit/537.36 (KHTML, like Gecko) Chrome/141.0.7390.122 Mobile Safari/537.36 (compatible; Googlebot/2.1; +http://www.google.com/bot.html)"
64.233.173.192 - - [01/Nov/2025:19:29:13 +0700] "GET / HTTP/1.1" 301 231 "-" "Mozilla/5.0 (Linux; Android 10; K) AppleWebKit/537.36 (KHTML, like Gecko) Chrome/138.0.0.0 Mobile Safari/537.36 (compatible; Google-Read-Aloud; +https://support.google.com/webmasters/answer/1061943)"
216.244.66.245 - - [01/Nov/2025:19:30:06 +0700] "GET /tag/dprd-pati/feed/ HTTP/1.1" 301 250 "-" "Mozilla/5.0 (compatible; DotBot/1.2; +https://opensiteexplorer.org/dotbot; help@moz.com)"
114.10.150.39 - - [01/Nov/2025:19:33:15 +0700] "GET / HTTP/1.1" 301 231 "https://www.google.com/" "Mozilla/5.0 (Linux; Android 10; CPH1819) AppleWebKit/537.36 (KHTML, like Gecko) Chrome/81.0.4044.138 Mobile Safari/537.36"
66.249.74.134 - - [01/Nov/2025:19:35:51 +0700] "GET /amp HTTP/1.1" 301 234 "-" "Mozilla/5.0 (Linux; Android 6.0.1; Nexus 5X Build/MMB29P) AppleWebKit/537.36 (KHTML, like Gecko) Chrome/141.0.7390.122 Mobile Safari/537.36 (compatible; Googlebot/2.1; +http://www.google.com/bot.html)"
66.249.74.134 - - [01/Nov/2025:19:36:15 +0700] "GET /amp HTTP/1.1" 301 234 "-" "Mozilla/5.0 (Linux; Android 6.0.1; Nexus 5X Build/MMB29P) AppleWebKit/537.36 (KHTML, like Gecko) Chrome/141.0.7390.122 Mobile Safari/537.36 (compatible; Googlebot/2.1; +http://www.google.com/bot.html)"
157.55.39.193 - - [01/Nov/2025:19:38:02 +0700] "GET /history/number HTTP/1.1" 301 245 "-" "Mozilla/5.0 AppleWebKit/537.36 (KHTML, like Gecko; compatible; bingbot/2.0; +http://www.bing.com/bingbot.htm) Chrome/116.0.1938.76 Safari/537.36"
66.249.74.133 - - [01/Nov/2025:19:38:32 +0700] "GET /amp HTTP/1.1" 301 234 "-" "Mozilla/5.0 (Linux; Android 6.0.1; Nexus 5X Build/MMB29P) AppleWebKit/537.36 (KHTML, like Gecko) Chrome/141.0.7390.122 Mobile Safari/537.36 (compatible; Googlebot/2.1; +http://www.google.com/bot.html)"
66.249.74.134 - - [01/Nov/2025:19:39:50 +0700] "GET /amp HTTP/1.1" 301 234 "-" "Mozilla/5.0 (Linux; Android 6.0.1; Nexus 5X Build/MMB29P) AppleWebKit/537.36 (KHTML, like Gecko) Chrome/141.0.7390.122 Mobile Safari/537.36 (compatible; Googlebot/2.1; +http://www.google.com/bot.html)"
66.249.74.133 - - [01/Nov/2025:19:42:01 +0700] "GET /amp HTTP/1.1" 301 234 "-" "Mozilla/5.0 (Linux; Android 6.0.1; Nexus 5X Build/MMB29P) AppleWebKit/537.36 (KHTML, like Gecko) Chrome/141.0.7390.122 Mobile Safari/537.36 (compatible; Googlebot/2.1; +http://www.google.com/bot.html)"
66.249.74.132 - - [01/Nov/2025:19:42:55 +0700] "GET /amp HTTP/1.1" 301 234 "-" "Mozilla/5.0 (Linux; Android 6.0.1; Nexus 5X Build/MMB29P) AppleWebKit/537.36 (KHTML, like Gecko) Chrome/141.0.7390.122 Mobile Safari/537.36 (compatible; Googlebot/2.1; +http://www.google.com/bot.html)"
66.249.74.132 - - [01/Nov/2025:19:43:48 +0700] "GET /amp HTTP/1.1" 301 234 "-" "Mozilla/5.0 (Linux; Android 6.0.1; Nexus 5X Build/MMB29P) AppleWebKit/537.36 (KHTML, like Gecko) Chrome/141.0.7390.122 Mobile Safari/537.36 (compatible; Googlebot/2.1; +http://www.google.com/bot.html)"
64.233.173.201 - - [01/Nov/2025:19:43:58 +0700] "GET /.well-known/traffic-advice HTTP/1.1" 301 257 "-" "Chrome Privacy Preserving Prefetch Proxy"
66.249.74.134 - - [01/Nov/2025:19:44:56 +0700] "GET /amp HTTP/1.1" 301 234 "-" "Mozilla/5.0 (Linux; Android 6.0.1; Nexus 5X Build/MMB29P) AppleWebKit/537.36 (KHTML, like Gecko) Chrome/141.0.7390.122 Mobile Safari/537.36 (compatible; Googlebot/2.1; +http://www.google.com/bot.html)"
66.249.74.133 - - [01/Nov/2025:19:46:16 +0700] "GET /amp HTTP/1.1" 301 234 "-" "Mozilla/5.0 (Linux; Android 6.0.1; Nexus 5X Build/MMB29P) AppleWebKit/537.36 (KHTML, like Gecko) Chrome/141.0.7390.122 Mobile Safari/537.36 (compatible; Googlebot/2.1; +http://www.google.com/bot.html)"
66.249.74.134 - - [01/Nov/2025:19:47:40 +0700] "GET /amp HTTP/1.1" 301 234 "-" "Mozilla/5.0 (Linux; Android 6.0.1; Nexus 5X Build/MMB29P) AppleWebKit/537.36 (KHTML, like Gecko) Chrome/141.0.7390.122 Mobile Safari/537.36 (compatible; Googlebot/2.1; +http://www.google.com/bot.html)"
198.235.24.19 - - [01/Nov/2025:19:50:34 +0700] "GET / HTTP/1.1" 301 231 "-" "-"
128.1.205.48 - - [01/Nov/2025:19:51:18 +0700] "GET / HTTP/1.1" 301 231 "https://www.google.com/" "Mozilla/5.0 (Linux; Android 10; K) AppleWebKit/537.36 (KHTML, like Gecko) Chrome/141.0.0.0 Mobile Safari/537.36"
66.249.74.132 - - [01/Nov/2025:19:51:20 +0700] "GET /amp HTTP/1.1" 301 234 "-" "Mozilla/5.0 (Linux; Android 6.0.1; Nexus 5X Build/MMB29P) AppleWebKit/537.36 (KHTML, like Gecko) Chrome/141.0.7390.122 Mobile Safari/537.36 (compatible; Googlebot/2.1; +http://www.google.com/bot.html)"
47.128.58.155 - - [01/Nov/2025:19:54:20 +0700] "GET /tag/suwito/ HTTP/1.1" 301 242 "-" "Mozilla/5.0 (compatible; Bytespider; spider-feedback@bytedance.com) AppleWebKit/537.36 (KHTML, like Gecko) Chrome/70.0.0.0 Safari/537.36"
66.249.74.132 - - [01/Nov/2025:19:54:40 +0700] "GET /amp HTTP/1.1" 301 234 "-" "Mozilla/5.0 (Linux; Android 6.0.1; Nexus 5X Build/MMB29P) AppleWebKit/537.36 (KHTML, like Gecko) Chrome/141.0.7390.122 Mobile Safari/537.36 (compatible; Googlebot/2.1; +http://www.google.com/bot.html)"
66.249.74.132 - - [01/Nov/2025:19:56:24 +0700] "GET /amp HTTP/1.1" 301 234 "-" "Mozilla/5.0 (Linux; Android 6.0.1; Nexus 5X Build/MMB29P) AppleWebKit/537.36 (KHTML, like Gecko) Chrome/141.0.7390.122 Mobile Safari/537.36 (compatible; Googlebot/2.1; +http://www.google.com/bot.html)"
66.249.74.132 - - [01/Nov/2025:19:59:01 +0700] "GET /amp HTTP/1.1" 301 234 "-" "Mozilla/5.0 (Linux; Android 6.0.1; Nexus 5X Build/MMB29P) AppleWebKit/537.36 (KHTML, like Gecko) Chrome/141.0.7390.122 Mobile Safari/537.36 (compatible; Googlebot/2.1; +http://www.google.com/bot.html)"
66.249.74.132 - - [01/Nov/2025:19:59:51 +0700] "GET /amp HTTP/1.1" 301 234 "-" "Mozilla/5.0 (Linux; Android 6.0.1; Nexus 5X Build/MMB29P) AppleWebKit/537.36 (KHTML, like Gecko) Chrome/141.0.7390.122 Mobile Safari/537.36 (compatible; Googlebot/2.1; +http://www.google.com/bot.html)"
114.119.145.150 - - [01/Nov/2025:20:00:19 +0700] "GET /robots.txt HTTP/1.1" 301 241 "-" "Mozilla/5.0 (compatible;PetalBot;+https://webmaster.petalsearch.com/site/petalbot)"
114.119.147.0 - - [01/Nov/2025:20:00:20 +0700] "GET /robots.txt HTTP/1.1" 301 241 "-" "Mozilla/5.0 (compatible;PetalBot;+https://webmaster.petalsearch.com/site/petalbot)"
139.59.72.212 - - [01/Nov/2025:20:00:38 +0700] "GET /.git/config HTTP/1.1" 301 240 "-" "Mozilla/5.0 (X11; Linux x86_64) AppleWebKit/537.36 (KHTML, like Gecko) Chrome/81.0.4044.129 Safari/537.36"
66.249.74.132 - - [01/Nov/2025:20:00:41 +0700] "GET /amp HTTP/1.1" 301 234 "-" "Mozilla/5.0 (Linux; Android 6.0.1; Nexus 5X Build/MMB29P) AppleWebKit/537.36 (KHTML, like Gecko) Chrome/141.0.7390.122 Mobile Safari/537.36 (compatible; Googlebot/2.1; +http://www.google.com/bot.html)"
66.249.74.133 - - [01/Nov/2025:20:01:17 +0700] "GET /amp HTTP/1.1" 301 234 "-" "Mozilla/5.0 (Linux; Android 6.0.1; Nexus 5X Build/MMB29P) AppleWebKit/537.36 (KHTML, like Gecko) Chrome/141.0.7390.122 Mobile Safari/537.36 (compatible; Googlebot/2.1; +http://www.google.com/bot.html)"
66.249.74.132 - - [01/Nov/2025:20:02:11 +0700] "GET /amp HTTP/1.1" 301 234 "-" "Mozilla/5.0 (Linux; Android 6.0.1; Nexus 5X Build/MMB29P) AppleWebKit/537.36 (KHTML, like Gecko) Chrome/141.0.7390.122 Mobile Safari/537.36 (compatible; Googlebot/2.1; +http://www.google.com/bot.html)"
66.249.74.134 - - [01/Nov/2025:20:04:21 +0700] "GET /amp HTTP/1.1" 301 234 "-" "Mozilla/5.0 (Linux; Android 6.0.1; Nexus 5X Build/MMB29P) AppleWebKit/537.36 (KHTML, like Gecko) Chrome/141.0.7390.122 Mobile Safari/537.36 (compatible; Googlebot/2.1; +http://www.google.com/bot.html)"
124.248.183.39 - - [01/Nov/2025:20:04:59 +0700] "POST /wp-login.php HTTP/1.1" 301 243 "-" "Mozilla"
103.26.188.24 - - [01/Nov/2025:20:05:31 +0700] "GET / HTTP/1.1" 301 231 "-" "Mozilla/5.0 (Linux; Android 10; K) AppleWebKit/537.36 (KHTML, like Gecko) Chrome/138.0.0.0 Mobile Safari/537.36"
66.249.74.132 - - [01/Nov/2025:20:07:12 +0700] "GET /amp HTTP/1.1" 301 234 "-" "Mozilla/5.0 (Linux; Android 6.0.1; Nexus 5X Build/MMB29P) AppleWebKit/537.36 (KHTML, like Gecko) Chrome/141.0.7390.122 Mobile Safari/537.36 (compatible; Googlebot/2.1; +http://www.google.com/bot.html)"
66.249.74.134 - - [01/Nov/2025:20:08:09 +0700] "GET /amp HTTP/1.1" 301 234 "-" "Mozilla/5.0 (Linux; Android 6.0.1; Nexus 5X Build/MMB29P) AppleWebKit/537.36 (KHTML, like Gecko) Chrome/141.0.7390.122 Mobile Safari/537.36 (compatible; Googlebot/2.1; +http://www.google.com/bot.html)"
66.249.74.134 - - [01/Nov/2025:20:10:05 +0700] "GET /amp HTTP/1.1" 301 234 "-" "Mozilla/5.0 (Linux; Android 6.0.1; Nexus 5X Build/MMB29P) AppleWebKit/537.36 (KHTML, like Gecko) Chrome/141.0.7390.122 Mobile Safari/537.36 (compatible; Googlebot/2.1; +http://www.google.com/bot.html)"
103.191.165.21 - - [01/Nov/2025:20:11:37 +0700] "GET /lobby HTTP/1.1" 301 236 "-" "Mozilla/5.0 (Linux; Android 10; K) AppleWebKit/537.36 (KHTML, like Gecko) Chrome/141.0.0.0 Mobile Safari/537.36"
162.120.184.36 - - [01/Nov/2025:20:11:53 +0700] "GET / HTTP/1.1" 301 231 "https://www.google.com/" "Mozilla/5.0 (Linux; Android 10; K) AppleWebKit/537.36 (KHTML, like Gecko) Chrome/141.0.0.0 Mobile Safari/537.36"
66.249.74.134 - - [01/Nov/2025:20:12:38 +0700] "GET /amp HTTP/1.1" 301 234 "-" "Mozilla/5.0 (Linux; Android 6.0.1; Nexus 5X Build/MMB29P) AppleWebKit/537.36 (KHTML, like Gecko) Chrome/141.0.7390.122 Mobile Safari/537.36 (compatible; Googlebot/2.1; +http://www.google.com/bot.html)"
66.249.74.133 - - [01/Nov/2025:20:12:38 +0700] "GET /amp HTTP/1.1" 301 234 "-" "Mozilla/5.0 (Linux; Android 6.0.1; Nexus 5X Build/MMB29P) AppleWebKit/537.36 (KHTML, like Gecko) Chrome/141.0.7390.122 Mobile Safari/537.36 (compatible; Googlebot/2.1; +http://www.google.com/bot.html)"
66.249.74.132 - - [01/Nov/2025:20:14:41 +0700] "GET /amp HTTP/1.1" 301 234 "-" "Mozilla/5.0 (Linux; Android 6.0.1; Nexus 5X Build/MMB29P) AppleWebKit/537.36 (KHTML, like Gecko) Chrome/141.0.7390.122 Mobile Safari/537.36 (compatible; Googlebot/2.1; +http://www.google.com/bot.html)"
66.249.74.132 - - [01/Nov/2025:20:16:26 +0700] "GET /amp HTTP/1.1" 301 234 "-" "Mozilla/5.0 (Linux; Android 6.0.1; Nexus 5X Build/MMB29P) AppleWebKit/537.36 (KHTML, like Gecko) Chrome/141.0.7390.122 Mobile Safari/537.36 (compatible; Googlebot/2.1; +http://www.google.com/bot.html)"
182.10.131.10 - - [01/Nov/2025:20:16:27 +0700] "GET /amp HTTP/1.1" 301 234 "https://www.google.com/" "Mozilla/5.0 (Linux; Android 10; K) AppleWebKit/537.36 (KHTML, like Gecko) Chrome/141.0.0.0 Mobile Safari/537.36"
66.249.74.132 - - [01/Nov/2025:20:16:55 +0700] "GET /amp HTTP/1.1" 301 234 "-" "Mozilla/5.0 (Linux; Android 6.0.1; Nexus 5X Build/MMB29P) AppleWebKit/537.36 (KHTML, like Gecko) Chrome/141.0.7390.122 Mobile Safari/537.36 (compatible; Googlebot/2.1; +http://www.google.com/bot.html)"
66.249.74.133 - - [01/Nov/2025:20:18:06 +0700] "GET /amp HTTP/1.1" 301 234 "-" "Mozilla/5.0 (Linux; Android 6.0.1; Nexus 5X Build/MMB29P) AppleWebKit/537.36 (KHTML, like Gecko) Chrome/141.0.7390.122 Mobile Safari/537.36 (compatible; Googlebot/2.1; +http://www.google.com/bot.html)"
104.248.46.122 - - [01/Nov/2025:20:19:40 +0700] "GET / HTTP/1.1" 301 231 "https://pintuladang.it.com" "Mozilla/5.0 (Macintosh; Intel Mac OS X 10_15_7) AppleWebKit/605.1.15 (KHTML, like Gecko) Version/17.10 Safari/605.1.1"
47.128.109.74 - - [01/Nov/2025:20:19:54 +0700] "GET /pj-bupati-jepara-edy-supriyanta-mengajak-bersama-sama-menekan-angka-stunting/ HTTP/1.1" 301 308 "-" "Mozilla/5.0 (Linux; Android 5.0) AppleWebKit/537.36 (KHTML, like Gecko) Mobile Safari/537.36 (compatible; Bytespider; spider-feedback@bytedance.com)"
66.249.74.132 - - [01/Nov/2025:20:20:00 +0700] "GET /amp HTTP/1.1" 301 234 "-" "Mozilla/5.0 (Linux; Android 6.0.1; Nexus 5X Build/MMB29P) AppleWebKit/537.36 (KHTML, like Gecko) Chrome/141.0.7390.122 Mobile Safari/537.36 (compatible; Googlebot/2.1; +http://www.google.com/bot.html)"
66.249.74.134 - - [01/Nov/2025:20:22:03 +0700] "GET /amp HTTP/1.1" 301 234 "-" "Mozilla/5.0 (Linux; Android 6.0.1; Nexus 5X Build/MMB29P) AppleWebKit/537.36 (KHTML, like Gecko) Chrome/141.0.7390.122 Mobile Safari/537.36 (compatible; Googlebot/2.1; +http://www.google.com/bot.html)"
66.249.74.132 - - [01/Nov/2025:20:22:29 +0700] "GET /amp HTTP/1.1" 301 234 "-" "Mozilla/5.0 (Linux; Android 6.0.1; Nexus 5X Build/MMB29P) AppleWebKit/537.36 (KHTML, like Gecko) Chrome/141.0.7390.122 Mobile Safari/537.36 (compatible; Googlebot/2.1; +http://www.google.com/bot.html)"
66.249.74.132 - - [01/Nov/2025:20:25:19 +0700] "GET /amp HTTP/1.1" 301 234 "-" "Mozilla/5.0 (Linux; Android 6.0.1; Nexus 5X Build/MMB29P) AppleWebKit/537.36 (KHTML, like Gecko) Chrome/141.0.7390.122 Mobile Safari/537.36 (compatible; Googlebot/2.1; +http://www.google.com/bot.html)"
182.2.135.212 - - [01/Nov/2025:20:25:20 +0700] "GET / HTTP/1.1" 301 231 "https://www.google.com/" "Mozilla/5.0 (Linux; Android 10; K) AppleWebKit/537.36 (KHTML, like Gecko) Chrome/141.0.0.0 Mobile Safari/537.36"
66.249.74.133 - - [01/Nov/2025:20:25:21 +0700] "GET /wp-content/uploads/2024/05/cropped-LOGO-PORTAL-JATENG-COM-BACKGROUND-PUTIH-1.jpg HTTP/1.1" 301 311 "-" "Googlebot-Image/1.0"
66.249.74.133 - - [01/Nov/2025:20:26:18 +0700] "GET /amp HTTP/1.1" 301 234 "-" "Mozilla/5.0 (Linux; Android 6.0.1; Nexus 5X Build/MMB29P) AppleWebKit/537.36 (KHTML, like Gecko) Chrome/141.0.7390.122 Mobile Safari/537.36 (compatible; Googlebot/2.1; +http://www.google.com/bot.html)"
66.249.74.134 - - [01/Nov/2025:20:28:20 +0700] "GET /amp HTTP/1.1" 301 234 "-" "Mozilla/5.0 (Linux; Android 6.0.1; Nexus 5X Build/MMB29P) AppleWebKit/537.36 (KHTML, like Gecko) Chrome/141.0.7390.122 Mobile Safari/537.36 (compatible; Googlebot/2.1; +http://www.google.com/bot.html)"
66.249.74.133 - - [01/Nov/2025:20:30:21 +0700] "GET /amp HTTP/1.1" 301 234 "-" "Mozilla/5.0 (Linux; Android 6.0.1; Nexus 5X Build/MMB29P) AppleWebKit/537.36 (KHTML, like Gecko) Chrome/141.0.7390.122 Mobile Safari/537.36 (compatible; Googlebot/2.1; +http://www.google.com/bot.html)"
173.252.82.5 - - [01/Nov/2025:20:32:11 +0700] "GET /wp-content/uploads/2024/01/IMG-20240106-WA0083.jpg HTTP/1.1" 301 281 "-" "facebookexternalhit/1.1 (+http://www.facebook.com/externalhit_uatext.php)"
66.249.74.133 - - [01/Nov/2025:20:32:16 +0700] "GET /amp HTTP/1.1" 301 234 "-" "Mozilla/5.0 (Linux; Android 6.0.1; Nexus 5X Build/MMB29P) AppleWebKit/537.36 (KHTML, like Gecko) Chrome/141.0.7390.122 Mobile Safari/537.36 (compatible; Googlebot/2.1; +http://www.google.com/bot.html)"
66.249.74.133 - - [01/Nov/2025:20:33:49 +0700] "GET /amp HTTP/1.1" 301 234 "-" "Mozilla/5.0 (Linux; Android 6.0.1; Nexus 5X Build/MMB29P) AppleWebKit/537.36 (KHTML, like Gecko) Chrome/141.0.7390.122 Mobile Safari/537.36 (compatible; Googlebot/2.1; +http://www.google.com/bot.html)"
58.216.28.155 - - [01/Nov/2025:20:35:39 +0700] "GET /viral-di-medsos-komplotan-pencuri-gasak-toko-komputer/ HTTP/1.1" 301 285 "-" "Mozilla/5.0 (Windows NT 10.0; Win64; x64) AppleWebKit/537.36 (KHTML, like Gecko) Chrome/134.0.0.0 Safari/537.36"
183.204.11.165 - - [01/Nov/2025:20:35:41 +0700] "GET /viral-di-medsos-komplotan-pencuri-gasak-toko-komputer/ HTTP/1.1" 301 285 "-" "Mozilla/5.0 (Windows NT 10.0; Win64; x64) AppleWebKit/537.36 (KHTML, like Gecko) Chrome/134.0.0.0 Safari/537.36"
66.249.74.132 - - [01/Nov/2025:20:37:01 +0700] "GET /amp HTTP/1.1" 301 234 "-" "Mozilla/5.0 (Linux; Android 6.0.1; Nexus 5X Build/MMB29P) AppleWebKit/537.36 (KHTML, like Gecko) Chrome/141.0.7390.122 Mobile Safari/537.36 (compatible; Googlebot/2.1; +http://www.google.com/bot.html)"
57.141.6.37 - - [01/Nov/2025:20:37:08 +0700] "GET /pasangan-calbup-dan-cawabup-pati-budiyono-novi-gelar-konsilidasi-di-kecamatan-gabus/ HTTP/1.1" 301 315 "-" "meta-externalagent/1.1 (+https://developers.facebook.com/docs/sharing/webmasters/crawler)"
52.167.144.206 - - [01/Nov/2025:20:38:53 +0700] "GET /sitemap.xml HTTP/1.1" 301 242 "-" "Mozilla/5.0 AppleWebKit/537.36 (KHTML, like Gecko; compatible; bingbot/2.0; +http://www.bing.com/bingbot.htm) Chrome/116.0.1938.76 Safari/537.36"
66.249.74.133 - - [01/Nov/2025:20:39:00 +0700] "GET /amp HTTP/1.1" 301 234 "-" "Mozilla/5.0 (Linux; Android 6.0.1; Nexus 5X Build/MMB29P) AppleWebKit/537.36 (KHTML, like Gecko) Chrome/141.0.7390.122 Mobile Safari/537.36 (compatible; Googlebot/2.1; +http://www.google.com/bot.html)"
66.249.74.133 - - [01/Nov/2025:20:40:56 +0700] "GET /amp HTTP/1.1" 301 234 "-" "Mozilla/5.0 (Linux; Android 6.0.1; Nexus 5X Build/MMB29P) AppleWebKit/537.36 (KHTML, like Gecko) Chrome/141.0.7390.122 Mobile Safari/537.36 (compatible; Googlebot/2.1; +http://www.google.com/bot.html)"
66.249.74.133 - - [01/Nov/2025:20:41:58 +0700] "GET /amp HTTP/1.1" 301 234 "-" "Mozilla/5.0 (Linux; Android 6.0.1; Nexus 5X Build/MMB29P) AppleWebKit/537.36 (KHTML, like Gecko) Chrome/141.0.7390.122 Mobile Safari/537.36 (compatible; Googlebot/2.1; +http://www.google.com/bot.html)"
66.249.74.134 - - [01/Nov/2025:20:42:14 +0700] "GET /amp HTTP/1.1" 301 234 "-" "Mozilla/5.0 (Linux; Android 6.0.1; Nexus 5X Build/MMB29P) AppleWebKit/537.36 (KHTML, like Gecko) Chrome/141.0.7390.122 Mobile Safari/537.36 (compatible; Googlebot/2.1; +http://www.google.com/bot.html)"
185.247.137.34 - - [01/Nov/2025:20:44:05 +0700] "GET / HTTP/1.1" 200 112029 "-" "Mozilla/5.0 (compatible; InternetMeasurement/1.0; +https://internet-measurement.com/)"
103.133.61.218 - - [01/Nov/2025:20:44:20 +0700] "GET /lobby HTTP/1.1" 301 236 "-" "Mozilla/5.0 (Linux; Android 10; K) AppleWebKit/537.36 (KHTML, like Gecko) Chrome/141.0.0.0 Mobile Safari/537.36"
66.249.74.132 - - [01/Nov/2025:20:44:27 +0700] "GET /amp HTTP/1.1" 301 234 "-" "Mozilla/5.0 (Linux; Android 6.0.1; Nexus 5X Build/MMB29P) AppleWebKit/537.36 (KHTML, like Gecko) Chrome/141.0.7390.122 Mobile Safari/537.36 (compatible; Googlebot/2.1; +http://www.google.com/bot.html)"
66.249.74.134 - - [01/Nov/2025:20:46:07 +0700] "GET /amp HTTP/1.1" 301 234 "-" "Mozilla/5.0 (Linux; Android 6.0.1; Nexus 5X Build/MMB29P) AppleWebKit/537.36 (KHTML, like Gecko) Chrome/141.0.7390.122 Mobile Safari/537.36 (compatible; Googlebot/2.1; +http://www.google.com/bot.html)"
66.249.74.132 - - [01/Nov/2025:20:46:59 +0700] "GET /amp HTTP/1.1" 301 234 "-" "Mozilla/5.0 (Linux; Android 6.0.1; Nexus 5X Build/MMB29P) AppleWebKit/537.36 (KHTML, like Gecko) Chrome/141.0.7390.122 Mobile Safari/537.36 (compatible; Googlebot/2.1; +http://www.google.com/bot.html)"
120.222.152.11 - - [01/Nov/2025:20:49:42 +0700] "GET /kankemenag-apresiasi-mtsn-3-pati-melalui-sesi-pembinaan-dan-penyerahan-hadiah-siswa-peraih-medali/ HTTP/1.1" 301 329 "-" "Mozilla/5.0 (Windows NT 10.0; Win64; x64) AppleWebKit/537.36 (KHTML, like Gecko) Chrome/134.0.0.0 Safari/537.36"
66.249.74.132 - - [01/Nov/2025:20:49:57 +0700] "GET /amp HTTP/1.1" 301 234 "-" "Mozilla/5.0 (Linux; Android 6.0.1; Nexus 5X Build/MMB29P) AppleWebKit/537.36 (KHTML, like Gecko) Chrome/141.0.7390.122 Mobile Safari/537.36 (compatible; Googlebot/2.1; +http://www.google.com/bot.html)"
66.249.74.133 - - [01/Nov/2025:20:52:50 +0700] "GET /amp HTTP/1.1" 301 234 "-" "Mozilla/5.0 (Linux; Android 6.0.1; Nexus 5X Build/MMB29P) AppleWebKit/537.36 (KHTML, like Gecko) Chrome/141.0.7390.122 Mobile Safari/537.36 (compatible; Googlebot/2.1; +http://www.google.com/bot.html)"
66.249.74.133 - - [01/Nov/2025:20:54:32 +0700] "GET /amp HTTP/1.1" 301 234 "-" "Mozilla/5.0 (Linux; Android 6.0.1; Nexus 5X Build/MMB29P) AppleWebKit/537.36 (KHTML, like Gecko) Chrome/141.0.7390.122 Mobile Safari/537.36 (compatible; Googlebot/2.1; +http://www.google.com/bot.html)"
66.249.74.134 - - [01/Nov/2025:20:57:12 +0700] "GET /amp HTTP/1.1" 301 234 "-" "Mozilla/5.0 (Linux; Android 6.0.1; Nexus 5X Build/MMB29P) AppleWebKit/537.36 (KHTML, like Gecko) Chrome/141.0.7390.122 Mobile Safari/537.36 (compatible; Googlebot/2.1; +http://www.google.com/bot.html)"
123.12.235.169 - - [01/Nov/2025:20:58:50 +0700] "GET /dputr-kabupaten-pati-segera-normalisasi-19-sungai-yang-mengalami-sedimentasi/ HTTP/1.1" 301 308 "-" "Mozilla/5.0 (Windows NT 10.0; Win64; x64) AppleWebKit/537.36 (KHTML, like Gecko) Chrome/134.0.0.0 Safari/537.36"
66.249.74.132 - - [01/Nov/2025:21:01:19 +0700] "GET /amp HTTP/1.1" 301 234 "-" "Mozilla/5.0 (Linux; Android 6.0.1; Nexus 5X Build/MMB29P) AppleWebKit/537.36 (KHTML, like Gecko) Chrome/141.0.7390.122 Mobile Safari/537.36 (compatible; Googlebot/2.1; +http://www.google.com/bot.html)"
66.249.74.132 - - [01/Nov/2025:21:01:34 +0700] "GET /amp HTTP/1.1" 301 234 "-" "Mozilla/5.0 (Linux; Android 6.0.1; Nexus 5X Build/MMB29P) AppleWebKit/537.36 (KHTML, like Gecko) Chrome/141.0.7390.122 Mobile Safari/537.36 (compatible; Googlebot/2.1; +http://www.google.com/bot.html)"
66.249.74.133 - - [01/Nov/2025:21:04:40 +0700] "GET /amp HTTP/1.1" 301 234 "-" "Mozilla/5.0 (Linux; Android 6.0.1; Nexus 5X Build/MMB29P) AppleWebKit/537.36 (KHTML, like Gecko) Chrome/141.0.7390.122 Mobile Safari/537.36 (compatible; Googlebot/2.1; +http://www.google.com/bot.html)"
114.10.157.13 - - [01/Nov/2025:21:05:31 +0700] "GET / HTTP/1.1" 301 231 "https://www.google.com/" "Mozilla/5.0 (Linux; Android 10; K) AppleWebKit/537.36 (KHTML, like Gecko) Chrome/140.0.0.0 Mobile Safari/537.36"
66.249.74.134 - - [01/Nov/2025:21:05:32 +0700] "GET /amp HTTP/1.1" 301 234 "-" "Mozilla/5.0 (Linux; Android 6.0.1; Nexus 5X Build/MMB29P) AppleWebKit/537.36 (KHTML, like Gecko) Chrome/141.0.7390.122 Mobile Safari/537.36 (compatible; Googlebot/2.1; +http://www.google.com/bot.html)"
66.249.74.134 - - [01/Nov/2025:21:06:40 +0700] "GET /amp HTTP/1.1" 301 234 "-" "Mozilla/5.0 (Linux; Android 6.0.1; Nexus 5X Build/MMB29P) AppleWebKit/537.36 (KHTML, like Gecko) Chrome/141.0.7390.122 Mobile Safari/537.36 (compatible; Googlebot/2.1; +http://www.google.com/bot.html)"
66.249.74.134 - - [01/Nov/2025:21:08:06 +0700] "GET /amp HTTP/1.1" 301 234 "-" "Mozilla/5.0 (Linux; Android 6.0.1; Nexus 5X Build/MMB29P) AppleWebKit/537.36 (KHTML, like Gecko) Chrome/141.0.7390.122 Mobile Safari/537.36 (compatible; Googlebot/2.1; +http://www.google.com/bot.html)"
216.244.66.245 - - [01/Nov/2025:21:08:47 +0700] "GET /tag/dputr/ HTTP/1.1" 301 241 "-" "Mozilla/5.0 (compatible; DotBot/1.2; +https://opensiteexplorer.org/dotbot; help@moz.com)"
114.122.213.156 - - [01/Nov/2025:21:09:29 +0700] "GET /lobby HTTP/1.1" 301 236 "-" "Mozilla/5.0 (Linux; Android 10; K) AppleWebKit/537.36 (KHTML, like Gecko) Chrome/141.0.0.0 Mobile Safari/537.36"
216.244.66.245 - - [01/Nov/2025:21:10:13 +0700] "GET /tag/ormas-matra/ HTTP/1.1" 301 247 "-" "Mozilla/5.0 (compatible; DotBot/1.2; +https://opensiteexplorer.org/dotbot; help@moz.com)"
216.244.66.245 - - [01/Nov/2025:21:10:19 +0700] "GET /tag/polres-demak/ HTTP/1.1" 301 248 "-" "Mozilla/5.0 (compatible; DotBot/1.2; +https://opensiteexplorer.org/dotbot; help@moz.com)"
66.249.74.134 - - [01/Nov/2025:21:10:29 +0700] "GET /amp HTTP/1.1" 301 234 "-" "Mozilla/5.0 (Linux; Android 6.0.1; Nexus 5X Build/MMB29P) AppleWebKit/537.36 (KHTML, like Gecko) Chrome/141.0.7390.122 Mobile Safari/537.36 (compatible; Googlebot/2.1; +http://www.google.com/bot.html)"
66.249.74.134 - - [01/Nov/2025:21:15:05 +0700] "GET /amp HTTP/1.1" 301 234 "-" "Mozilla/5.0 (Linux; Android 6.0.1; Nexus 5X Build/MMB29P) AppleWebKit/537.36 (KHTML, like Gecko) Chrome/141.0.7390.122 Mobile Safari/537.36 (compatible; Googlebot/2.1; +http://www.google.com/bot.html)"
203.175.9.170 - - [01/Nov/2025:21:16:31 +0700] "GET /mtsn-3-pati-kirimkan-12-siswi-di-jambore-se-jawa-tengah/ HTTP/1.1" 301 287 "-" "WordPress/6.8.3; https://mtsn3pati.sch.id"
203.175.9.170 - - [01/Nov/2025:21:16:32 +0700] "GET /siswa-mts-negeri-3-pati-lolos-osn-ips-dan-melaju-ke-tingkat-provinsi-jateng/ HTTP/1.1" 301 307 "-" "WordPress/6.8.3; https://mtsn3pati.sch.id"
203.175.9.170 - - [01/Nov/2025:21:16:33 +0700] "GET /tiga-siswi-mtsn-3-pati-menuju-final-kompetisi-kossmi-di-ugm-yogyakarta/ HTTP/1.1" 301 302 "-" "WordPress/6.8.3; https://mtsn3pati.sch.id"
203.175.9.170 - - [01/Nov/2025:21:16:34 +0700] "GET /rangakain-ramadhan-mtsn-3-pati-gelar-peringatan-nuzulul-quran-dan-pembagian-takjil/ HTTP/1.1" 301 314 "-" "WordPress/6.8.3; https://mtsn3pati.sch.id"
203.175.9.170 - - [01/Nov/2025:21:16:35 +0700] "GET /mtsn-3-pati-gelar-upacara-hgn-2023-dan-sholat-ghaib-korban-agresi-israel-di-palestina/ HTTP/1.1" 301 317 "-" "WordPress/6.8.3; https://mtsn3pati.sch.id"
66.249.74.132 - - [01/Nov/2025:21:18:48 +0700] "GET /amp HTTP/1.1" 301 234 "-" "Mozilla/5.0 (Linux; Android 6.0.1; Nexus 5X Build/MMB29P) AppleWebKit/537.36 (KHTML, like Gecko) Chrome/141.0.7390.122 Mobile Safari/537.36 (compatible; Googlebot/2.1; +http://www.google.com/bot.html)"
66.249.74.134 - - [01/Nov/2025:21:19:05 +0700] "GET /amp HTTP/1.1" 301 234 "-" "Mozilla/5.0 (Linux; Android 6.0.1; Nexus 5X Build/MMB29P) AppleWebKit/537.36 (KHTML, like Gecko) Chrome/141.0.7390.122 Mobile Safari/537.36 (compatible; Googlebot/2.1; +http://www.google.com/bot.html)"
66.249.74.132 - - [01/Nov/2025:21:20:06 +0700] "GET /amp HTTP/1.1" 301 234 "-" "Mozilla/5.0 (Linux; Android 6.0.1; Nexus 5X Build/MMB29P) AppleWebKit/537.36 (KHTML, like Gecko) Chrome/141.0.7390.122 Mobile Safari/537.36 (compatible; Googlebot/2.1; +http://www.google.com/bot.html)"
66.249.74.133 - - [01/Nov/2025:21:20:34 +0700] "GET /amp HTTP/1.1" 301 234 "-" "Mozilla/5.0 (Linux; Android 6.0.1; Nexus 5X Build/MMB29P) AppleWebKit/537.36 (KHTML, like Gecko) Chrome/141.0.7390.122 Mobile Safari/537.36 (compatible; Googlebot/2.1; +http://www.google.com/bot.html)"
143.110.250.82 - - [01/Nov/2025:21:23:39 +0700] "GET / HTTP/1.1" 200 112029 "-" "Mozilla/5.0 (X11; Linux x86_64) AppleWebKit/537.36 (KHTML, like Gecko) Chrome/139.0.0.0 Safari/537.36"
66.249.74.132 - - [01/Nov/2025:21:24:10 +0700] "GET /amp HTTP/1.1" 301 234 "-" "Mozilla/5.0 (Linux; Android 6.0.1; Nexus 5X Build/MMB29P) AppleWebKit/537.36 (KHTML, like Gecko) Chrome/141.0.7390.122 Mobile Safari/537.36 (compatible; Googlebot/2.1; +http://www.google.com/bot.html)"
66.249.74.133 - - [01/Nov/2025:21:26:05 +0700] "GET /amp HTTP/1.1" 301 234 "-" "Mozilla/5.0 (Linux; Android 6.0.1; Nexus 5X Build/MMB29P) AppleWebKit/537.36 (KHTML, like Gecko) Chrome/141.0.7390.122 Mobile Safari/537.36 (compatible; Googlebot/2.1; +http://www.google.com/bot.html)"
66.249.74.134 - - [01/Nov/2025:21:27:02 +0700] "GET /amp HTTP/1.1" 301 234 "-" "Mozilla/5.0 (Linux; Android 6.0.1; Nexus 5X Build/MMB29P) AppleWebKit/537.36 (KHTML, like Gecko) Chrome/141.0.7390.122 Mobile Safari/537.36 (compatible; Googlebot/2.1; +http://www.google.com/bot.html)"
66.249.74.133 - - [01/Nov/2025:21:28:31 +0700] "GET /amp HTTP/1.1" 301 234 "-" "Mozilla/5.0 (Linux; Android 6.0.1; Nexus 5X Build/MMB29P) AppleWebKit/537.36 (KHTML, like Gecko) Chrome/141.0.7390.122 Mobile Safari/537.36 (compatible; Googlebot/2.1; +http://www.google.com/bot.html)"
66.249.74.134 - - [01/Nov/2025:21:30:09 +0700] "GET /amp HTTP/1.1" 301 234 "-" "Mozilla/5.0 (Linux; Android 6.0.1; Nexus 5X Build/MMB29P) AppleWebKit/537.36 (KHTML, like Gecko) Chrome/141.0.7390.122 Mobile Safari/537.36 (compatible; Googlebot/2.1; +http://www.google.com/bot.html)"
66.249.74.134 - - [01/Nov/2025:21:31:21 +0700] "GET /amp HTTP/1.1" 301 234 "-" "Mozilla/5.0 (Linux; Android 6.0.1; Nexus 5X Build/MMB29P) AppleWebKit/537.36 (KHTML, like Gecko) Chrome/141.0.7390.122 Mobile Safari/537.36 (compatible; Googlebot/2.1; +http://www.google.com/bot.html)"
66.249.74.133 - - [01/Nov/2025:21:32:54 +0700] "GET /amp HTTP/1.1" 301 234 "-" "Mozilla/5.0 (Linux; Android 6.0.1; Nexus 5X Build/MMB29P) AppleWebKit/537.36 (KHTML, like Gecko) Chrome/141.0.7390.122 Mobile Safari/537.36 (compatible; Googlebot/2.1; +http://www.google.com/bot.html)"
66.249.74.132 - - [01/Nov/2025:21:34:13 +0700] "GET /amp HTTP/1.1" 301 234 "-" "Mozilla/5.0 (Linux; Android 6.0.1; Nexus 5X Build/MMB29P) AppleWebKit/537.36 (KHTML, like Gecko) Chrome/141.0.7390.122 Mobile Safari/537.36 (compatible; Googlebot/2.1; +http://www.google.com/bot.html)"
117.147.180.45 - - [01/Nov/2025:21:35:06 +0700] "GET /wakapolresta-pati-pimpin-apel-gelar-pasukan-operasi-zebra-candi-2023/ HTTP/1.1" 301 300 "-" "Mozilla/5.0 (Windows NT 10.0; Win64; x64) AppleWebKit/537.36 (KHTML, like Gecko) Chrome/134.0.0.0 Safari/537.36"
66.249.74.132 - - [01/Nov/2025:21:36:18 +0700] "GET /amp HTTP/1.1" 301 234 "-" "Mozilla/5.0 (Linux; Android 6.0.1; Nexus 5X Build/MMB29P) AppleWebKit/537.36 (KHTML, like Gecko) Chrome/141.0.7390.122 Mobile Safari/537.36 (compatible; Googlebot/2.1; +http://www.google.com/bot.html)"
66.249.74.133 - - [01/Nov/2025:21:37:20 +0700] "GET /amp HTTP/1.1" 301 234 "-" "Mozilla/5.0 (Linux; Android 6.0.1; Nexus 5X Build/MMB29P) AppleWebKit/537.36 (KHTML, like Gecko) Chrome/141.0.7390.122 Mobile Safari/537.36 (compatible; Googlebot/2.1; +http://www.google.com/bot.html)"
66.249.74.133 - - [01/Nov/2025:21:38:08 +0700] "GET /amp HTTP/1.1" 301 234 "-" "Mozilla/5.0 (Linux; Android 6.0.1; Nexus 5X Build/MMB29P) AppleWebKit/537.36 (KHTML, like Gecko) Chrome/141.0.7390.122 Mobile Safari/537.36 (compatible; Googlebot/2.1; +http://www.google.com/bot.html)"
103.26.188.24 - - [01/Nov/2025:21:38:44 +0700] "GET /lobby HTTP/1.1" 301 236 "-" "Mozilla/5.0 (Linux; Android 10; K) AppleWebKit/537.36 (KHTML, like Gecko) Chrome/138.0.0.0 Mobile Safari/537.36"
104.28.215.133 - - [01/Nov/2025:21:41:05 +0700] "GET /rules HTTP/1.1" 301 236 "-" "Mozilla/5.0 (Linux; Android 10; K) AppleWebKit/537.36 (KHTML, like Gecko) Chrome/141.0.0.0 Mobile Safari/537.36"
104.28.215.133 - - [01/Nov/2025:21:41:10 +0700] "GET /rules HTTP/1.1" 301 236 "-" "Mozilla/5.0 (Linux; Android 10; K) AppleWebKit/537.36 (KHTML, like Gecko) Chrome/141.0.0.0 Mobile Safari/537.36"
66.249.74.133 - - [01/Nov/2025:21:41:36 +0700] "GET /amp HTTP/1.1" 301 234 "-" "Mozilla/5.0 (Linux; Android 6.0.1; Nexus 5X Build/MMB29P) AppleWebKit/537.36 (KHTML, like Gecko) Chrome/141.0.7390.122 Mobile Safari/537.36 (compatible; Googlebot/2.1; +http://www.google.com/bot.html)"
66.249.74.134 - - [01/Nov/2025:21:43:09 +0700] "GET /amp HTTP/1.1" 301 234 "-" "Mozilla/5.0 (Linux; Android 6.0.1; Nexus 5X Build/MMB29P) AppleWebKit/537.36 (KHTML, like Gecko) Chrome/141.0.7390.122 Mobile Safari/537.36 (compatible; Googlebot/2.1; +http://www.google.com/bot.html)"
66.249.74.134 - - [01/Nov/2025:21:44:02 +0700] "GET /amp HTTP/1.1" 301 234 "-" "Mozilla/5.0 (Linux; Android 6.0.1; Nexus 5X Build/MMB29P) AppleWebKit/537.36 (KHTML, like Gecko) Chrome/141.0.7390.122 Mobile Safari/537.36 (compatible; Googlebot/2.1; +http://www.google.com/bot.html)"
66.249.74.133 - - [01/Nov/2025:21:44:37 +0700] "GET /amp HTTP/1.1" 301 234 "-" "Mozilla/5.0 (Linux; Android 6.0.1; Nexus 5X Build/MMB29P) AppleWebKit/537.36 (KHTML, like Gecko) Chrome/141.0.7390.122 Mobile Safari/537.36 (compatible; Googlebot/2.1; +http://www.google.com/bot.html)"
140.213.20.147 - - [01/Nov/2025:21:47:59 +0700] "GET /register?referral_code=quality&utm_medium=social&utm_source=heylink.me HTTP/1.1" 301 309 "-" "Mozilla/5.0 (Linux; Android 10; K) AppleWebKit/537.36 (KHTML, like Gecko) Chrome/141.0.0.0 Mobile Safari/537.36"
66.249.74.134 - - [01/Nov/2025:21:48:19 +0700] "GET /amp HTTP/1.1" 301 234 "-" "Mozilla/5.0 (Linux; Android 6.0.1; Nexus 5X Build/MMB29P) AppleWebKit/537.36 (KHTML, like Gecko) Chrome/141.0.7390.122 Mobile Safari/537.36 (compatible; Googlebot/2.1; +http://www.google.com/bot.html)"
114.10.152.137 - - [01/Nov/2025:21:48:51 +0700] "GET / HTTP/1.1" 301 231 "https://www.google.com/" "Mozilla/5.0 (Linux; Android 10; K) AppleWebKit/537.36 (KHTML, like Gecko) Chrome/141.0.0.0 Mobile Safari/537.36"
182.4.37.203 - - [01/Nov/2025:21:49:46 +0700] "GET / HTTP/1.1" 301 231 "https://www.google.com/" "Mozilla/5.0 (Linux; Android 12; V2111) AppleWebKit/537.36 (KHTML, like Gecko) Version/4.0 Chrome/123.0.6312.118 Mobile Safari/537.36 VivoBrowser/14.7.2.0"
66.249.74.133 - - [01/Nov/2025:21:52:19 +0700] "GET /amp HTTP/1.1" 301 234 "-" "Mozilla/5.0 (Linux; Android 6.0.1; Nexus 5X Build/MMB29P) AppleWebKit/537.36 (KHTML, like Gecko) Chrome/141.0.7390.122 Mobile Safari/537.36 (compatible; Googlebot/2.1; +http://www.google.com/bot.html)"
51.68.111.205 - - [01/Nov/2025:21:52:22 +0700] "GET /robots.txt HTTP/1.1" 301 241 "-" "Mozilla/5.0 (compatible; MJ12bot/v2.0.4; http://mj12bot.com/)"
51.68.111.205 - - [01/Nov/2025:21:52:24 +0700] "GET / HTTP/1.1" 301 231 "-" "Mozilla/5.0 (compatible; MJ12bot/v2.0.4; http://mj12bot.com/)"
111.48.106.44 - - [01/Nov/2025:21:53:24 +0700] "GET /sukses-jadi-tilok-ksm-2023-6-siswa-mtsn-1-pati-ikut-berlaga-dalam-ksm-tk-kabupaten/ HTTP/1.1" 301 314 "-" "Mozilla/5.0 (Windows NT 10.0; Win64; x64) AppleWebKit/537.36 (KHTML, like Gecko) Chrome/134.0.0.0 Safari/537.36"
216.244.66.245 - - [01/Nov/2025:21:53:56 +0700] "GET /tag/damkar-pati/feed/ HTTP/1.1" 301 252 "-" "Mozilla/5.0 (compatible; DotBot/1.2; +https://opensiteexplorer.org/dotbot; help@moz.com)"
66.249.74.132 - - [01/Nov/2025:21:54:24 +0700] "GET /amp HTTP/1.1" 301 234 "-" "Mozilla/5.0 (Linux; Android 6.0.1; Nexus 5X Build/MMB29P) AppleWebKit/537.36 (KHTML, like Gecko) Chrome/141.0.7390.122 Mobile Safari/537.36 (compatible; Googlebot/2.1; +http://www.google.com/bot.html)"
66.249.74.133 - - [01/Nov/2025:21:54:24 +0700] "GET /amp HTTP/1.1" 301 234 "-" "Mozilla/5.0 (Linux; Android 6.0.1; Nexus 5X Build/MMB29P) AppleWebKit/537.36 (KHTML, like Gecko) Chrome/141.0.7390.122 Mobile Safari/537.36 (compatible; Googlebot/2.1; +http://www.google.com/bot.html)"
43.128.156.124 - - [01/Nov/2025:21:55:26 +0700] "GET / HTTP/1.1" 301 231 "http://pintuladang.it.com" "Mozilla/5.0 (iPhone; CPU iPhone OS 13_2_3 like Mac OS X) AppleWebKit/605.1.15 (KHTML, like Gecko) Version/13.0.3 Mobile/15E148 Safari/604.1"
57.141.6.67 - - [01/Nov/2025:21:56:00 +0700] "GET /wp-content/uploads/2024/10/1000531538-768x276.jpg HTTP/1.1" 301 280 "-" "meta-externalagent/1.1 (+https://developers.facebook.com/docs/sharing/webmasters/crawler)"
66.249.74.133 - - [01/Nov/2025:21:56:33 +0700] "GET /amp HTTP/1.1" 301 234 "-" "Mozilla/5.0 (Linux; Android 6.0.1; Nexus 5X Build/MMB29P) AppleWebKit/537.36 (KHTML, like Gecko) Chrome/141.0.7390.122 Mobile Safari/537.36 (compatible; Googlebot/2.1; +http://www.google.com/bot.html)"
66.249.74.134 - - [01/Nov/2025:21:57:20 +0700] "GET /amp HTTP/1.1" 301 234 "-" "Mozilla/5.0 (Linux; Android 6.0.1; Nexus 5X Build/MMB29P) AppleWebKit/537.36 (KHTML, like Gecko) Chrome/141.0.7390.122 Mobile Safari/537.36 (compatible; Googlebot/2.1; +http://www.google.com/bot.html)"
66.249.74.132 - - [01/Nov/2025:21:58:39 +0700] "GET /amp HTTP/1.1" 301 234 "-" "Mozilla/5.0 (Linux; Android 6.0.1; Nexus 5X Build/MMB29P) AppleWebKit/537.36 (KHTML, like Gecko) Chrome/141.0.7390.122 Mobile Safari/537.36 (compatible; Googlebot/2.1; +http://www.google.com/bot.html)"
66.249.74.132 - - [01/Nov/2025:22:00:30 +0700] "GET /amp HTTP/1.1" 301 234 "-" "Mozilla/5.0 (Linux; Android 6.0.1; Nexus 5X Build/MMB29P) AppleWebKit/537.36 (KHTML, like Gecko) Chrome/141.0.7390.122 Mobile Safari/537.36 (compatible; Googlebot/2.1; +http://www.google.com/bot.html)"
66.249.74.134 - - [01/Nov/2025:22:01:40 +0700] "GET /amp HTTP/1.1" 301 234 "-" "Mozilla/5.0 (Linux; Android 6.0.1; Nexus 5X Build/MMB29P) AppleWebKit/537.36 (KHTML, like Gecko) Chrome/141.0.7390.122 Mobile Safari/537.36 (compatible; Googlebot/2.1; +http://www.google.com/bot.html)"
114.5.223.205 - - [01/Nov/2025:22:03:28 +0700] "GET /amp/ HTTP/1.1" 301 235 "https://www.google.com/" "Mozilla/5.0 (Linux; Android 10; K) AppleWebKit/537.36 (KHTML, like Gecko) Chrome/141.0.0.0 Mobile Safari/537.36"
66.249.74.132 - - [01/Nov/2025:22:05:45 +0700] "GET /amp HTTP/1.1" 301 234 "-" "Mozilla/5.0 (Linux; Android 6.0.1; Nexus 5X Build/MMB29P) AppleWebKit/537.36 (KHTML, like Gecko) Chrome/141.0.7390.122 Mobile Safari/537.36 (compatible; Googlebot/2.1; +http://www.google.com/bot.html)"
66.249.74.132 - - [01/Nov/2025:22:06:19 +0700] "GET /amp HTTP/1.1" 301 234 "-" "Mozilla/5.0 (Linux; Android 6.0.1; Nexus 5X Build/MMB29P) AppleWebKit/537.36 (KHTML, like Gecko) Chrome/141.0.7390.122 Mobile Safari/537.36 (compatible; Googlebot/2.1; +http://www.google.com/bot.html)"
66.249.74.132 - - [01/Nov/2025:22:06:50 +0700] "GET /amp HTTP/1.1" 301 234 "-" "Mozilla/5.0 (Linux; Android 6.0.1; Nexus 5X Build/MMB29P) AppleWebKit/537.36 (KHTML, like Gecko) Chrome/141.0.7390.122 Mobile Safari/537.36 (compatible; Googlebot/2.1; +http://www.google.com/bot.html)"
121.29.12.96 - - [01/Nov/2025:22:08:14 +0700] "GET /satu-paket-kades-gading-rejo-gandeng-mantan-setda-daftar-cabup-cawabup-pati-lewat-pdi-p/ HTTP/1.1" 301 319 "-" "Mozilla/5.0 (Windows NT 10.0; Win64; x64) AppleWebKit/537.36 (KHTML, like Gecko) Chrome/134.0.0.0 Safari/537.36"
140.213.100.172 - - [01/Nov/2025:22:08:39 +0700] "GET /amp HTTP/1.1" 301 234 "https://www.google.com/url?q=https://portaljateng.com/amp&sa=U&sqi=2&ved=2ahUKEwiPi8bZndGQAxXJ1jgGHewXJMkQFnoECAwQAQ&usg=AOvVaw2w_BUSdky_zsipudbu75X5" "Mozilla/5.0 (iPhone; CPU iPhone OS 18_6_2 like Mac OS X) AppleWebKit/605.1.15 (KHTML, like Gecko) GSA/392.0.823086651 Mobile/15E148 Safari/604.1"
66.249.74.134 - - [01/Nov/2025:22:09:35 +0700] "GET /amp HTTP/1.1" 301 234 "-" "Mozilla/5.0 (Linux; Android 6.0.1; Nexus 5X Build/MMB29P) AppleWebKit/537.36 (KHTML, like Gecko) Chrome/141.0.7390.122 Mobile Safari/537.36 (compatible; Googlebot/2.1; +http://www.google.com/bot.html)"
57.141.6.32 - - [01/Nov/2025:22:10:35 +0700] "GET /?p=6 HTTP/1.1" 301 235 "-" "meta-externalagent/1.1 (+https://developers.facebook.com/docs/sharing/webmasters/crawler)"
66.249.74.132 - - [01/Nov/2025:22:13:32 +0700] "GET /amp HTTP/1.1" 301 234 "-" "Mozilla/5.0 (Linux; Android 6.0.1; Nexus 5X Build/MMB29P) AppleWebKit/537.36 (KHTML, like Gecko) Chrome/141.0.7390.122 Mobile Safari/537.36 (compatible; Googlebot/2.1; +http://www.google.com/bot.html)"
66.249.74.132 - - [01/Nov/2025:22:14:22 +0700] "GET /amp HTTP/1.1" 301 234 "-" "Mozilla/5.0 (Linux; Android 6.0.1; Nexus 5X Build/MMB29P) AppleWebKit/537.36 (KHTML, like Gecko) Chrome/141.0.7390.122 Mobile Safari/537.36 (compatible; Googlebot/2.1; +http://www.google.com/bot.html)"
66.249.74.132 - - [01/Nov/2025:22:15:15 +0700] "GET /amp HTTP/1.1" 301 234 "-" "Mozilla/5.0 (Linux; Android 6.0.1; Nexus 5X Build/MMB29P) AppleWebKit/537.36 (KHTML, like Gecko) Chrome/141.0.7390.122 Mobile Safari/537.36 (compatible; Googlebot/2.1; +http://www.google.com/bot.html)"
66.249.74.132 - - [01/Nov/2025:22:15:48 +0700] "GET /amp HTTP/1.1" 301 234 "-" "Mozilla/5.0 (Linux; Android 6.0.1; Nexus 5X Build/MMB29P) AppleWebKit/537.36 (KHTML, like Gecko) Chrome/141.0.7390.122 Mobile Safari/537.36 (compatible; Googlebot/2.1; +http://www.google.com/bot.html)"
66.249.74.134 - - [01/Nov/2025:22:16:54 +0700] "GET /amp HTTP/1.1" 301 234 "-" "Mozilla/5.0 (Linux; Android 6.0.1; Nexus 5X Build/MMB29P) AppleWebKit/537.36 (KHTML, like Gecko) Chrome/141.0.7390.122 Mobile Safari/537.36 (compatible; Googlebot/2.1; +http://www.google.com/bot.html)"
66.249.74.134 - - [01/Nov/2025:22:18:25 +0700] "GET /amp HTTP/1.1" 301 234 "-" "Mozilla/5.0 (Linux; Android 6.0.1; Nexus 5X Build/MMB29P) AppleWebKit/537.36 (KHTML, like Gecko) Chrome/141.0.7390.122 Mobile Safari/537.36 (compatible; Googlebot/2.1; +http://www.google.com/bot.html)"
66.249.74.132 - - [01/Nov/2025:22:19:17 +0700] "GET /amp HTTP/1.1" 301 234 "-" "Mozilla/5.0 (Linux; Android 6.0.1; Nexus 5X Build/MMB29P) AppleWebKit/537.36 (KHTML, like Gecko) Chrome/141.0.7390.122 Mobile Safari/537.36 (compatible; Googlebot/2.1; +http://www.google.com/bot.html)"
182.3.73.172 - - [01/Nov/2025:22:19:52 +0700] "GET / HTTP/1.1" 301 231 "https://www.google.com/" "Mozilla/5.0 (Linux; Android 10; K) AppleWebKit/537.36 (KHTML, like Gecko) Chrome/141.0.0.0 Mobile Safari/537.36"
66.249.74.134 - - [01/Nov/2025:22:20:57 +0700] "GET /amp HTTP/1.1" 301 234 "-" "Mozilla/5.0 (Linux; Android 6.0.1; Nexus 5X Build/MMB29P) AppleWebKit/537.36 (KHTML, like Gecko) Chrome/141.0.7390.122 Mobile Safari/537.36 (compatible; Googlebot/2.1; +http://www.google.com/bot.html)"
66.249.74.133 - - [01/Nov/2025:22:21:36 +0700] "GET /amp HTTP/1.1" 301 234 "-" "Mozilla/5.0 (Linux; Android 6.0.1; Nexus 5X Build/MMB29P) AppleWebKit/537.36 (KHTML, like Gecko) Chrome/141.0.7390.122 Mobile Safari/537.36 (compatible; Googlebot/2.1; +http://www.google.com/bot.html)"
66.249.74.134 - - [01/Nov/2025:22:22:14 +0700] "GET /amp HTTP/1.1" 301 234 "-" "Mozilla/5.0 (Linux; Android 6.0.1; Nexus 5X Build/MMB29P) AppleWebKit/537.36 (KHTML, like Gecko) Chrome/141.0.7390.122 Mobile Safari/537.36 (compatible; Googlebot/2.1; +http://www.google.com/bot.html)"
66.249.74.133 - - [01/Nov/2025:22:23:28 +0700] "GET /amp HTTP/1.1" 301 234 "-" "Mozilla/5.0 (Linux; Android 6.0.1; Nexus 5X Build/MMB29P) AppleWebKit/537.36 (KHTML, like Gecko) Chrome/141.0.7390.122 Mobile Safari/537.36 (compatible; Googlebot/2.1; +http://www.google.com/bot.html)"
57.141.6.17 - - [01/Nov/2025:22:24:36 +0700] "GET /abk-km-sido-dadi-santoso-juwana-mininggal-kecelakaan-kerja-di-selat-makasar/ HTTP/1.1" 301 307 "-" "meta-externalagent/1.1 (+https://developers.facebook.com/docs/sharing/webmasters/crawler)"
66.249.74.134 - - [01/Nov/2025:22:25:39 +0700] "GET /amp HTTP/1.1" 301 234 "-" "Mozilla/5.0 (Linux; Android 6.0.1; Nexus 5X Build/MMB29P) AppleWebKit/537.36 (KHTML, like Gecko) Chrome/141.0.7390.122 Mobile Safari/537.36 (compatible; Googlebot/2.1; +http://www.google.com/bot.html)"
66.249.74.133 - - [01/Nov/2025:22:26:38 +0700] "GET /amp HTTP/1.1" 301 234 "-" "Mozilla/5.0 (Linux; Android 6.0.1; Nexus 5X Build/MMB29P) AppleWebKit/537.36 (KHTML, like Gecko) Chrome/141.0.7390.122 Mobile Safari/537.36 (compatible; Googlebot/2.1; +http://www.google.com/bot.html)"
66.249.74.133 - - [01/Nov/2025:22:29:31 +0700] "GET /amp HTTP/1.1" 301 234 "-" "Mozilla/5.0 (Linux; Android 6.0.1; Nexus 5X Build/MMB29P) AppleWebKit/537.36 (KHTML, like Gecko) Chrome/141.0.7390.122 Mobile Safari/537.36 (compatible; Googlebot/2.1; +http://www.google.com/bot.html)"
157.15.83.56 - - [01/Nov/2025:22:29:56 +0700] "GET / HTTP/1.1" 301 231 "https://www.google.com/" "Mozilla/5.0 (Linux; Android 11; RMX2189) AppleWebKit/537.36 (KHTML, like Gecko) Chrome/94.0.4606.85 Mobile Safari/537.36"
66.249.74.132 - - [01/Nov/2025:22:30:22 +0700] "GET /amp HTTP/1.1" 301 234 "-" "Mozilla/5.0 (Linux; Android 6.0.1; Nexus 5X Build/MMB29P) AppleWebKit/537.36 (KHTML, like Gecko) Chrome/141.0.7390.122 Mobile Safari/537.36 (compatible; Googlebot/2.1; +http://www.google.com/bot.html)"
66.249.74.132 - - [01/Nov/2025:22:30:47 +0700] "GET /amp HTTP/1.1" 301 234 "-" "Mozilla/5.0 (Linux; Android 6.0.1; Nexus 5X Build/MMB29P) AppleWebKit/537.36 (KHTML, like Gecko) Chrome/141.0.7390.122 Mobile Safari/537.36 (compatible; Googlebot/2.1; +http://www.google.com/bot.html)"
66.249.74.132 - - [01/Nov/2025:22:31:17 +0700] "GET /amp HTTP/1.1" 301 234 "-" "Mozilla/5.0 (Linux; Android 6.0.1; Nexus 5X Build/MMB29P) AppleWebKit/537.36 (KHTML, like Gecko) Chrome/141.0.7390.122 Mobile Safari/537.36 (compatible; Googlebot/2.1; +http://www.google.com/bot.html)"
182.2.50.135 - - [01/Nov/2025:22:32:28 +0700] "GET /amp/ HTTP/1.1" 301 235 "https://www.google.com/" "Mozilla/5.0 (Linux; Android 10; K) AppleWebKit/537.36 (KHTML, like Gecko) Chrome/141.0.0.0 Mobile Safari/537.36"
66.249.74.132 - - [01/Nov/2025:22:32:29 +0700] "GET /amp HTTP/1.1" 301 234 "-" "Mozilla/5.0 (Linux; Android 6.0.1; Nexus 5X Build/MMB29P) AppleWebKit/537.36 (KHTML, like Gecko) Chrome/141.0.7390.122 Mobile Safari/537.36 (compatible; Googlebot/2.1; +http://www.google.com/bot.html)"
66.249.74.134 - - [01/Nov/2025:22:34:54 +0700] "GET /amp HTTP/1.1" 301 234 "-" "Mozilla/5.0 (Linux; Android 6.0.1; Nexus 5X Build/MMB29P) AppleWebKit/537.36 (KHTML, like Gecko) Chrome/141.0.7390.122 Mobile Safari/537.36 (compatible; Googlebot/2.1; +http://www.google.com/bot.html)"
66.249.74.132 - - [01/Nov/2025:22:35:13 +0700] "GET /amp HTTP/1.1" 301 234 "-" "Mozilla/5.0 (Linux; Android 6.0.1; Nexus 5X Build/MMB29P) AppleWebKit/537.36 (KHTML, like Gecko) Chrome/141.0.7390.122 Mobile Safari/537.36 (compatible; Googlebot/2.1; +http://www.google.com/bot.html)"
103.106.112.130 - - [01/Nov/2025:22:35:29 +0700] "GET / HTTP/1.1" 301 231 "https://www.google.com/" "Mozilla/5.0 (Linux; Android 10; K) AppleWebKit/537.36 (KHTML, like Gecko) Chrome/141.0.0.0 Mobile Safari/537.36"
104.28.213.127 - - [01/Nov/2025:22:35:50 +0700] "GET / HTTP/1.1" 301 231 "https://www.google.com/" "Mozilla/5.0 (Linux; Android 10; K) AppleWebKit/537.36 (KHTML, like Gecko) Chrome/141.0.0.0 Mobile Safari/537.36"
66.249.74.133 - - [01/Nov/2025:22:36:17 +0700] "GET /amp HTTP/1.1" 301 234 "-" "Mozilla/5.0 (Linux; Android 6.0.1; Nexus 5X Build/MMB29P) AppleWebKit/537.36 (KHTML, like Gecko) Chrome/141.0.7390.122 Mobile Safari/537.36 (compatible; Googlebot/2.1; +http://www.google.com/bot.html)"
104.210.140.128 - - [01/Nov/2025:22:36:59 +0700] "GET /robots.txt HTTP/1.1" 301 241 "-" "Mozilla/5.0 (Macintosh; Intel Mac OS X 10_15_7) AppleWebKit/537.36 (KHTML, like Gecko) Chrome/131.0.0.0 Safari/537.36; compatible; OAI-SearchBot/1.0; +https://openai.com/searchbot"
103.101.218.55 - - [01/Nov/2025:22:38:30 +0700] "GET / HTTP/1.1" 301 231 "https://www.google.com/" "Mozilla/5.0 (Linux; Android 10; K) AppleWebKit/537.36 (KHTML, like Gecko) Chrome/138.0.0.0 Mobile Safari/537.36"
66.249.74.133 - - [01/Nov/2025:22:38:49 +0700] "GET /amp HTTP/1.1" 301 234 "-" "Mozilla/5.0 (Linux; Android 6.0.1; Nexus 5X Build/MMB29P) AppleWebKit/537.36 (KHTML, like Gecko) Chrome/141.0.7390.122 Mobile Safari/537.36 (compatible; Googlebot/2.1; +http://www.google.com/bot.html)"
66.249.74.132 - - [01/Nov/2025:22:41:03 +0700] "GET /amp HTTP/1.1" 301 234 "-" "Mozilla/5.0 (Linux; Android 6.0.1; Nexus 5X Build/MMB29P) AppleWebKit/537.36 (KHTML, like Gecko) Chrome/141.0.7390.122 Mobile Safari/537.36 (compatible; Googlebot/2.1; +http://www.google.com/bot.html)"
66.249.74.132 - - [01/Nov/2025:22:44:08 +0700] "GET /amp HTTP/1.1" 301 234 "-" "Mozilla/5.0 (Linux; Android 6.0.1; Nexus 5X Build/MMB29P) AppleWebKit/537.36 (KHTML, like Gecko) Chrome/141.0.7390.122 Mobile Safari/537.36 (compatible; Googlebot/2.1; +http://www.google.com/bot.html)"
66.249.74.133 - - [01/Nov/2025:22:45:58 +0700] "GET /amp HTTP/1.1" 301 234 "-" "Mozilla/5.0 (Linux; Android 6.0.1; Nexus 5X Build/MMB29P) AppleWebKit/537.36 (KHTML, like Gecko) Chrome/141.0.7390.122 Mobile Safari/537.36 (compatible; Googlebot/2.1; +http://www.google.com/bot.html)"
66.249.74.134 - - [01/Nov/2025:22:48:01 +0700] "GET /amp HTTP/1.1" 301 234 "-" "Mozilla/5.0 (Linux; Android 6.0.1; Nexus 5X Build/MMB29P) AppleWebKit/537.36 (KHTML, like Gecko) Chrome/141.0.7390.122 Mobile Safari/537.36 (compatible; Googlebot/2.1; +http://www.google.com/bot.html)"
202.65.225.79 - - [01/Nov/2025:22:48:48 +0700] "GET / HTTP/1.1" 301 231 "-" "Mozilla/5.0 (Linux; Android 10; K) AppleWebKit/537.36 (KHTML, like Gecko) Chrome/140.0.0.0 Mobile Safari/537.36"
